|FAILURE| pw140512-140514 [PATCH] [3/3] net/mlx5: add external Tx qu
dpdklab at iol.unh.edu
dpdklab at iol.unh.edu
Sat Jun 1 00:25:11 CEST 2024
Test-Label: iol-compile-amd64-testing
Test-Status: FAILURE
http://dpdk.org/patch/140514
_Testing issues_
Submitter: Suanming Mou <suanmingm at nvidia.com>
Date: Friday, May 31 2024 03:50:34
DPDK git baseline: Repo:dpdk
Branch: master
CommitID:5d185b9afaca3c98d8fd779e97d83e571660f4cf
140512-140514 --> testing issues
Test environment and result as below:
+---------------------+--------------------+----------------------+-------------------+------------------+
| Environment | dpdk_meson_compile | dpdk_mingw64_compile | dpdk_msvc_compile | dpdk_compile_ovs |
+=====================+====================+======================+===================+==================+
| FreeBSD 13.3 | PASS | SKIPPED | SKIPPED | SKIPPED |
+---------------------+--------------------+----------------------+-------------------+------------------+
| Windows Server 2019 | PASS | PASS | SKIPPED | SKIPPED |
+---------------------+--------------------+----------------------+-------------------+------------------+
| FreeBSD 14.0 | PASS | SKIPPED | SKIPPED | SKIPPED |
+---------------------+--------------------+----------------------+-------------------+------------------+
| Windows Server 2022 | PASS | PASS | PASS | SKIPPED |
+---------------------+--------------------+----------------------+-------------------+------------------+
| CentOS Stream 8 | PASS | SKIPPED | SKIPPED | PASS |
+---------------------+--------------------+----------------------+-------------------+------------------+
| CentOS Stream 9 | PASS | SKIPPED | SKIPPED | PASS |
+---------------------+--------------------+----------------------+-------------------+------------------+
| Debian 12 | PASS | SKIPPED | SKIPPED | PASS |
+---------------------+--------------------+----------------------+-------------------+------------------+
| Debian Bullseye | PASS | SKIPPED | SKIPPED | PASS |
+---------------------+--------------------+----------------------+-------------------+------------------+
| Ubuntu 24.04 | FAIL | SKIPPED | SKIPPED | SKIPPED |
+---------------------+--------------------+----------------------+-------------------+------------------+
| Fedora 37 | PASS | SKIPPED | SKIPPED | PASS |
+---------------------+--------------------+----------------------+-------------------+------------------+
| openSUSE Leap 15 | PASS | SKIPPED | SKIPPED | PASS |
+---------------------+--------------------+----------------------+-------------------+------------------+
| Fedora 38 | PASS | SKIPPED | SKIPPED | PASS |
+---------------------+--------------------+----------------------+-------------------+------------------+
| Ubuntu 20.04 | PASS | SKIPPED | SKIPPED | PASS |
+---------------------+--------------------+----------------------+-------------------+------------------+
| Fedora 39 | PASS | SKIPPED | SKIPPED | PASS |
+---------------------+--------------------+----------------------+-------------------+------------------+
| Ubuntu 22.04 | PASS | SKIPPED | SKIPPED | PASS |
+---------------------+--------------------+----------------------+-------------------+------------------+
| RHEL8 | PASS | SKIPPED | SKIPPED | PASS |
+---------------------+--------------------+----------------------+-------------------+------------------+
==== 20 line log output for Ubuntu 24.04 (dpdk_meson_compile): ====
--- Failed to get log output ---
==== End log output ====
FreeBSD 13.3
Kernel: 13.3-RELEASE-p1
Compiler: clang 17.0.6
Windows Server 2019
Kernel: 10.0.17763
Compiler: clang 14.0 and gcc 8.1.0 (MinGW)
FreeBSD 14.0
Kernel: 14.0
Compiler: clang 16.0.6
Windows Server 2022
Kernel: 10.0.20348.2031
Compiler: clang 15.0.7, gcc 8.1.0 (MinGW), and MSVC VS 17.9
CentOS Stream 8
Kernel: 5.4.0-167-generic
Compiler: gcc 8.5.0 20210514
CentOS Stream 9
Kernel: 5.4.0-167-generic
Compiler: gcc 11.4.1 20230605
Debian 12
Kernel: Container Host Kernel
Compiler: gcc 10.2.1
Debian Bullseye
Kernel: 5.4.0-167-generic
Compiler: gcc 10.2.1-6
Ubuntu 24.04
Kernel: 5.4.0-167-generic
Compiler: gcc 13.2.0
Fedora 37
Kernel: Depends on container host system
Compiler: gcc 12.3.1
openSUSE Leap 15
Kernel: 5.4.0-167-generic
Compiler: gcc 7.5.0
Fedora 38
Kernel: Depends on container host
Compiler: gcc 13.2.1
Ubuntu 20.04
Kernel: 5.4.0-167-generic
Compiler: gcc 9.4.0-1ubuntu1~20.04.1
Fedora 39
Kernel: Depends on container host
Compiler: clang 17.0.6
Ubuntu 22.04
Kernel: 5.4.0-167-generic
Compiler: gcc 11.4.0
RHEL8
Kernel: 5.4.0-167-generic
Compiler: gcc 8.5.0 20210514 (Red Hat 8.5.0-20)
To view detailed results, visit:
https://lab.dpdk.org/results/dashboard/patchsets/30062/
UNH-IOL DPDK Community Lab
To manage your email subscriptions, visit:
https://lab.dpdk.org/results/dashboard/preferences/subscriptions/
More information about the test-report
mailing list