|FAILURE| pw140480-140483 [PATCH] [v1,17/17] net/ntnic: add NIM modu
dpdklab at iol.unh.edu
dpdklab at iol.unh.edu
Sat Jun 1 08:19:39 CEST 2024
Test-Label: iol-unit-arm64-testing
Test-Status: FAILURE
http://dpdk.org/patch/140483
_Testing issues_
Submitter: Serhii Iliushyk <sil-plv at napatech.com>
Date: Thursday, May 30 2024 14:49:14
DPDK git baseline: Repo:dpdk
Branch: master
CommitID:2dbb63594a9a985e2c8639b57f9fcd1468b9de97
140480-140483 --> testing issues
Test environment and result as below:
+-----------------------------+----------------+------------------------------+---------------------------+
| Environment | dpdk_unit_test | cryptodev_sw_snow3g_autotest | cryptodev_sw_zuc_autotest |
+=============================+================+==============================+===========================+
| Debian 11 (Buster) (ARM) | PASS | SKIPPED | SKIPPED |
+-----------------------------+----------------+------------------------------+---------------------------+
| CentOS Stream 9 (ARM) | PASS | SKIPPED | SKIPPED |
+-----------------------------+----------------+------------------------------+---------------------------+
| Debian 12 (arm) | PASS | PASS | PASS |
+-----------------------------+----------------+------------------------------+---------------------------+
| Fedora 37 (ARM) | PASS | SKIPPED | SKIPPED |
+-----------------------------+----------------+------------------------------+---------------------------+
| Fedora 38 (ARM) | PASS | SKIPPED | SKIPPED |
+-----------------------------+----------------+------------------------------+---------------------------+
| Fedora 39 (ARM) | PASS | SKIPPED | SKIPPED |
+-----------------------------+----------------+------------------------------+---------------------------+
| Fedora 39 (ARM Clang) | FAIL | SKIPPED | SKIPPED |
+-----------------------------+----------------+------------------------------+---------------------------+
| Fedora 38 (ARM Clang) | FAIL | SKIPPED | SKIPPED |
+-----------------------------+----------------+------------------------------+---------------------------+
| Ubuntu 20.04 (ARM) | PASS | SKIPPED | SKIPPED |
+-----------------------------+----------------+------------------------------+---------------------------+
| Ubuntu 24.04 (ARM) | FAIL | SKIPPED | SKIPPED |
+-----------------------------+----------------+------------------------------+---------------------------+
| Ubuntu 22.04 (ARM) | PASS | SKIPPED | SKIPPED |
+-----------------------------+----------------+------------------------------+---------------------------+
| 32-bit Ubuntu 20.04.4 (ARM) | PASS | SKIPPED | SKIPPED |
+-----------------------------+----------------+------------------------------+---------------------------+
==== 20 line log output for Ubuntu 24.04 (ARM) (dpdk_unit_test): ====
--- Failed to get log output ---
==== End log output ====
Debian 11 (Buster) (ARM)
Kernel: Container Host Kernel
Compiler: gcc 10.2.1
CentOS Stream 9 (ARM)
Kernel: Container Host Kernel
Compiler: gcc 11.4.1
Debian 12 (arm)
Kernel: Container Host Kernel
Compiler: gcc 12.2.0
Fedora 37 (ARM)
Kernel: Depends on container host
Compiler: gcc 12.3.1
Fedora 38 (ARM)
Kernel: Depends on container host
Compiler: gcc 13.2.1
Fedora 39 (ARM)
Kernel: Depends on container host
Compiler: gcc 13.2.1
Fedora 39 (ARM Clang)
Kernel: Depends on container host
Compiler: clang 17.0.6
Fedora 38 (ARM Clang)
Kernel: Depends on container host
Compiler: clang 16.0.6
Ubuntu 20.04 (ARM)
Kernel: Container Host Kernel
Compiler: gcc 9.4.0
Ubuntu 24.04 (ARM)
Kernel: 5.4.0-167-generic
Compiler: gcc 13.2.0
Ubuntu 22.04 (ARM)
Kernel: Container Host Kernel
Compiler: gcc 11.4.0
32-bit Ubuntu 20.04.4 (ARM)
Kernel: 5.4.0-155-generic aarch64
Compiler: gcc 9.4
To view detailed results, visit:
https://lab.dpdk.org/results/dashboard/patchsets/30052/
UNH-IOL DPDK Community Lab
To manage your email subscriptions, visit:
https://lab.dpdk.org/results/dashboard/preferences/subscriptions/
More information about the test-report
mailing list