|FAILURE| pw140400 [PATCH] net/mlx5: break resource release forever
dpdklab at iol.unh.edu
dpdklab at iol.unh.edu
Sat Jun 1 18:21:35 CEST 2024
Test-Label: iol-compile-arm64-testing
Test-Status: FAILURE
http://dpdk.org/patch/140400
_Testing issues_
Submitter: Alexander Kozyrev <akozyrev at nvidia.com>
Date: Wednesday, May 29 2024 21:46:32
DPDK git baseline: Repo:dpdk
Branch: master
CommitID:5d185b9afaca3c98d8fd779e97d83e571660f4cf
140400 --> testing issues
Test environment and result as below:
+----------------------------------------+--------------------+
| Environment | dpdk_meson_compile |
+========================================+====================+
| Ubuntu 20.04 ARM SVE | PASS |
+----------------------------------------+--------------------+
| Debian 12 with MUSDK | PASS |
+----------------------------------------+--------------------+
| Fedora 38 (ARM) | PASS |
+----------------------------------------+--------------------+
| Fedora 39 (ARM) | PASS |
+----------------------------------------+--------------------+
| Ubuntu 24.04 (ARM) | FAIL |
+----------------------------------------+--------------------+
| Ubuntu 22.04 (ARM) | PASS |
+----------------------------------------+--------------------+
| Debian 11 (Buster) (ARM) | PASS |
+----------------------------------------+--------------------+
| Ubuntu 20.04 (ARM) | PASS |
+----------------------------------------+--------------------+
| CentOS Stream 9 (ARM) | PASS |
+----------------------------------------+--------------------+
| Debian 12 (arm) | PASS |
+----------------------------------------+--------------------+
| Ubuntu 20.04 aarch32 GCC Cross Compile | PASS |
+----------------------------------------+--------------------+
| Fedora 38 (ARM Clang) | PASS |
+----------------------------------------+--------------------+
| Fedora 37 (ARM) | PASS |
+----------------------------------------+--------------------+
| Ubuntu 20.04 ARM Clang Cross Compile | PASS |
+----------------------------------------+--------------------+
==== 20 line log output for Ubuntu 24.04 (ARM) (dpdk_meson_compile): ====
--- Failed to get log output ---
==== End log output ====
Ubuntu 20.04 ARM SVE
Kernel: 5.4.0-167-generic
Compiler: gcc (Ubuntu 10.5.0-1ubuntu1~20.04) 10.5.0
Debian 12 with MUSDK
Kernel: Container Host Kernel
Compiler: gcc 12.2.0
Fedora 38 (ARM)
Kernel: Depends on container host
Compiler: gcc 13.2.1
Fedora 39 (ARM)
Kernel: Depends on container host
Compiler: gcc 13.2.1
Ubuntu 24.04 (ARM)
Kernel: 5.4.0-167-generic
Compiler: gcc 13.2.0
Ubuntu 22.04 (ARM)
Kernel: Container Host Kernel
Compiler: gcc 11.4.0
Debian 11 (Buster) (ARM)
Kernel: Container Host Kernel
Compiler: gcc 10.2.1
Ubuntu 20.04 (ARM)
Kernel: Container Host Kernel
Compiler: gcc 9.4.0
CentOS Stream 9 (ARM)
Kernel: Container Host Kernel
Compiler: gcc 11.4.1
Debian 12 (arm)
Kernel: Container Host Kernel
Compiler: gcc 12.2.0
Ubuntu 20.04 aarch32 GCC Cross Compile
Kernel: 5.4.0-167-generic
Compiler: gcc 9.4.0
Fedora 38 (ARM Clang)
Kernel: Depends on container host
Compiler: clang 16.0.6
Fedora 37 (ARM)
Kernel: Depends on container host
Compiler: gcc 12.3.1
Ubuntu 20.04 ARM Clang Cross Compile
Kernel: 5.4.0-72-generic
Compiler: clang 10.0.0-4ubuntu1
To view detailed results, visit:
https://lab.dpdk.org/results/dashboard/patchsets/30042/
UNH-IOL DPDK Community Lab
To manage your email subscriptions, visit:
https://lab.dpdk.org/results/dashboard/preferences/subscriptions/
More information about the test-report
mailing list