|FAILURE| [GIT MASTER] a409653a123bf105970a25c594711a3cdc44d139
    dpdklab at iol.unh.edu 
    dpdklab at iol.unh.edu
       
    Sun Jun  2 08:16:32 CEST 2024
    
    
  
_Testing issues_
Branch: tags/v22.11
a409653a123bf105970a25c594711a3cdc44d139 --> testing issues
Test environment and result as below:
+---------------------+----------------+
|     Environment     | dpdk_unit_test |
+=====================+================+
| Debian Bullseye     | PASS           |
+---------------------+----------------+
| Debian 12           | PASS           |
+---------------------+----------------+
| CentOS Stream 8     | PASS           |
+---------------------+----------------+
| CentOS Stream 9     | PASS           |
+---------------------+----------------+
| Fedora 38           | PASS           |
+---------------------+----------------+
| Windows Server 2019 | PASS           |
+---------------------+----------------+
| Windows Server 2022 | PASS           |
+---------------------+----------------+
| RHEL 7              | PASS           |
+---------------------+----------------+
| Fedora 37           | PASS           |
+---------------------+----------------+
| Fedora 39           | PASS           |
+---------------------+----------------+
| Ubuntu 24.04        | FAIL           |
+---------------------+----------------+
==== 20 line log output for Ubuntu 24.04 (dpdk_unit_test): ====
 --- Failed to get log output --- 
==== End log output ====
Debian Bullseye
	Kernel: 5.4.0-167-generic
	Compiler: gcc 10.2.1-6
Debian 12
	Kernel: Container Host Kernel
	Compiler: gcc 10.2.1
CentOS Stream 8
	Kernel: 5.4.0-167-generic
	Compiler: gcc 8.5.0 20210514
CentOS Stream 9
	Kernel: 5.4.0-167-generic
	Compiler: gcc 11.4.1 20230605
Fedora 38
	Kernel: Depends on container host
	Compiler: gcc 13.2.1
Windows Server 2019
	Kernel: 10.0.17763
	Compiler: clang 14.0 and gcc 8.1.0 (MinGW)
Windows Server 2022
	Kernel: 10.0.20348.2031
	Compiler: clang 15.0.7, gcc 8.1.0 (MinGW), and MSVC VS 17.9
RHEL 7
	Kernel: 5.4.0-167-generic
	Compiler: gcc 4.8.5 20150623 (Red Hat 4.8.5-44)
Fedora 37
	Kernel: Depends on container host system
	Compiler: gcc 12.3.1
Fedora 39
	Kernel: Depends on container host
	Compiler: clang 17.0.6
Ubuntu 24.04
	Kernel: 5.4.0-167-generic
	Compiler: gcc 13.2.0
To view detailed results, visit:
https://lab.dpdk.org/results/dashboard/tarballs/29303/
UNH-IOL DPDK Community Lab
To manage your email subscriptions, visit: 
https://lab.dpdk.org/results/dashboard/preferences/subscriptions/
    
    
More information about the test-report
mailing list