|FAILURE| pw140545-140546 [PATCH] [2/2] net/mlx5: validate flow acti
dpdklab at iol.unh.edu
dpdklab at iol.unh.edu
Sun Jun 2 09:04:28 CEST 2024
Test-Label: iol-compile-arm64-testing
Test-Status: FAILURE
http://dpdk.org/patch/140546
_Testing issues_
Submitter: Gregory Etelson <getelson at nvidia.com>
Date: Sunday, June 02 2024 06:00:50
DPDK git baseline: Repo:dpdk
Branch: master
CommitID:5d185b9afaca3c98d8fd779e97d83e571660f4cf
140545-140546 --> testing issues
Test environment and result as below:
+----------------------+--------------------+
| Environment | dpdk_meson_compile |
+======================+====================+
| Ubuntu 20.04 ARM SVE | PASS |
+----------------------+--------------------+
| Debian 12 with MUSDK | PASS |
+----------------------+--------------------+
| Ubuntu 24.04 (ARM) | FAIL |
+----------------------+--------------------+
==== 20 line log output for Ubuntu 24.04 (ARM) (dpdk_meson_compile): ====
--- Failed to get log output ---
==== End log output ====
Ubuntu 20.04 ARM SVE
Kernel: 5.4.0-167-generic
Compiler: gcc (Ubuntu 10.5.0-1ubuntu1~20.04) 10.5.0
Debian 12 with MUSDK
Kernel: Container Host Kernel
Compiler: gcc 12.2.0
Ubuntu 24.04 (ARM)
Kernel: 5.4.0-167-generic
Compiler: gcc 13.2.0
To view detailed results, visit:
https://lab.dpdk.org/results/dashboard/patchsets/30070/
UNH-IOL DPDK Community Lab
To manage your email subscriptions, visit:
https://lab.dpdk.org/results/dashboard/preferences/subscriptions/
More information about the test-report
mailing list