|FAILURE| pw140545-140546 [PATCH] [2/2] net/mlx5: validate flow acti

dpdklab at iol.unh.edu dpdklab at iol.unh.edu
Sun Jun 2 09:21:03 CEST 2024


Test-Label: iol-unit-arm64-testing
Test-Status: FAILURE
http://dpdk.org/patch/140546

_Testing issues_

Submitter: Gregory Etelson <getelson at nvidia.com>
Date: Sunday, June 02 2024 06:00:50 
DPDK git baseline: Repo:dpdk
  Branch: master
  CommitID:5d185b9afaca3c98d8fd779e97d83e571660f4cf

140545-140546 --> testing issues

Test environment and result as below:

+-----------------------------+---------------------------+------------------------------+----------------+
|         Environment         | cryptodev_sw_zuc_autotest | cryptodev_sw_snow3g_autotest | dpdk_unit_test |
+=============================+===========================+==============================+================+
| Debian 12 (arm)             | PASS                      | PASS                         | PASS           |
+-----------------------------+---------------------------+------------------------------+----------------+
| Debian 11 (Buster) (ARM)    | SKIPPED                   | SKIPPED                      | PASS           |
+-----------------------------+---------------------------+------------------------------+----------------+
| CentOS Stream 9 (ARM)       | SKIPPED                   | SKIPPED                      | PASS           |
+-----------------------------+---------------------------+------------------------------+----------------+
| Fedora 38 (ARM)             | SKIPPED                   | SKIPPED                      | PASS           |
+-----------------------------+---------------------------+------------------------------+----------------+
| Fedora 37 (ARM)             | SKIPPED                   | SKIPPED                      | PASS           |
+-----------------------------+---------------------------+------------------------------+----------------+
| 32-bit Ubuntu 20.04.4 (ARM) | SKIPPED                   | SKIPPED                      | PASS           |
+-----------------------------+---------------------------+------------------------------+----------------+
| Fedora 39 (ARM)             | SKIPPED                   | SKIPPED                      | PASS           |
+-----------------------------+---------------------------+------------------------------+----------------+
| Ubuntu 20.04 (ARM)          | SKIPPED                   | SKIPPED                      | PASS           |
+-----------------------------+---------------------------+------------------------------+----------------+
| Ubuntu 24.04 (ARM)          | SKIPPED                   | SKIPPED                      | FAIL           |
+-----------------------------+---------------------------+------------------------------+----------------+

==== 20 line log output for Ubuntu 24.04 (ARM) (dpdk_unit_test): ====
 --- Failed to get log output --- 
==== End log output ====

Debian 12 (arm)
	Kernel: Container Host Kernel
	Compiler: gcc 12.2.0

Debian 11 (Buster) (ARM)
	Kernel: Container Host Kernel
	Compiler: gcc 10.2.1

CentOS Stream 9 (ARM)
	Kernel: Container Host Kernel
	Compiler: gcc 11.4.1

Fedora 38 (ARM)
	Kernel: Depends on container host
	Compiler: gcc 13.2.1

Fedora 37 (ARM)
	Kernel: Depends on container host
	Compiler: gcc 12.3.1

32-bit Ubuntu 20.04.4 (ARM)
	Kernel: 5.4.0-155-generic aarch64
	Compiler: gcc 9.4

Fedora 39 (ARM)
	Kernel: Depends on container host
	Compiler: gcc 13.2.1

Ubuntu 20.04 (ARM)
	Kernel: Container Host Kernel
	Compiler: gcc 9.4.0

Ubuntu 24.04 (ARM)
	Kernel: 5.4.0-167-generic
	Compiler: gcc 13.2.0

To view detailed results, visit:
https://lab.dpdk.org/results/dashboard/patchsets/30070/

UNH-IOL DPDK Community Lab

To manage your email subscriptions, visit: 
https://lab.dpdk.org/results/dashboard/preferences/subscriptions/


More information about the test-report mailing list