|FAILURE| pw140547 [PATCH] app/testpmd: fix parsing for connection t
dpdklab at iol.unh.edu
dpdklab at iol.unh.edu
Sun Jun 2 13:42:02 CEST 2024
Test-Label: iol-compile-amd64-testing
Test-Status: FAILURE
http://dpdk.org/patch/140547
_Testing issues_
Submitter: Maayan Kashani <mkashani at nvidia.com>
Date: Sunday, June 02 2024 10:23:26
DPDK git baseline: Repo:dpdk
Branch: master
CommitID:2dbb63594a9a985e2c8639b57f9fcd1468b9de97
140547 --> testing issues
Test environment and result as below:
+---------------------+--------------------+------------------+-------------------+----------------------+
| Environment | dpdk_meson_compile | dpdk_compile_ovs | dpdk_msvc_compile | dpdk_mingw64_compile |
+=====================+====================+==================+===================+======================+
| CentOS Stream 8 | PASS | PASS | SKIPPED | SKIPPED |
+---------------------+--------------------+------------------+-------------------+----------------------+
| FreeBSD 13.3 | PASS | SKIPPED | SKIPPED | SKIPPED |
+---------------------+--------------------+------------------+-------------------+----------------------+
| Windows Server 2022 | PASS | SKIPPED | PASS | PASS |
+---------------------+--------------------+------------------+-------------------+----------------------+
| CentOS Stream 9 | PASS | PASS | SKIPPED | SKIPPED |
+---------------------+--------------------+------------------+-------------------+----------------------+
| Debian Bullseye | PASS | PASS | SKIPPED | SKIPPED |
+---------------------+--------------------+------------------+-------------------+----------------------+
| FreeBSD 14.0 | PASS | SKIPPED | SKIPPED | SKIPPED |
+---------------------+--------------------+------------------+-------------------+----------------------+
| Windows Server 2019 | PASS | SKIPPED | SKIPPED | PASS |
+---------------------+--------------------+------------------+-------------------+----------------------+
| Fedora 38 | PASS | PASS | SKIPPED | SKIPPED |
+---------------------+--------------------+------------------+-------------------+----------------------+
| Ubuntu 24.04 | FAIL | SKIPPED | SKIPPED | SKIPPED |
+---------------------+--------------------+------------------+-------------------+----------------------+
| Ubuntu 20.04 | PASS | PASS | SKIPPED | SKIPPED |
+---------------------+--------------------+------------------+-------------------+----------------------+
| Fedora 39 | PASS | PASS | SKIPPED | SKIPPED |
+---------------------+--------------------+------------------+-------------------+----------------------+
| Ubuntu 22.04 | PASS | PASS | SKIPPED | SKIPPED |
+---------------------+--------------------+------------------+-------------------+----------------------+
| Debian 12 | PASS | PASS | SKIPPED | SKIPPED |
+---------------------+--------------------+------------------+-------------------+----------------------+
| RHEL8 | PASS | PASS | SKIPPED | SKIPPED |
+---------------------+--------------------+------------------+-------------------+----------------------+
| Fedora 37 | PASS | PASS | SKIPPED | SKIPPED |
+---------------------+--------------------+------------------+-------------------+----------------------+
==== 20 line log output for Ubuntu 24.04 (dpdk_meson_compile): ====
--- Failed to get log output ---
==== End log output ====
CentOS Stream 8
Kernel: 5.4.0-167-generic
Compiler: gcc 8.5.0 20210514
FreeBSD 13.3
Kernel: 13.3-RELEASE-p1
Compiler: clang 17.0.6
Windows Server 2022
Kernel: 10.0.20348.2031
Compiler: clang 15.0.7, gcc 8.1.0 (MinGW), and MSVC VS 17.9
CentOS Stream 9
Kernel: 5.4.0-167-generic
Compiler: gcc 11.4.1 20230605
Debian Bullseye
Kernel: 5.4.0-167-generic
Compiler: gcc 10.2.1-6
FreeBSD 14.0
Kernel: 14.0
Compiler: clang 16.0.6
Windows Server 2019
Kernel: 10.0.17763
Compiler: clang 14.0 and gcc 8.1.0 (MinGW)
Fedora 38
Kernel: Depends on container host
Compiler: gcc 13.2.1
Ubuntu 24.04
Kernel: 5.4.0-167-generic
Compiler: gcc 13.2.0
Ubuntu 20.04
Kernel: 5.4.0-167-generic
Compiler: gcc 9.4.0-1ubuntu1~20.04.1
Fedora 39
Kernel: Depends on container host
Compiler: gcc 13.2.1
Ubuntu 22.04
Kernel: 5.4.0-167-generic
Compiler: gcc 11.4.0
Debian 12
Kernel: Container Host Kernel
Compiler: gcc 10.2.1
RHEL8
Kernel: 5.4.0-167-generic
Compiler: gcc 8.5.0 20210514 (Red Hat 8.5.0-20)
Fedora 37
Kernel: Depends on container host system
Compiler: gcc 12.3.1
To view detailed results, visit:
https://lab.dpdk.org/results/dashboard/patchsets/30071/
UNH-IOL DPDK Community Lab
To manage your email subscriptions, visit:
https://lab.dpdk.org/results/dashboard/preferences/subscriptions/
More information about the test-report
mailing list