|FAILURE| pw140553 [PATCH] app/testpmd: support retrying device stop

dpdklab at iol.unh.edu dpdklab at iol.unh.edu
Sun Jun 2 17:01:40 CEST 2024


Test-Label: iol-compile-amd64-testing
Test-Status: FAILURE
http://dpdk.org/patch/140553

_Testing issues_

Submitter: Maayan Kashani <mkashani at nvidia.com>
Date: Sunday, June 02 2024 10:30:35 
DPDK git baseline: Repo:dpdk
  Branch: master
  CommitID:2dbb63594a9a985e2c8639b57f9fcd1468b9de97

140553 --> testing issues

Test environment and result as below:

+---------------------+--------------------+-------------------+----------------------+------------------+
|     Environment     | dpdk_meson_compile | dpdk_msvc_compile | dpdk_mingw64_compile | dpdk_compile_ovs |
+=====================+====================+===================+======================+==================+
| FreeBSD 13.3        | PASS               | SKIPPED           | SKIPPED              | SKIPPED          |
+---------------------+--------------------+-------------------+----------------------+------------------+
| Windows Server 2019 | PASS               | SKIPPED           | PASS                 | SKIPPED          |
+---------------------+--------------------+-------------------+----------------------+------------------+
| Windows Server 2022 | PASS               | PASS              | PASS                 | SKIPPED          |
+---------------------+--------------------+-------------------+----------------------+------------------+
| FreeBSD 14.0        | PASS               | SKIPPED           | SKIPPED              | SKIPPED          |
+---------------------+--------------------+-------------------+----------------------+------------------+
| CentOS Stream 8     | PASS               | SKIPPED           | SKIPPED              | PASS             |
+---------------------+--------------------+-------------------+----------------------+------------------+
| CentOS Stream 9     | PASS               | SKIPPED           | SKIPPED              | PASS             |
+---------------------+--------------------+-------------------+----------------------+------------------+
| Debian 12           | PASS               | SKIPPED           | SKIPPED              | PASS             |
+---------------------+--------------------+-------------------+----------------------+------------------+
| Fedora 38           | PASS               | SKIPPED           | SKIPPED              | PASS             |
+---------------------+--------------------+-------------------+----------------------+------------------+
| Fedora 37           | PASS               | SKIPPED           | SKIPPED              | PASS             |
+---------------------+--------------------+-------------------+----------------------+------------------+
| Ubuntu 24.04        | FAIL               | SKIPPED           | SKIPPED              | SKIPPED          |
+---------------------+--------------------+-------------------+----------------------+------------------+
| openSUSE Leap 15    | PASS               | SKIPPED           | SKIPPED              | PASS             |
+---------------------+--------------------+-------------------+----------------------+------------------+
| Ubuntu 20.04        | PASS               | SKIPPED           | SKIPPED              | PASS             |
+---------------------+--------------------+-------------------+----------------------+------------------+
| Alpine              | PASS               | SKIPPED           | SKIPPED              | PASS             |
+---------------------+--------------------+-------------------+----------------------+------------------+

==== 20 line log output for Ubuntu 24.04 (dpdk_meson_compile): ====
 --- Failed to get log output --- 
==== End log output ====

FreeBSD 13.3
	Kernel: 13.3-RELEASE-p1
	Compiler: clang 17.0.6

Windows Server 2019
	Kernel: 10.0.17763
	Compiler: clang 14.0 and gcc 8.1.0 (MinGW)

Windows Server 2022
	Kernel: 10.0.20348.2031
	Compiler: clang 15.0.7, gcc 8.1.0 (MinGW), and MSVC VS 17.9

FreeBSD 14.0
	Kernel: 14.0
	Compiler: clang 16.0.6

CentOS Stream 8
	Kernel: 5.4.0-167-generic
	Compiler: gcc 8.5.0 20210514

CentOS Stream 9
	Kernel: 5.4.0-167-generic
	Compiler: gcc 11.4.1 20230605

Debian 12
	Kernel: Container Host Kernel
	Compiler: gcc 10.2.1

Fedora 38
	Kernel: Depends on container host
	Compiler: gcc 13.2.1

Fedora 37
	Kernel: Depends on container host system
	Compiler: gcc 12.3.1

Ubuntu 24.04
	Kernel: 5.4.0-167-generic
	Compiler: gcc 13.2.0

openSUSE Leap 15
	Kernel: 5.4.0-167-generic
	Compiler: gcc 7.5.0

Ubuntu 20.04
	Kernel: 5.4.0-167-generic
	Compiler: gcc 9.4.0-1ubuntu1~20.04.1

Alpine
	Kernel: 5.4.0-167-generic
	Compiler: gcc (Alpine 13.2.1_git20231014) 13.2.1 20231014

To view detailed results, visit:
https://lab.dpdk.org/results/dashboard/patchsets/30077/

UNH-IOL DPDK Community Lab

To manage your email subscriptions, visit: 
https://lab.dpdk.org/results/dashboard/preferences/subscriptions/


More information about the test-report mailing list