|WARNING| pw140623-140627 [PATCH] [5/5] crypto/openssl: only set cip

dpdklab at iol.unh.edu dpdklab at iol.unh.edu
Mon Jun 3 19:10:31 CEST 2024


Test-Label: iol-abi-testing
Test-Status: WARNING
http://dpdk.org/patch/140627

_Testing issues_

Submitter: Jack Bond-Preston <jack.bond-preston at foss.arm.com>
Date: Monday, June 03 2024 16:01:19 
DPDK git baseline: Repo:dpdk
  Branch: master
  CommitID:367b8db312517edb9f5340d280e77b1437d84dd3

140623-140627 --> testing issues

Test environment and result as below:

+------------------+----------+
|   Environment    | abi_test |
+==================+==========+
| Debian Bullseye  | FAIL     |
+------------------+----------+
| openSUSE Leap 15 | FAIL     |
+------------------+----------+
| CentOS Stream 8  | FAIL     |
+------------------+----------+
| Debian 12        | PASS     |
+------------------+----------+
| Ubuntu 22.04     | PASS     |
+------------------+----------+
| Fedora 39        | PASS     |
+------------------+----------+
| RHEL8            | FAIL     |
+------------------+----------+
| CentOS Stream 9  | PASS     |
+------------------+----------+
| Fedora 38        | PASS     |
+------------------+----------+
| Ubuntu 24.04     | PASS     |
+------------------+----------+

==== 20 line log output for RHEL8 (abi_test): ====
 --- Failed to get log output --- 
==== End log output ====

Debian Bullseye
	Kernel: 5.4.0-167-generic
	Compiler: gcc 10.2.1-6

openSUSE Leap 15
	Kernel: 5.4.0-167-generic
	Compiler: gcc 7.5.0

CentOS Stream 8
	Kernel: 5.4.0-167-generic
	Compiler: gcc 8.5.0 20210514

Debian 12
	Kernel: Container Host Kernel
	Compiler: gcc 10.2.1

Ubuntu 22.04
	Kernel: 5.4.0-167-generic
	Compiler: gcc 11.4.0

Fedora 39
	Kernel: Depends on container host
	Compiler: clang 17.0.6

RHEL8
	Kernel: 5.4.0-167-generic
	Compiler: gcc 8.5.0 20210514 (Red Hat 8.5.0-20)

CentOS Stream 9
	Kernel: 5.4.0-167-generic
	Compiler: gcc 11.4.1 20230605

Fedora 38
	Kernel: Depends on container host
	Compiler: clang 16.0.6

Ubuntu 24.04
	Kernel: 5.4.0-167-generic
	Compiler: gcc 13.2.0

To view detailed results, visit:
https://lab.dpdk.org/results/dashboard/patchsets/30087/

UNH-IOL DPDK Community Lab

To manage your email subscriptions, visit: 
https://lab.dpdk.org/results/dashboard/preferences/subscriptions/


More information about the test-report mailing list