|FAILURE| pw140623-140627 [PATCH] [5/5] crypto/openssl: only set cip
    dpdklab at iol.unh.edu 
    dpdklab at iol.unh.edu
       
    Mon Jun  3 19:10:55 CEST 2024
    
    
  
Test-Label: iol-unit-arm64-testing
Test-Status: FAILURE
http://dpdk.org/patch/140627
_Testing issues_
Submitter: Jack Bond-Preston <jack.bond-preston at foss.arm.com>
Date: Monday, June 03 2024 16:01:19 
DPDK git baseline: Repo:dpdk
  Branch: master
  CommitID:367b8db312517edb9f5340d280e77b1437d84dd3
140623-140627 --> testing issues
Test environment and result as below:
+-----------------------------+----------------+
|         Environment         | dpdk_unit_test |
+=============================+================+
| Debian 11 (Buster) (ARM)    | FAIL           |
+-----------------------------+----------------+
| Debian 12 (arm)             | FAIL           |
+-----------------------------+----------------+
| Fedora 39 (ARM)             | FAIL           |
+-----------------------------+----------------+
| CentOS Stream 9 (ARM)       | FAIL           |
+-----------------------------+----------------+
| Fedora 38 (ARM)             | FAIL           |
+-----------------------------+----------------+
| Ubuntu 20.04 (ARM)          | FAIL           |
+-----------------------------+----------------+
| Fedora 37 (ARM)             | FAIL           |
+-----------------------------+----------------+
| Fedora 38 (ARM Clang)       | FAIL           |
+-----------------------------+----------------+
| 32-bit Ubuntu 20.04.4 (ARM) | PASS           |
+-----------------------------+----------------+
==== 20 line log output for Fedora 38 (ARM Clang) (dpdk_unit_test): ====
 --- Failed to get log output --- 
==== End log output ====
Debian 11 (Buster) (ARM)
	Kernel: Container Host Kernel
	Compiler: gcc 10.2.1
Debian 12 (arm)
	Kernel: Container Host Kernel
	Compiler: gcc 12.2.0
Fedora 39 (ARM)
	Kernel: Depends on container host
	Compiler: gcc 13.2.1
CentOS Stream 9 (ARM)
	Kernel: Container Host Kernel
	Compiler: gcc 11.4.1
Fedora 38 (ARM)
	Kernel: Depends on container host
	Compiler: gcc 13.2.1
Ubuntu 20.04 (ARM)
	Kernel: Container Host Kernel
	Compiler: gcc 9.4.0
Fedora 37 (ARM)
	Kernel: Depends on container host
	Compiler: gcc 12.3.1
Fedora 38 (ARM Clang)
	Kernel: Depends on container host
	Compiler: clang 16.0.6
32-bit Ubuntu 20.04.4 (ARM)
	Kernel: 5.4.0-155-generic aarch64
	Compiler: gcc 9.4
To view detailed results, visit:
https://lab.dpdk.org/results/dashboard/patchsets/30087/
UNH-IOL DPDK Community Lab
To manage your email subscriptions, visit: 
https://lab.dpdk.org/results/dashboard/preferences/subscriptions/
    
    
More information about the test-report
mailing list