|FAILURE| pw140648-140646 [PATCH] [v2,5/5] crypto/openssl: only set
dpdklab at iol.unh.edu
dpdklab at iol.unh.edu
Mon Jun 3 22:07:45 CEST 2024
Test-Label: iol-unit-arm64-testing
Test-Status: FAILURE
http://dpdk.org/patch/140646
_Testing issues_
Submitter: Jack Bond-Preston <jack.bond-preston at foss.arm.com>
Date: Monday, June 03 2024 18:59:39
DPDK git baseline: Repo:dpdk
Branch: master
CommitID:367b8db312517edb9f5340d280e77b1437d84dd3
140648-140646 --> testing issues
Test environment and result as below:
+-----------------------+------------------------------+---------------------------+----------------+
| Environment | cryptodev_sw_snow3g_autotest | cryptodev_sw_zuc_autotest | dpdk_unit_test |
+=======================+==============================+===========================+================+
| Debian 12 (arm) | PASS | PASS | SKIPPED |
+-----------------------+------------------------------+---------------------------+----------------+
| CentOS Stream 9 (ARM) | SKIPPED | SKIPPED | FAIL |
+-----------------------+------------------------------+---------------------------+----------------+
==== 20 line log output for CentOS Stream 9 (ARM) (dpdk_unit_test): ====
--- Failed to get log output ---
==== End log output ====
Debian 12 (arm)
Kernel: Container Host Kernel
Compiler: gcc 12.2.0
CentOS Stream 9 (ARM)
Kernel: Container Host Kernel
Compiler: gcc 11.4.1
To view detailed results, visit:
https://lab.dpdk.org/results/dashboard/patchsets/30089/
UNH-IOL DPDK Community Lab
To manage your email subscriptions, visit:
https://lab.dpdk.org/results/dashboard/preferences/subscriptions/
More information about the test-report
mailing list