|FAILURE| pw140648-140646 [PATCH] [v2,5/5] crypto/openssl: only set
dpdklab at iol.unh.edu
dpdklab at iol.unh.edu
Mon Jun 3 22:42:28 CEST 2024
Test-Label: iol-unit-amd64-testing
Test-Status: FAILURE
http://dpdk.org/patch/140646
_Testing issues_
Submitter: Jack Bond-Preston <jack.bond-preston at foss.arm.com>
Date: Monday, June 03 2024 18:59:39
DPDK git baseline: Repo:dpdk
Branch: master
CommitID:367b8db312517edb9f5340d280e77b1437d84dd3
140648-140646 --> testing issues
Test environment and result as below:
+---------------------+----------------+
| Environment | dpdk_unit_test |
+=====================+================+
| Windows Server 2019 | PASS |
+---------------------+----------------+
| Debian Bullseye | PASS |
+---------------------+----------------+
| Windows Server 2022 | PASS |
+---------------------+----------------+
| CentOS Stream 9 | FAIL |
+---------------------+----------------+
| CentOS Stream 8 | PASS |
+---------------------+----------------+
| Debian 12 | FAIL |
+---------------------+----------------+
| Fedora 37 | FAIL |
+---------------------+----------------+
| Ubuntu 20.04 | PASS |
+---------------------+----------------+
==== 20 line log output for Fedora 37 (dpdk_unit_test): ====
--- Failed to get log output ---
==== End log output ====
Windows Server 2019
Kernel: 10.0.17763
Compiler: clang 14.0 and gcc 8.1.0 (MinGW)
Debian Bullseye
Kernel: 5.4.0-167-generic
Compiler: gcc 10.2.1-6
Windows Server 2022
Kernel: 10.0.20348.2031
Compiler: clang 15.0.7, gcc 8.1.0 (MinGW), and MSVC VS 17.9
CentOS Stream 9
Kernel: 5.4.0-167-generic
Compiler: gcc 11.4.1 20230605
CentOS Stream 8
Kernel: 5.4.0-167-generic
Compiler: gcc 8.5.0 20210514
Debian 12
Kernel: Container Host Kernel
Compiler: gcc 10.2.1
Fedora 37
Kernel: Depends on container host system
Compiler: gcc 12.3.1
Ubuntu 20.04
Kernel: 5.4.0-167-generic
Compiler: gcc 9.4.0-1ubuntu1~20.04.1
To view detailed results, visit:
https://lab.dpdk.org/results/dashboard/patchsets/30089/
UNH-IOL DPDK Community Lab
To manage your email subscriptions, visit:
https://lab.dpdk.org/results/dashboard/preferences/subscriptions/
More information about the test-report
mailing list