|FAILURE| [GIT MASTER] 49b2102bf9fea000d36860353016a5c6ddf993a9
    dpdklab at iol.unh.edu 
    dpdklab at iol.unh.edu
       
    Tue Jun  4 09:05:31 CEST 2024
    
    
  
_Testing issues_
Branch: tags/v21.11
49b2102bf9fea000d36860353016a5c6ddf993a9 --> testing issues
Test environment and result as below:
+---------------------+--------------------+----------------------+
|     Environment     | dpdk_meson_compile | dpdk_mingw64_compile |
+=====================+====================+======================+
| FreeBSD 13.3        | PASS               | SKIPPED              |
+---------------------+--------------------+----------------------+
| Windows Server 2022 | PASS               | PASS                 |
+---------------------+--------------------+----------------------+
| FreeBSD 14.0        | PASS               | SKIPPED              |
+---------------------+--------------------+----------------------+
| Windows Server 2019 | PASS               | PASS                 |
+---------------------+--------------------+----------------------+
| CentOS Stream 8     | PASS               | SKIPPED              |
+---------------------+--------------------+----------------------+
| Debian Bullseye     | PASS               | SKIPPED              |
+---------------------+--------------------+----------------------+
| Fedora 38           | PASS               | SKIPPED              |
+---------------------+--------------------+----------------------+
| Fedora 37           | PASS               | SKIPPED              |
+---------------------+--------------------+----------------------+
| CentOS Stream 9     | PASS               | SKIPPED              |
+---------------------+--------------------+----------------------+
| Debian 12           | PASS               | SKIPPED              |
+---------------------+--------------------+----------------------+
| Fedora 39           | PASS               | SKIPPED              |
+---------------------+--------------------+----------------------+
| RHEL8               | PASS               | SKIPPED              |
+---------------------+--------------------+----------------------+
| openSUSE Leap 15    | PASS               | SKIPPED              |
+---------------------+--------------------+----------------------+
| Ubuntu 24.04        | FAIL               | SKIPPED              |
+---------------------+--------------------+----------------------+
| Ubuntu 22.04        | PASS               | SKIPPED              |
+---------------------+--------------------+----------------------+
==== 20 line log output for Ubuntu 24.04 (dpdk_meson_compile): ====
 --- Failed to get log output --- 
==== End log output ====
FreeBSD 13.3
	Kernel: 13.3-RELEASE-p1
	Compiler: clang 17.0.6
Windows Server 2022
	Kernel: 10.0.20348.2031
	Compiler: clang 15.0.7, gcc 8.1.0 (MinGW), and MSVC VS 17.9
FreeBSD 14.0
	Kernel: 14.0
	Compiler: clang 16.0.6
Windows Server 2019
	Kernel: 10.0.17763
	Compiler: clang 14.0 and gcc 8.1.0 (MinGW)
CentOS Stream 8
	Kernel: 5.4.0-167-generic
	Compiler: gcc 8.5.0 20210514
Debian Bullseye
	Kernel: 5.4.0-167-generic
	Compiler: gcc 10.2.1-6
Fedora 38
	Kernel: Depends on container host
	Compiler: gcc 13.2.1
Fedora 37
	Kernel: Depends on container host system
	Compiler: gcc 12.3.1
CentOS Stream 9
	Kernel: 5.4.0-167-generic
	Compiler: gcc 11.4.1 20230605
Debian 12
	Kernel: Container Host Kernel
	Compiler: gcc 10.2.1
Fedora 39
	Kernel: Depends on container host
	Compiler: clang 17.0.6
RHEL8
	Kernel: 5.4.0-167-generic
	Compiler: gcc 8.5.0 20210514 (Red Hat 8.5.0-20)
openSUSE Leap 15
	Kernel: 5.4.0-167-generic
	Compiler: gcc 7.5.0
Ubuntu 24.04
	Kernel: 5.4.0-167-generic
	Compiler: gcc 13.2.0
Ubuntu 22.04
	Kernel: 5.4.0-167-generic
	Compiler: gcc 11.4.0
To view detailed results, visit:
https://lab.dpdk.org/results/dashboard/tarballs/29319/
UNH-IOL DPDK Community Lab
To manage your email subscriptions, visit: 
https://lab.dpdk.org/results/dashboard/preferences/subscriptions/
    
    
More information about the test-report
mailing list