|FAILURE| pw140673-140674 [PATCH] [V2,2/2] app/testpmd: introduce VX
dpdklab at iol.unh.edu
dpdklab at iol.unh.edu
Tue Jun 4 12:28:41 CEST 2024
Test-Label: iol-compile-amd64-testing
Test-Status: FAILURE
http://dpdk.org/patch/140674
_Testing issues_
Submitter: Gavin Li <gavinl at nvidia.com>
Date: Tuesday, June 04 2024 06:27:45
DPDK git baseline: Repo:dpdk
Branch: master
CommitID:2dbb63594a9a985e2c8639b57f9fcd1468b9de97
140673-140674 --> testing issues
Test environment and result as below:
+---------------------+--------------------+----------------------+-------------------+------------------+
| Environment | dpdk_meson_compile | dpdk_mingw64_compile | dpdk_msvc_compile | dpdk_compile_ovs |
+=====================+====================+======================+===================+==================+
| FreeBSD 13.3 | PASS | SKIPPED | SKIPPED | SKIPPED |
+---------------------+--------------------+----------------------+-------------------+------------------+
| Windows Server 2019 | PASS | PASS | SKIPPED | SKIPPED |
+---------------------+--------------------+----------------------+-------------------+------------------+
| FreeBSD 14.0 | PASS | SKIPPED | SKIPPED | SKIPPED |
+---------------------+--------------------+----------------------+-------------------+------------------+
| Windows Server 2022 | PASS | PASS | PASS | SKIPPED |
+---------------------+--------------------+----------------------+-------------------+------------------+
| Debian 12 | PASS | SKIPPED | SKIPPED | PASS |
+---------------------+--------------------+----------------------+-------------------+------------------+
| Ubuntu 24.04 | FAIL | SKIPPED | SKIPPED | SKIPPED |
+---------------------+--------------------+----------------------+-------------------+------------------+
| CentOS Stream 9 | PASS | SKIPPED | SKIPPED | PASS |
+---------------------+--------------------+----------------------+-------------------+------------------+
| Debian Bullseye | PASS | SKIPPED | SKIPPED | PASS |
+---------------------+--------------------+----------------------+-------------------+------------------+
| CentOS Stream 8 | PASS | SKIPPED | SKIPPED | PASS |
+---------------------+--------------------+----------------------+-------------------+------------------+
==== 20 line log output for Ubuntu 24.04 (dpdk_meson_compile): ====
--- Failed to get log output ---
==== End log output ====
FreeBSD 13.3
Kernel: 13.3-RELEASE-p1
Compiler: clang 17.0.6
Windows Server 2019
Kernel: 10.0.17763
Compiler: clang 14.0 and gcc 8.1.0 (MinGW)
FreeBSD 14.0
Kernel: 14.0
Compiler: clang 16.0.6
Windows Server 2022
Kernel: 10.0.20348.2031
Compiler: clang 15.0.7, gcc 8.1.0 (MinGW), and MSVC VS 17.9
Debian 12
Kernel: Container Host Kernel
Compiler: gcc 10.2.1
Ubuntu 24.04
Kernel: 5.4.0-167-generic
Compiler: gcc 13.2.0
CentOS Stream 9
Kernel: 5.4.0-167-generic
Compiler: gcc 11.4.1 20230605
Debian Bullseye
Kernel: 5.4.0-167-generic
Compiler: gcc 10.2.1-6
CentOS Stream 8
Kernel: 5.4.0-167-generic
Compiler: gcc 8.5.0 20210514
To view detailed results, visit:
https://lab.dpdk.org/results/dashboard/patchsets/30095/
UNH-IOL DPDK Community Lab
To manage your email subscriptions, visit:
https://lab.dpdk.org/results/dashboard/preferences/subscriptions/
More information about the test-report
mailing list