|FAILURE| [GIT MASTER] 49b2102bf9fea000d36860353016a5c6ddf993a9

dpdklab at iol.unh.edu dpdklab at iol.unh.edu
Wed Jun 5 07:55:39 CEST 2024


_Testing issues_

Branch: tags/v21.11

49b2102bf9fea000d36860353016a5c6ddf993a9 --> testing issues

Test environment and result as below:

+---------------------+----------------------+--------------------+
|     Environment     | dpdk_mingw64_compile | dpdk_meson_compile |
+=====================+======================+====================+
| Windows Server 2022 | PASS                 | PASS               |
+---------------------+----------------------+--------------------+
| Windows Server 2019 | PASS                 | PASS               |
+---------------------+----------------------+--------------------+
| FreeBSD 13.3        | SKIPPED              | PASS               |
+---------------------+----------------------+--------------------+
| FreeBSD 14.0        | SKIPPED              | PASS               |
+---------------------+----------------------+--------------------+
| CentOS Stream 8     | SKIPPED              | PASS               |
+---------------------+----------------------+--------------------+
| Fedora 37           | SKIPPED              | PASS               |
+---------------------+----------------------+--------------------+
| Fedora 39           | SKIPPED              | PASS               |
+---------------------+----------------------+--------------------+
| Fedora 38           | SKIPPED              | PASS               |
+---------------------+----------------------+--------------------+
| Debian 12           | SKIPPED              | PASS               |
+---------------------+----------------------+--------------------+
| Ubuntu 24.04        | SKIPPED              | FAIL               |
+---------------------+----------------------+--------------------+
| RHEL8               | SKIPPED              | PASS               |
+---------------------+----------------------+--------------------+
| Debian Bullseye     | SKIPPED              | PASS               |
+---------------------+----------------------+--------------------+
| CentOS Stream 9     | SKIPPED              | PASS               |
+---------------------+----------------------+--------------------+
| openSUSE Leap 15    | SKIPPED              | PASS               |
+---------------------+----------------------+--------------------+
| Ubuntu 20.04        | SKIPPED              | PASS               |
+---------------------+----------------------+--------------------+
| RHEL 7              | SKIPPED              | PASS               |
+---------------------+----------------------+--------------------+
| Ubuntu 22.04        | SKIPPED              | PASS               |
+---------------------+----------------------+--------------------+

==== 20 line log output for Ubuntu 24.04 (dpdk_meson_compile): ====
 --- Failed to get log output --- 
==== End log output ====

Windows Server 2022
	Kernel: 10.0.20348.2031
	Compiler: clang 15.0.7, gcc 8.1.0 (MinGW), and MSVC VS 17.9

Windows Server 2019
	Kernel: 10.0.17763
	Compiler: clang 14.0 and gcc 8.1.0 (MinGW)

FreeBSD 13.3
	Kernel: 13.3-RELEASE-p1
	Compiler: clang 17.0.6

FreeBSD 14.0
	Kernel: 14.0
	Compiler: clang 16.0.6

CentOS Stream 8
	Kernel: 5.4.0-167-generic
	Compiler: gcc 8.5.0 20210514

Fedora 37
	Kernel: Depends on container host system
	Compiler: gcc 12.3.1

Fedora 39
	Kernel: Depends on container host
	Compiler: clang 17.0.6

Fedora 38
	Kernel: Depends on container host
	Compiler: clang 16.0.6

Debian 12
	Kernel: Container Host Kernel
	Compiler: gcc 10.2.1

Ubuntu 24.04
	Kernel: 5.4.0-167-generic
	Compiler: gcc 13.2.0

RHEL8
	Kernel: 5.4.0-167-generic
	Compiler: gcc 8.5.0 20210514 (Red Hat 8.5.0-20)

Debian Bullseye
	Kernel: 5.4.0-167-generic
	Compiler: gcc 10.2.1-6

CentOS Stream 9
	Kernel: 5.4.0-167-generic
	Compiler: gcc 11.4.1 20230605

openSUSE Leap 15
	Kernel: 5.4.0-167-generic
	Compiler: gcc 7.5.0

Ubuntu 20.04
	Kernel: 5.4.0-167-generic
	Compiler: gcc 9.4.0-1ubuntu1~20.04.1

RHEL 7
	Kernel: 5.4.0-167-generic
	Compiler: gcc 4.8.5 20150623 (Red Hat 4.8.5-44)

Ubuntu 22.04
	Kernel: 5.4.0-167-generic
	Compiler: gcc 11.4.0

To view detailed results, visit:
https://lab.dpdk.org/results/dashboard/tarballs/29335/

UNH-IOL DPDK Community Lab

To manage your email subscriptions, visit: 
https://lab.dpdk.org/results/dashboard/preferences/subscriptions/


More information about the test-report mailing list