|WARNING| pw140758 [PATCH] [v2] event/dsw: support explicit release
dpdklab at iol.unh.edu
dpdklab at iol.unh.edu
Wed Jun 5 20:40:17 CEST 2024
Test-Label: iol-compile-amd64-testing
Test-Status: WARNING
http://dpdk.org/patch/140758
_Testing issues_
Submitter: Mattias Ronnblom <mattias.ronnblom at ericsson.com>
Date: Wednesday, June 05 2024 13:38:20
DPDK git baseline: Repo:dpdk
Branch: master
CommitID:229d27a82792fab339d78b9bec26a0f395674d43
140758 --> testing issues
Test environment and result as below:
+---------------------+--------------------+----------------------+-------------------+------------------+-------------------+
| Environment | dpdk_meson_compile | dpdk_mingw64_compile | dpdk_msvc_compile | dpdk_compile_ovs | dpdk_compile_spdk |
+=====================+====================+======================+===================+==================+===================+
| FreeBSD 13.3 | PASS | SKIPPED | SKIPPED | SKIPPED | SKIPPED |
+---------------------+--------------------+----------------------+-------------------+------------------+-------------------+
| FreeBSD 14.0 | PASS | SKIPPED | SKIPPED | SKIPPED | SKIPPED |
+---------------------+--------------------+----------------------+-------------------+------------------+-------------------+
| Windows Server 2022 | PASS | PASS | PASS | SKIPPED | SKIPPED |
+---------------------+--------------------+----------------------+-------------------+------------------+-------------------+
| Windows Server 2019 | PASS | PASS | SKIPPED | SKIPPED | SKIPPED |
+---------------------+--------------------+----------------------+-------------------+------------------+-------------------+
| Debian 12 | PASS | SKIPPED | SKIPPED | PASS | SKIPPED |
+---------------------+--------------------+----------------------+-------------------+------------------+-------------------+
| CentOS Stream 8 | PASS | SKIPPED | SKIPPED | PASS | PASS |
+---------------------+--------------------+----------------------+-------------------+------------------+-------------------+
| CentOS Stream 9 | PASS | SKIPPED | SKIPPED | PASS | PASS |
+---------------------+--------------------+----------------------+-------------------+------------------+-------------------+
| RHEL8 | PASS | SKIPPED | SKIPPED | PASS | SKIPPED |
+---------------------+--------------------+----------------------+-------------------+------------------+-------------------+
| Ubuntu 20.04 | PASS | SKIPPED | SKIPPED | PASS | SKIPPED |
+---------------------+--------------------+----------------------+-------------------+------------------+-------------------+
| Fedora 37 | PASS | SKIPPED | SKIPPED | PASS | PASS |
+---------------------+--------------------+----------------------+-------------------+------------------+-------------------+
| Alpine | PASS | SKIPPED | SKIPPED | FAIL | SKIPPED |
+---------------------+--------------------+----------------------+-------------------+------------------+-------------------+
| Fedora 38 | PASS | SKIPPED | SKIPPED | PASS | PASS |
+---------------------+--------------------+----------------------+-------------------+------------------+-------------------+
| Debian Bullseye | PASS | SKIPPED | SKIPPED | PASS | PASS |
+---------------------+--------------------+----------------------+-------------------+------------------+-------------------+
==== 20 line log output for Alpine (dpdk_compile_ovs): ====
--- Failed to get log output ---
==== End log output ====
FreeBSD 13.3
Kernel: 13.3-RELEASE-p1
Compiler: clang 17.0.6
FreeBSD 14.0
Kernel: 14.0
Compiler: clang 16.0.6
Windows Server 2022
Kernel: 10.0.20348.2031
Compiler: clang 15.0.7, gcc 8.1.0 (MinGW), and MSVC VS 17.9
Windows Server 2019
Kernel: 10.0.17763
Compiler: clang 14.0 and gcc 8.1.0 (MinGW)
Debian 12
Kernel: Container Host Kernel
Compiler: gcc 10.2.1
CentOS Stream 8
Kernel: 5.4.0-167-generic
Compiler: gcc 8.5.0 20210514
CentOS Stream 9
Kernel: 5.4.0-167-generic
Compiler: gcc 11.4.1 20230605
RHEL8
Kernel: 5.4.0-167-generic
Compiler: gcc 8.5.0 20210514 (Red Hat 8.5.0-20)
Ubuntu 20.04
Kernel: 5.4.0-167-generic
Compiler: gcc 9.4.0-1ubuntu1~20.04.1
Fedora 37
Kernel: Depends on container host system
Compiler: gcc 12.3.1
Alpine
Kernel: 5.4.0-167-generic
Compiler: gcc (Alpine 13.2.1_git20231014) 13.2.1 20231014
Fedora 38
Kernel: Depends on container host
Compiler: gcc 13.2.1
Debian Bullseye
Kernel: 5.4.0-167-generic
Compiler: gcc 10.2.1-6
To view detailed results, visit:
https://lab.dpdk.org/results/dashboard/patchsets/30116/
UNH-IOL DPDK Community Lab
To manage your email subscriptions, visit:
https://lab.dpdk.org/results/dashboard/preferences/subscriptions/
More information about the test-report
mailing list