|WARNING| pw140825-140835 [PATCH] [v5,11/11] net/mlx5: initial desig

dpdklab at iol.unh.edu dpdklab at iol.unh.edu
Thu Jun 6 19:02:35 CEST 2024


Test-Label: iol-abi-testing
Test-Status: WARNING
http://dpdk.org/patch/140835

_Testing issues_

Submitter: Maayan Kashani <mkashani at nvidia.com>
Date: Thursday, June 06 2024 12:32:56 
DPDK git baseline: Repo:dpdk
  Branch: master
  CommitID:2bf363ff7e924a1fb6054eee693fde66097273f7

140825-140835 --> testing issues

Test environment and result as below:

+------------------+----------+
|   Environment    | abi_test |
+==================+==========+
| Debian Bullseye  | FAIL     |
+------------------+----------+
| CentOS Stream 8  | FAIL     |
+------------------+----------+
| CentOS Stream 9  | FAIL     |
+------------------+----------+
| Debian 12        | FAIL     |
+------------------+----------+
| openSUSE Leap 15 | FAIL     |
+------------------+----------+

==== 20 line log output for openSUSE Leap 15 (abi_test): ====
 --- Failed to get log output --- 
==== End log output ====

Debian Bullseye
	Kernel: 5.4.0-167-generic
	Compiler: gcc 10.2.1-6

CentOS Stream 8
	Kernel: 5.4.0-167-generic
	Compiler: gcc 8.5.0 20210514

CentOS Stream 9
	Kernel: 5.4.0-167-generic
	Compiler: gcc 11.4.1 20230605

Debian 12
	Kernel: Container Host Kernel
	Compiler: gcc 10.2.1

openSUSE Leap 15
	Kernel: 5.4.0-167-generic
	Compiler: gcc 7.5.0

To view detailed results, visit:
https://lab.dpdk.org/results/dashboard/patchsets/30133/

UNH-IOL DPDK Community Lab

To manage your email subscriptions, visit: 
https://lab.dpdk.org/results/dashboard/preferences/subscriptions/


More information about the test-report mailing list