|FAILURE| pw140825-140835 [PATCH] [v5,11/11] net/mlx5: initial desig

dpdklab at iol.unh.edu dpdklab at iol.unh.edu
Thu Jun 6 19:25:03 CEST 2024


Test-Label: iol-unit-arm64-testing
Test-Status: FAILURE
http://dpdk.org/patch/140835

_Testing issues_

Submitter: Maayan Kashani <mkashani at nvidia.com>
Date: Thursday, June 06 2024 12:32:56 
DPDK git baseline: Repo:dpdk
  Branch: master
  CommitID:2bf363ff7e924a1fb6054eee693fde66097273f7

140825-140835 --> testing issues

Test environment and result as below:

+--------------------------+----------------+---------------------------+------------------------------+
|       Environment        | dpdk_unit_test | cryptodev_sw_zuc_autotest | cryptodev_sw_snow3g_autotest |
+==========================+================+===========================+==============================+
| Debian 12 (arm)          | FAIL           | FAIL                      | FAIL                         |
+--------------------------+----------------+---------------------------+------------------------------+
| Debian 11 (Buster) (ARM) | FAIL           | SKIPPED                   | SKIPPED                      |
+--------------------------+----------------+---------------------------+------------------------------+
| Fedora 37 (ARM)          | FAIL           | SKIPPED                   | SKIPPED                      |
+--------------------------+----------------+---------------------------+------------------------------+
| CentOS Stream 9 (ARM)    | FAIL           | SKIPPED                   | SKIPPED                      |
+--------------------------+----------------+---------------------------+------------------------------+
| Fedora 38 (ARM)          | FAIL           | SKIPPED                   | SKIPPED                      |
+--------------------------+----------------+---------------------------+------------------------------+
| Fedora 39 (ARM)          | FAIL           | SKIPPED                   | SKIPPED                      |
+--------------------------+----------------+---------------------------+------------------------------+
| Fedora 39 (ARM Clang)    | FAIL           | SKIPPED                   | SKIPPED                      |
+--------------------------+----------------+---------------------------+------------------------------+
| Fedora 38 (ARM Clang)    | FAIL           | SKIPPED                   | SKIPPED                      |
+--------------------------+----------------+---------------------------+------------------------------+
| Ubuntu 22.04 (ARM)       | FAIL           | SKIPPED                   | SKIPPED                      |
+--------------------------+----------------+---------------------------+------------------------------+
| Ubuntu 20.04 (ARM)       | FAIL           | SKIPPED                   | SKIPPED                      |
+--------------------------+----------------+---------------------------+------------------------------+
| Ubuntu 24.04 (ARM)       | FAIL           | SKIPPED                   | SKIPPED                      |
+--------------------------+----------------+---------------------------+------------------------------+

==== 20 line log output for Ubuntu 24.04 (ARM) (dpdk_unit_test): ====
 --- Failed to get log output --- 
==== End log output ====

Debian 12 (arm)
	Kernel: Container Host Kernel
	Compiler: gcc 12.2.0

Debian 11 (Buster) (ARM)
	Kernel: Container Host Kernel
	Compiler: gcc 10.2.1

Fedora 37 (ARM)
	Kernel: Depends on container host
	Compiler: gcc 12.3.1

CentOS Stream 9 (ARM)
	Kernel: Container Host Kernel
	Compiler: gcc 11.4.1

Fedora 38 (ARM)
	Kernel: Depends on container host
	Compiler: gcc 13.2.1

Fedora 39 (ARM)
	Kernel: Depends on container host
	Compiler: gcc 13.2.1

Fedora 39 (ARM Clang)
	Kernel: Depends on container host
	Compiler: clang 17.0.6

Fedora 38 (ARM Clang)
	Kernel: Depends on container host
	Compiler: clang 16.0.6

Ubuntu 22.04 (ARM)
	Kernel: Container Host Kernel
	Compiler: gcc 11.4.0

Ubuntu 20.04 (ARM)
	Kernel: Container Host Kernel
	Compiler: gcc 9.4.0

Ubuntu 24.04 (ARM)
	Kernel: 5.4.0-167-generic
	Compiler: gcc 13.2.0

To view detailed results, visit:
https://lab.dpdk.org/results/dashboard/patchsets/30133/

UNH-IOL DPDK Community Lab

To manage your email subscriptions, visit: 
https://lab.dpdk.org/results/dashboard/preferences/subscriptions/


More information about the test-report mailing list