|FAILURE| pw140825-140835 [PATCH] [v5,11/11] net/mlx5: initial desig
dpdklab at iol.unh.edu
dpdklab at iol.unh.edu
Thu Jun 6 19:35:44 CEST 2024
Test-Label: iol-unit-amd64-testing
Test-Status: FAILURE
http://dpdk.org/patch/140835
_Testing issues_
Submitter: Maayan Kashani <mkashani at nvidia.com>
Date: Thursday, June 06 2024 12:32:56
DPDK git baseline: Repo:dpdk
Branch: master
CommitID:2bf363ff7e924a1fb6054eee693fde66097273f7
140825-140835 --> testing issues
Test environment and result as below:
+---------------------+----------------+
| Environment | dpdk_unit_test |
+=====================+================+
| CentOS Stream 9 | FAIL |
+---------------------+----------------+
| Fedora 37 | FAIL |
+---------------------+----------------+
| Debian 12 | FAIL |
+---------------------+----------------+
| Windows Server 2019 | PASS |
+---------------------+----------------+
| Fedora 39 | FAIL |
+---------------------+----------------+
| Fedora 38 | FAIL |
+---------------------+----------------+
| Debian Bullseye | FAIL |
+---------------------+----------------+
| RHEL8 | FAIL |
+---------------------+----------------+
| Ubuntu 20.04 | FAIL |
+---------------------+----------------+
| openSUSE Leap 15 | FAIL |
+---------------------+----------------+
| Ubuntu 22.04 | FAIL |
+---------------------+----------------+
| Ubuntu 24.04 | FAIL |
+---------------------+----------------+
| CentOS Stream 8 | FAIL |
+---------------------+----------------+
==== 20 line log output for CentOS Stream 8 (dpdk_unit_test): ====
--- Failed to get log output ---
==== End log output ====
CentOS Stream 9
Kernel: 5.4.0-167-generic
Compiler: gcc 11.4.1 20230605
Fedora 37
Kernel: Depends on container host system
Compiler: gcc 12.3.1
Debian 12
Kernel: Container Host Kernel
Compiler: gcc 10.2.1
Windows Server 2019
Kernel: 10.0.17763
Compiler: clang 14.0 and gcc 8.1.0 (MinGW)
Fedora 39
Kernel: Depends on container host
Compiler: gcc 13.2.1
Fedora 38
Kernel: Depends on container host
Compiler: gcc 13.2.1
Debian Bullseye
Kernel: 5.4.0-167-generic
Compiler: gcc 10.2.1-6
RHEL8
Kernel: 5.4.0-167-generic
Compiler: gcc 8.5.0 20210514 (Red Hat 8.5.0-20)
Ubuntu 20.04
Kernel: 5.4.0-167-generic
Compiler: gcc 9.4.0-1ubuntu1~20.04.1
openSUSE Leap 15
Kernel: 5.4.0-167-generic
Compiler: gcc 7.5.0
Ubuntu 22.04
Kernel: 5.4.0-167-generic
Compiler: gcc 11.4.0
Ubuntu 24.04
Kernel: 5.4.0-167-generic
Compiler: gcc 13.2.0
CentOS Stream 8
Kernel: 5.4.0-167-generic
Compiler: gcc 8.5.0 20210514
To view detailed results, visit:
https://lab.dpdk.org/results/dashboard/patchsets/30133/
UNH-IOL DPDK Community Lab
To manage your email subscriptions, visit:
https://lab.dpdk.org/results/dashboard/preferences/subscriptions/
More information about the test-report
mailing list