|WARNING| [GIT MASTER] 76cef1af8bdaeaf67a5c4ca5df3f221df994dc46

dpdklab at iol.unh.edu dpdklab at iol.unh.edu
Sat Jun 8 02:56:24 CEST 2024


_Testing issues_

Branch: dpdk

76cef1af8bdaeaf67a5c4ca5df3f221df994dc46 --> testing issues

Test environment and result as below:

+---------------------+--------------------+-------------------+----------------------+------------------+-------------------+
|     Environment     | dpdk_meson_compile | dpdk_msvc_compile | dpdk_mingw64_compile | dpdk_compile_ovs | dpdk_compile_spdk |
+=====================+====================+===================+======================+==================+===================+
| FreeBSD 13.3        | PASS               | SKIPPED           | SKIPPED              | SKIPPED          | SKIPPED           |
+---------------------+--------------------+-------------------+----------------------+------------------+-------------------+
| Windows Server 2022 | PASS               | PASS              | PASS                 | SKIPPED          | SKIPPED           |
+---------------------+--------------------+-------------------+----------------------+------------------+-------------------+
| Windows Server 2019 | PASS               | SKIPPED           | PASS                 | SKIPPED          | SKIPPED           |
+---------------------+--------------------+-------------------+----------------------+------------------+-------------------+
| Debian 12           | PASS               | SKIPPED           | SKIPPED              | PASS             | SKIPPED           |
+---------------------+--------------------+-------------------+----------------------+------------------+-------------------+
| openSUSE Leap 15    | PASS               | SKIPPED           | SKIPPED              | PASS             | SKIPPED           |
+---------------------+--------------------+-------------------+----------------------+------------------+-------------------+
| RHEL8               | PASS               | SKIPPED           | SKIPPED              | PASS             | SKIPPED           |
+---------------------+--------------------+-------------------+----------------------+------------------+-------------------+
| Fedora 37           | PASS               | SKIPPED           | SKIPPED              | PASS             | PASS              |
+---------------------+--------------------+-------------------+----------------------+------------------+-------------------+
| Ubuntu 20.04        | PASS               | SKIPPED           | SKIPPED              | PASS             | SKIPPED           |
+---------------------+--------------------+-------------------+----------------------+------------------+-------------------+
| CentOS Stream 8     | PASS               | SKIPPED           | SKIPPED              | PASS             | PASS              |
+---------------------+--------------------+-------------------+----------------------+------------------+-------------------+
| Ubuntu 22.04        | PASS               | SKIPPED           | SKIPPED              | PASS             | PASS              |
+---------------------+--------------------+-------------------+----------------------+------------------+-------------------+
| Alpine              | PASS               | SKIPPED           | SKIPPED              | PASS             | SKIPPED           |
+---------------------+--------------------+-------------------+----------------------+------------------+-------------------+
| Fedora 38           | PASS               | SKIPPED           | SKIPPED              | PASS             | PASS              |
+---------------------+--------------------+-------------------+----------------------+------------------+-------------------+
| FreeBSD 14.1        | PASS               | SKIPPED           | SKIPPED              | SKIPPED          | SKIPPED           |
+---------------------+--------------------+-------------------+----------------------+------------------+-------------------+
| Ubuntu 24.04        | PASS               | SKIPPED           | SKIPPED              | PASS             | PASS              |
+---------------------+--------------------+-------------------+----------------------+------------------+-------------------+
| Fedora 39           | PASS               | SKIPPED           | SKIPPED              | PASS             | PASS              |
+---------------------+--------------------+-------------------+----------------------+------------------+-------------------+
| Debian Bullseye     | PASS               | SKIPPED           | SKIPPED              | PASS             | PASS              |
+---------------------+--------------------+-------------------+----------------------+------------------+-------------------+
| CentOS Stream 9     | PASS               | SKIPPED           | SKIPPED              | PASS             | PASS              |
+---------------------+--------------------+-------------------+----------------------+------------------+-------------------+
| Arch Linux          | PASS               | SKIPPED           | SKIPPED              | FAIL             | SKIPPED           |
+---------------------+--------------------+-------------------+----------------------+------------------+-------------------+

==== 20 line log output for Arch Linux (dpdk_compile_ovs): ====
 --- Failed to get log output --- 
==== End log output ====

FreeBSD 13.3
	Kernel: 13.3-RELEASE-p1
	Compiler: clang 17.0.6

Windows Server 2022
	Kernel: 10.0.20348.2031
	Compiler: clang 15.0.7, gcc 8.1.0 (MinGW), and MSVC VS 17.9

Windows Server 2019
	Kernel: 10.0.17763
	Compiler: clang 14.0 and gcc 8.1.0 (MinGW)

Debian 12
	Kernel: Container Host Kernel
	Compiler: gcc 12.2.0

openSUSE Leap 15
	Kernel: 5.4.0-167-generic
	Compiler: gcc 7.5.0

RHEL8
	Kernel: 5.4.0-167-generic
	Compiler: gcc 8.5.0 20210514 (Red Hat 8.5.0-20)

Fedora 37
	Kernel: Depends on container host system
	Compiler: gcc 12.3.1

Ubuntu 20.04
	Kernel: 5.4.0-167-generic
	Compiler: gcc 9.4.0-1ubuntu1~20.04.1

CentOS Stream 8
	Kernel: 5.4.0-167-generic
	Compiler: gcc 8.5.0 20210514

Ubuntu 22.04
	Kernel: 5.4.0-167-generic
	Compiler: gcc 11.4.0

Alpine
	Kernel: 5.4.0-167-generic
	Compiler: gcc (Alpine 13.2.1_git20231014) 13.2.1 20231014

Fedora 38
	Kernel: Depends on container host
	Compiler: gcc 13.2.1

FreeBSD 14.1
	Kernel: 14.1
	Compiler: clang 18.1.5

Ubuntu 24.04
	Kernel: 5.4.0-167-generic
	Compiler: gcc 13.2.0

Fedora 39
	Kernel: Depends on container host
	Compiler: gcc 13.2.1

Debian Bullseye
	Kernel: 5.4.0-167-generic
	Compiler: gcc 10.2.1-6

CentOS Stream 9
	Kernel: 5.4.0-167-generic
	Compiler: gcc 11.4.1 20230605

Arch Linux
	Kernel: 5.4.0-167-generic
	Compiler: gcc 13.1.1

To view detailed results, visit:
https://lab.dpdk.org/results/dashboard/tarballs/29375/

UNH-IOL DPDK Community Lab

To manage your email subscriptions, visit: 
https://lab.dpdk.org/results/dashboard/preferences/subscriptions/


More information about the test-report mailing list