|FAILURE| [GIT MASTER] 49b2102bf9fea000d36860353016a5c6ddf993a9
dpdklab at iol.unh.edu
dpdklab at iol.unh.edu
Sat Jun 8 07:44:45 CEST 2024
_Testing issues_
Branch: tags/v21.11
49b2102bf9fea000d36860353016a5c6ddf993a9 --> testing issues
Test environment and result as below:
+---------------------+----------------+
| Environment | dpdk_unit_test |
+=====================+================+
| Windows Server 2019 | PASS |
+---------------------+----------------+
| Fedora 37 | FAIL |
+---------------------+----------------+
| Windows Server 2022 | PASS |
+---------------------+----------------+
==== 20 line log output for Fedora 37 (dpdk_unit_test): ====
--- Failed to get log output ---
==== End log output ====
Windows Server 2019
Kernel: 10.0.17763
Compiler: clang 14.0 and gcc 8.1.0 (MinGW)
Fedora 37
Kernel: Depends on container host system
Compiler: gcc 12.3.1
Windows Server 2022
Kernel: 10.0.20348.2031
Compiler: clang 15.0.7, gcc 8.1.0 (MinGW), and MSVC VS 17.9
To view detailed results, visit:
https://lab.dpdk.org/results/dashboard/tarballs/29377/
UNH-IOL DPDK Community Lab
To manage your email subscriptions, visit:
https://lab.dpdk.org/results/dashboard/preferences/subscriptions/
More information about the test-report
mailing list