|FAILURE| [GIT MASTER] a409653a123bf105970a25c594711a3cdc44d139
    dpdklab at iol.unh.edu 
    dpdklab at iol.unh.edu
       
    Sat Jun  8 09:04:15 CEST 2024
    
    
  
_Testing issues_
Branch: tags/v22.11
a409653a123bf105970a25c594711a3cdc44d139 --> testing issues
Test environment and result as below:
+-----------------------+--------------------+
|      Environment      | dpdk_meson_compile |
+=======================+====================+
| Ubuntu 20.04 ARM SVE  | PASS               |
+-----------------------+--------------------+
| Debian 12 with MUSDK  | PASS               |
+-----------------------+--------------------+
| Fedora 38 (ARM)       | PASS               |
+-----------------------+--------------------+
| Fedora 37 (ARM)       | PASS               |
+-----------------------+--------------------+
| Fedora 39 (ARM)       | PASS               |
+-----------------------+--------------------+
| Ubuntu 24.04 (ARM)    | FAIL               |
+-----------------------+--------------------+
| Ubuntu 22.04 (ARM)    | PASS               |
+-----------------------+--------------------+
| Ubuntu 20.04 (ARM)    | PASS               |
+-----------------------+--------------------+
| CentOS Stream 9 (ARM) | PASS               |
+-----------------------+--------------------+
==== 20 line log output for Ubuntu 24.04 (ARM) (dpdk_meson_compile): ====
 --- Failed to get log output --- 
==== End log output ====
Ubuntu 20.04 ARM SVE
	Kernel: 5.4.0-167-generic
	Compiler: gcc (Ubuntu 10.5.0-1ubuntu1~20.04) 10.5.0
Debian 12 with MUSDK
	Kernel: Container Host Kernel
	Compiler: gcc 12.2.0
Fedora 38 (ARM)
	Kernel: Depends on container host
	Compiler: gcc 13.2.1
Fedora 37 (ARM)
	Kernel: Depends on container host
	Compiler: gcc 12.3.1
Fedora 39 (ARM)
	Kernel: Depends on container host
	Compiler: gcc 13.2.1
Ubuntu 24.04 (ARM)
	Kernel: 5.4.0-167-generic
	Compiler: gcc 13.2.0
Ubuntu 22.04 (ARM)
	Kernel: Container Host Kernel
	Compiler: gcc 11.4.0
Ubuntu 20.04 (ARM)
	Kernel: Container Host Kernel
	Compiler: gcc 9.4.0
CentOS Stream 9 (ARM)
	Kernel: Container Host Kernel
	Compiler: gcc 11.4.1
To view detailed results, visit:
https://lab.dpdk.org/results/dashboard/tarballs/29378/
UNH-IOL DPDK Community Lab
To manage your email subscriptions, visit: 
https://lab.dpdk.org/results/dashboard/preferences/subscriptions/
    
    
More information about the test-report
mailing list