|WARNING| pw140880-140889 [PATCH] [v6,11/11] net/mlx5: initial desig
dpdklab at iol.unh.edu
dpdklab at iol.unh.edu
Sun Jun 9 12:05:27 CEST 2024
Test-Label: iol-abi-testing
Test-Status: WARNING
http://dpdk.org/patch/140889
_Testing issues_
Submitter: Maayan Kashani <mkashani at nvidia.com>
Date: Sunday, June 09 2024 08:56:00
DPDK git baseline: Repo:dpdk
Branch: master
CommitID:2bf363ff7e924a1fb6054eee693fde66097273f7
140880-140889 --> testing issues
Test environment and result as below:
+-----------------+----------+
| Environment | abi_test |
+=================+==========+
| Fedora 38 | FAIL |
+-----------------+----------+
| CentOS Stream 9 | FAIL |
+-----------------+----------+
| Debian Bullseye | FAIL |
+-----------------+----------+
| Ubuntu 22.04 | FAIL |
+-----------------+----------+
| RHEL8 | FAIL |
+-----------------+----------+
| Fedora 37 | FAIL |
+-----------------+----------+
| Debian 12 | FAIL |
+-----------------+----------+
| Fedora 39 | FAIL |
+-----------------+----------+
| CentOS Stream 8 | FAIL |
+-----------------+----------+
| Ubuntu 24.04 | FAIL |
+-----------------+----------+
==== 20 line log output for Ubuntu 24.04 (abi_test): ====
--- Failed to get log output ---
==== End log output ====
Fedora 38
Kernel: Depends on container host
Compiler: clang 16.0.6
CentOS Stream 9
Kernel: 5.4.0-167-generic
Compiler: gcc 11.4.1 20230605
Debian Bullseye
Kernel: 5.4.0-167-generic
Compiler: gcc 10.2.1-6
Ubuntu 22.04
Kernel: 5.4.0-167-generic
Compiler: gcc 11.4.0
RHEL8
Kernel: 5.4.0-167-generic
Compiler: gcc 8.5.0 20210514 (Red Hat 8.5.0-20)
Fedora 37
Kernel: Depends on container host system
Compiler: gcc 12.3.1
Debian 12
Kernel: Container Host Kernel
Compiler: gcc 12.2.0
Fedora 39
Kernel: Depends on container host
Compiler: clang 17.0.6
CentOS Stream 8
Kernel: 5.4.0-167-generic
Compiler: gcc 8.5.0 20210514
Ubuntu 24.04
Kernel: 5.4.0-167-generic
Compiler: gcc 13.2.0
To view detailed results, visit:
https://lab.dpdk.org/results/dashboard/patchsets/30150/
UNH-IOL DPDK Community Lab
To manage your email subscriptions, visit:
https://lab.dpdk.org/results/dashboard/preferences/subscriptions/
More information about the test-report
mailing list