|FAILURE| [GIT MASTER] a6ec5765cf83d3d58cbd6d4ed5b92b4a06f8a808

dpdklab at iol.unh.edu dpdklab at iol.unh.edu
Mon Jun 10 06:39:51 CEST 2024


_Testing issues_

Branch: tags/v23.11

a6ec5765cf83d3d58cbd6d4ed5b92b4a06f8a808 --> testing issues

Test environment and result as below:

+---------------------+--------------------+-------------------+------------------+----------------------+-------------------+
|     Environment     | dpdk_meson_compile | dpdk_msvc_compile | dpdk_compile_ovs | dpdk_mingw64_compile | dpdk_compile_spdk |
+=====================+====================+===================+==================+======================+===================+
| Ubuntu 24.04        | FAIL               | SKIPPED           | SKIPPED          | SKIPPED              | SKIPPED           |
+---------------------+--------------------+-------------------+------------------+----------------------+-------------------+
| FreeBSD 13.3        | PASS               | SKIPPED           | SKIPPED          | SKIPPED              | SKIPPED           |
+---------------------+--------------------+-------------------+------------------+----------------------+-------------------+
| Windows Server 2022 | PASS               | PASS              | SKIPPED          | PASS                 | SKIPPED           |
+---------------------+--------------------+-------------------+------------------+----------------------+-------------------+
| Ubuntu 20.04        | PASS               | SKIPPED           | PASS             | SKIPPED              | SKIPPED           |
+---------------------+--------------------+-------------------+------------------+----------------------+-------------------+
| RHEL8               | PASS               | SKIPPED           | PASS             | SKIPPED              | SKIPPED           |
+---------------------+--------------------+-------------------+------------------+----------------------+-------------------+
| Ubuntu 22.04        | PASS               | SKIPPED           | PASS             | SKIPPED              | PASS              |
+---------------------+--------------------+-------------------+------------------+----------------------+-------------------+
| FreeBSD 14.1        | PASS               | SKIPPED           | SKIPPED          | SKIPPED              | SKIPPED           |
+---------------------+--------------------+-------------------+------------------+----------------------+-------------------+
| Windows Server 2019 | PASS               | SKIPPED           | SKIPPED          | PASS                 | SKIPPED           |
+---------------------+--------------------+-------------------+------------------+----------------------+-------------------+
| CentOS Stream 8     | PASS               | SKIPPED           | PASS             | SKIPPED              | PASS              |
+---------------------+--------------------+-------------------+------------------+----------------------+-------------------+
| CentOS Stream 9     | PASS               | SKIPPED           | PASS             | SKIPPED              | PASS              |
+---------------------+--------------------+-------------------+------------------+----------------------+-------------------+
| openSUSE Leap 15    | PASS               | SKIPPED           | PASS             | SKIPPED              | SKIPPED           |
+---------------------+--------------------+-------------------+------------------+----------------------+-------------------+

==== 20 line log output for Ubuntu 24.04 (dpdk_meson_compile): ====
 --- Failed to get log output --- 
==== End log output ====

Ubuntu 24.04
	Kernel: 5.4.0-167-generic
	Compiler: gcc 13.2.0

FreeBSD 13.3
	Kernel: 13.3-RELEASE-p1
	Compiler: clang 17.0.6

Windows Server 2022
	Kernel: 10.0.20348.2031
	Compiler: clang 15.0.7, gcc 8.1.0 (MinGW), and MSVC VS 17.9

Ubuntu 20.04
	Kernel: 5.4.0-167-generic
	Compiler: gcc 9.4.0-1ubuntu1~20.04.1

RHEL8
	Kernel: 5.4.0-167-generic
	Compiler: gcc 8.5.0 20210514 (Red Hat 8.5.0-20)

Ubuntu 22.04
	Kernel: 5.4.0-167-generic
	Compiler: gcc 11.4.0

FreeBSD 14.1
	Kernel: 14.1
	Compiler: clang 18.1.5

Windows Server 2019
	Kernel: 10.0.17763
	Compiler: clang 14.0 and gcc 8.1.0 (MinGW)

CentOS Stream 8
	Kernel: 5.4.0-167-generic
	Compiler: gcc 8.5.0 20210514

CentOS Stream 9
	Kernel: 5.4.0-167-generic
	Compiler: gcc 11.4.1 20230605

openSUSE Leap 15
	Kernel: 5.4.0-167-generic
	Compiler: gcc 7.5.0

To view detailed results, visit:
https://lab.dpdk.org/results/dashboard/tarballs/29387/

UNH-IOL DPDK Community Lab

To manage your email subscriptions, visit: 
https://lab.dpdk.org/results/dashboard/preferences/subscriptions/


More information about the test-report mailing list