|FAILURE| pw141110-141117 [PATCH] [v2,8/8] net/mlx5: add async flow
dpdklab at iol.unh.edu
dpdklab at iol.unh.edu
Thu Jun 13 07:24:31 CEST 2024
Test-Label: iol-compile-arm64-testing
Test-Status: FAILURE
http://dpdk.org/patch/141117
_Testing issues_
Submitter: Dariusz Sosnowski <dsosnowski at nvidia.com>
Date: Wednesday, June 12 2024 16:24:26
DPDK git baseline: Repo:dpdk
Branch: master
CommitID:c1cdfbcc339c2c951bff95854983a8773d9e5b8e
141110-141117 --> testing issues
Test environment and result as below:
+----------------------------------------+--------------------+
| Environment | dpdk_meson_compile |
+========================================+====================+
| Ubuntu 20.04 ARM SVE | PASS |
+----------------------------------------+--------------------+
| Debian 12 with MUSDK | PASS |
+----------------------------------------+--------------------+
| Ubuntu 22.04 (ARM) | FAIL |
+----------------------------------------+--------------------+
| RHEL9 (ARM) | FAIL |
+----------------------------------------+--------------------+
| Fedora 38 (ARM) | FAIL |
+----------------------------------------+--------------------+
| Ubuntu 24.04 (ARM) | FAIL |
+----------------------------------------+--------------------+
| Fedora 37 (ARM) | FAIL |
+----------------------------------------+--------------------+
| Debian 11 (Buster) (ARM) | FAIL |
+----------------------------------------+--------------------+
| Ubuntu 20.04 (ARM) | FAIL |
+----------------------------------------+--------------------+
| Fedora 39 (ARM) | FAIL |
+----------------------------------------+--------------------+
| CentOS Stream 9 (ARM) | FAIL |
+----------------------------------------+--------------------+
| Ubuntu 20.04 aarch32 GCC Cross Compile | PASS |
+----------------------------------------+--------------------+
| Fedora 38 (ARM Clang) | FAIL |
+----------------------------------------+--------------------+
| Ubuntu 20.04 ARM GCC Cross Compile | PASS |
+----------------------------------------+--------------------+
| Ubuntu 20.04 ARM Clang Cross Compile | PASS |
+----------------------------------------+--------------------+
| Debian 12 (arm) | FAIL |
+----------------------------------------+--------------------+
| Fedora 39 (ARM Clang) | FAIL |
+----------------------------------------+--------------------+
==== 20 line log output for Fedora 39 (ARM Clang) (dpdk_meson_compile): ====
[1852/3197] Compiling C object 'drivers/a715181@@tmp_rte_net_mlx5 at sta/net_mlx5_mlx5_tx_txpp.c.o'.
[1853/3197] Compiling C object 'drivers/a715181@@tmp_rte_net_mlx5 at sta/net_mlx5_mlx5_txq.c.o'.
[1854/3197] Compiling C object 'drivers/a715181@@tmp_rte_net_mlx5 at sta/net_mlx5_mlx5_txpp.c.o'.
[1855/3197] Compiling C object 'drivers/a715181@@tmp_rte_net_mlx5 at sta/net_mlx5_mlx5_vlan.c.o'.
[1856/3197] Compiling C object 'drivers/a715181@@tmp_rte_net_mlx5 at sta/net_mlx5_mlx5_utils.c.o'.
[1857/3197] Compiling C object 'drivers/a715181@@tmp_rte_net_mlx5 at sta/net_mlx5_mlx5_devx.c.o'.
[1858/3197] Compiling C object 'drivers/a715181@@tmp_rte_net_mlx5 at sta/net_mlx5_mlx5_nta_rss.c.o'.
[1859/3197] Compiling C object 'drivers/a715181@@tmp_rte_net_mlx5 at sta/net_mlx5_mlx5_flow_geneve.c.o'.
[1860/3197] Compiling C object 'drivers/a715181@@tmp_rte_net_mlx5 at sta/net_mlx5_mlx5_flow_hw.c.o'.
FAILED: drivers/a715181@@tmp_rte_net_mlx5 at sta/net_mlx5_mlx5_flow_hw.c.o
clang -Idrivers/a715181@@tmp_rte_net_mlx5 at sta -Idrivers -I../drivers -Idrivers/net/mlx5 -I../drivers/net/mlx5 -Idrivers/net/mlx5/linux -I../drivers/net/mlx5/linux -Idrivers/net/mlx5/hws -I../drivers/net/mlx5/hws -Ilib/ethdev -I../lib/ethdev -I. -I../ -Iconfig -I../config -Ilib/eal/include -I../lib/eal/include -Ilib/eal/linux/include -I../lib/eal/linux/include -Ilib/eal/arm/include -I../lib/eal/arm/include -Ilib/eal/common -I../lib/eal/common -Ilib/eal -I../lib/eal -Ilib/kvargs -I../lib/kvargs -Ilib/log -I../lib/log -Ilib/telemetry/../metrics -I../lib/telemetry/../metrics -Ilib/telemetry -I../lib/telemetry -Ilib/net -I../lib/net -Ilib/mbuf -I../lib/mbuf -Ilib/mempool -I../lib/mempool -Ilib/ring -I../lib/ring -Ilib/meter -I../lib/meter -Idrivers/bus/pci -I../drivers/bus/pci -I../drivers/bus/pci/linux -Ilib/pci -I../lib/pci -Idrivers/bus/vdev -I../drivers/bus/vdev -Ilib/hash -I../lib/hash -Ilib/rcu -I../lib/rcu -Idrivers/common/mlx5 -I../drivers/common/mlx5 -Idrivers/common/mlx5/linux -
I../drivers/common/mlx5/linux -Idrivers/bus/auxiliary -I../drivers/bus/auxiliary -Xclang -fcolor-diagnostics -pipe -D_FILE_OFFSET_BITS=64 -Wall -Winvalid-pch -Wextra -Werror -std=c11 -O3 -include rte_config.h -Wcast-qual -Wdeprecated -Wformat -Wformat-nonliteral -Wformat-security -Wmissing-declarations -Wmissing-prototypes -Wnested-externs -Wold-style-definition -Wpointer-arith -Wsign-compare -Wstrict-prototypes -Wundef -Wwrite-strings -Wno-address-of-packed-member -Wno-missing-field-initializers -D_GNU_SOURCE -fPIC -mcpu=thunderx2t99+crc+crypto -DALLOW_EXPERIMENTAL_API -DALLOW_INTERNAL_API -std=c11 -Wno-strict-prototypes -D_BSD_SOURCE -D_DEFAULT_SOURCE -D_XOPEN_SOURCE=600 -UPEDANTIC -DRTE_LOG_DEFAULT_LOGTYPE=pmd.net.mlx5 -MD -MQ 'drivers/a715181@@tmp_rte_net_mlx5 at sta/net_mlx5_mlx5_flow_hw.c.o' -MF 'drivers/a715181@@tmp_rte_net_mlx5 at sta/net_mlx5_mlx5_flow_hw.c.o.d' -o 'drivers/a715181@@tmp_rte_net_mlx5 at sta/net_mlx5_mlx5_flow_hw.c.o' -c ../drivers/net/mlx5/mlx5_flow_hw.c
../drivers/net/mlx5/mlx5_flow_hw.c:16208:24: error: use of undeclared identifier 'RTE_FLOW_CONV_OP_ITEM_MASK'; did you mean 'RTE_FLOW_CONV_OP_ITEM_NAME'?
16208 | size = rte_flow_conv(RTE_FLOW_CONV_OP_ITEM_MASK, NULL, 0, item, NULL);
| ^~~~~~~~~~~~~~~~~~~~~~~~~~
| RTE_FLOW_CONV_OP_ITEM_NAME
../lib/ethdev/rte_flow.h:4475:2: note: 'RTE_FLOW_CONV_OP_ITEM_NAME' declared here
4475 | RTE_FLOW_CONV_OP_ITEM_NAME,
| ^
1 error generated.
ninja: build stopped: subcommand failed.
==== End log output ====
Ubuntu 20.04 ARM SVE
Kernel: 5.4.0-167-generic
Compiler: gcc (Ubuntu 10.5.0-1ubuntu1~20.04) 10.5.0
Debian 12 with MUSDK
Kernel: Container Host Kernel
Compiler: gcc 12.2.0
Ubuntu 22.04 (ARM)
Kernel: Container Host Kernel
Compiler: gcc 11.4.0
RHEL9 (ARM)
Kernel: Depends on container host
Compiler: gcc 11.4.1
Fedora 38 (ARM)
Kernel: Depends on container host
Compiler: gcc 13.2.1
Ubuntu 24.04 (ARM)
Kernel: 5.4.0-167-generic
Compiler: gcc 13.2.0
Fedora 37 (ARM)
Kernel: Depends on container host
Compiler: gcc 12.3.1
Debian 11 (Buster) (ARM)
Kernel: Container Host Kernel
Compiler: gcc 10.2.1
Ubuntu 20.04 (ARM)
Kernel: Container Host Kernel
Compiler: gcc 9.4.0
Fedora 39 (ARM)
Kernel: Depends on container host
Compiler: gcc 13.2.1
CentOS Stream 9 (ARM)
Kernel: Container Host Kernel
Compiler: gcc 11.4.1
Ubuntu 20.04 aarch32 GCC Cross Compile
Kernel: 5.4.0-167-generic
Compiler: gcc 9.4.0
Fedora 38 (ARM Clang)
Kernel: Depends on container host
Compiler: clang 16.0.6
Ubuntu 20.04 ARM GCC Cross Compile
Kernel: 5.4.0-167-generic
Compiler: aarch64-linux-gnu-gcc (Ubuntu 9.4.0-1ubuntu1~20.04.2) 9.4.0
Ubuntu 20.04 ARM Clang Cross Compile
Kernel: 5.4.0-72-generic
Compiler: clang 10.0.0-4ubuntu1
Debian 12 (arm)
Kernel: Container Host Kernel
Compiler: gcc 12.2.0
Fedora 39 (ARM Clang)
Kernel: Depends on container host
Compiler: clang 17.0.6
To view detailed results, visit:
https://lab.dpdk.org/results/dashboard/patchsets/30175/
UNH-IOL DPDK Community Lab
To manage your email subscriptions, visit:
https://lab.dpdk.org/results/dashboard/preferences/subscriptions/
More information about the test-report
mailing list