|FAILURE| pw141123 [PATCH] net/mlx5: add non-template flow metadata
dpdklab at iol.unh.edu
dpdklab at iol.unh.edu
Thu Jun 13 19:10:00 CEST 2024
Test-Label: iol-compile-arm64-testing
Test-Status: FAILURE
http://dpdk.org/patch/141123
_Testing issues_
Submitter: Bing Zhao <bingz at nvidia.com>
Date: Thursday, June 13 2024 12:51:46
DPDK git baseline: Repo:dpdk
Branch: master
CommitID:c1cdfbcc339c2c951bff95854983a8773d9e5b8e
141123 --> testing issues
Test environment and result as below:
+----------------------------------------+--------------------+
| Environment | dpdk_meson_compile |
+========================================+====================+
| Ubuntu 20.04 ARM SVE | PASS |
+----------------------------------------+--------------------+
| Debian 12 with MUSDK | PASS |
+----------------------------------------+--------------------+
| RHEL9 (ARM) | FAIL |
+----------------------------------------+--------------------+
| Fedora 39 (ARM) | FAIL |
+----------------------------------------+--------------------+
| Debian 12 (arm) | FAIL |
+----------------------------------------+--------------------+
| Ubuntu 22.04 (ARM) | FAIL |
+----------------------------------------+--------------------+
| Fedora 38 (ARM) | FAIL |
+----------------------------------------+--------------------+
| Fedora 37 (ARM) | FAIL |
+----------------------------------------+--------------------+
| Debian 11 (Buster) (ARM) | FAIL |
+----------------------------------------+--------------------+
| Ubuntu 20.04 (ARM) | FAIL |
+----------------------------------------+--------------------+
| CentOS Stream 9 (ARM) | FAIL |
+----------------------------------------+--------------------+
| Ubuntu 20.04 aarch32 GCC Cross Compile | PASS |
+----------------------------------------+--------------------+
| Ubuntu 24.04 (ARM) | FAIL |
+----------------------------------------+--------------------+
| Fedora 38 (ARM Clang) | FAIL |
+----------------------------------------+--------------------+
==== 20 line log output for Fedora 38 (ARM Clang) (dpdk_meson_compile): ====
../drivers/net/mlx5/mlx5_nta_split.c:441:29: error: no member named 'mreg_cp_tbl' in 'struct mlx5_dev_ctx_shared'
if (!mcp_res || !priv->sh->mreg_cp_tbl)
~~~~~~~~ ^
../drivers/net/mlx5/mlx5_nta_split.c:444:34: error: no member named 'mreg_cp_tbl' in 'struct mlx5_dev_ctx_shared'
mlx5_hlist_unregister(priv->sh->mreg_cp_tbl, &mcp_res->hlist_ent);
~~~~~~~~ ^
../drivers/net/mlx5/mlx5_nta_split.c:466:17: error: no member named 'mreg_cp_tbl' in 'struct mlx5_dev_ctx_shared'
if (!priv->sh->mreg_cp_tbl)
~~~~~~~~ ^
../drivers/net/mlx5/mlx5_nta_split.c:470:38: error: no member named 'mreg_cp_tbl' in 'struct mlx5_dev_ctx_shared'
entry = mlx5_hlist_lookup(priv->sh->mreg_cp_tbl, mark_id, &ctx);
~~~~~~~~ ^
../drivers/net/mlx5/mlx5_nta_split.c:473:34: error: no member named 'mreg_cp_tbl' in 'struct mlx5_dev_ctx_shared'
mlx5_hlist_unregister(priv->sh->mreg_cp_tbl, entry);
~~~~~~~~ ^
../drivers/net/mlx5/mlx5_nta_split.c:510:34: error: no member named 'mreg_cp_tbl' in 'struct mlx5_dev_ctx_shared'
if (mlx5_hlist_lookup(priv->sh->mreg_cp_tbl, mark_id, &ctx))
~~~~~~~~ ^
7 errors generated.
ninja: build stopped: subcommand failed.
==== End log output ====
Ubuntu 20.04 ARM SVE
Kernel: 5.4.0-167-generic
Compiler: gcc (Ubuntu 10.5.0-1ubuntu1~20.04) 10.5.0
Debian 12 with MUSDK
Kernel: Container Host Kernel
Compiler: gcc 12.2.0
RHEL9 (ARM)
Kernel: Depends on container host
Compiler: gcc 11.4.1
Fedora 39 (ARM)
Kernel: Depends on container host
Compiler: gcc 13.2.1
Debian 12 (arm)
Kernel: Container Host Kernel
Compiler: gcc 12.2.0
Ubuntu 22.04 (ARM)
Kernel: Container Host Kernel
Compiler: gcc 11.4.0
Fedora 38 (ARM)
Kernel: Depends on container host
Compiler: gcc 13.2.1
Fedora 37 (ARM)
Kernel: Depends on container host
Compiler: gcc 12.3.1
Debian 11 (Buster) (ARM)
Kernel: Container Host Kernel
Compiler: gcc 10.2.1
Ubuntu 20.04 (ARM)
Kernel: Container Host Kernel
Compiler: gcc 9.4.0
CentOS Stream 9 (ARM)
Kernel: Container Host Kernel
Compiler: gcc 11.4.1
Ubuntu 20.04 aarch32 GCC Cross Compile
Kernel: 5.4.0-167-generic
Compiler: gcc 9.4.0
Ubuntu 24.04 (ARM)
Kernel: 5.4.0-167-generic
Compiler: gcc 13.2.0
Fedora 38 (ARM Clang)
Kernel: Depends on container host
Compiler: clang 16.0.6
To view detailed results, visit:
https://lab.dpdk.org/results/dashboard/patchsets/30180/
UNH-IOL DPDK Community Lab
To manage your email subscriptions, visit:
https://lab.dpdk.org/results/dashboard/preferences/subscriptions/
More information about the test-report
mailing list