|FAILURE| pw141123 [PATCH] net/mlx5: add non-template flow metadata
dpdklab at iol.unh.edu
dpdklab at iol.unh.edu
Thu Jun 13 19:18:39 CEST 2024
Test-Label: iol-unit-arm64-testing
Test-Status: FAILURE
http://dpdk.org/patch/141123
_Testing issues_
Submitter: Bing Zhao <bingz at nvidia.com>
Date: Thursday, June 13 2024 12:51:46
DPDK git baseline: Repo:dpdk
Branch: master
CommitID:c1cdfbcc339c2c951bff95854983a8773d9e5b8e
141123 --> testing issues
Test environment and result as below:
+-----------------------------+------------------------------+---------------------------+----------------+--------------+
| Environment | cryptodev_sw_snow3g_autotest | cryptodev_sw_zuc_autotest | dpdk_unit_test | lpm_autotest |
+=============================+==============================+===========================+================+==============+
| Debian 12 (arm) | FAIL | FAIL | FAIL | SKIPPED |
+-----------------------------+------------------------------+---------------------------+----------------+--------------+
| CentOS Stream 9 (ARM) | SKIPPED | SKIPPED | FAIL | SKIPPED |
+-----------------------------+------------------------------+---------------------------+----------------+--------------+
| Debian 11 (Buster) (ARM) | SKIPPED | SKIPPED | FAIL | SKIPPED |
+-----------------------------+------------------------------+---------------------------+----------------+--------------+
| Fedora 37 (ARM) | SKIPPED | SKIPPED | FAIL | SKIPPED |
+-----------------------------+------------------------------+---------------------------+----------------+--------------+
| Fedora 38 (ARM) | SKIPPED | SKIPPED | FAIL | SKIPPED |
+-----------------------------+------------------------------+---------------------------+----------------+--------------+
| Fedora 39 (ARM) | SKIPPED | SKIPPED | FAIL | SKIPPED |
+-----------------------------+------------------------------+---------------------------+----------------+--------------+
| 32-bit Ubuntu 20.04.4 (ARM) | SKIPPED | SKIPPED | PASS | SKIPPED |
+-----------------------------+------------------------------+---------------------------+----------------+--------------+
| Ubuntu 22.04 (ARM) | SKIPPED | SKIPPED | FAIL | SKIPPED |
+-----------------------------+------------------------------+---------------------------+----------------+--------------+
| Ubuntu 20.04 (ARM) | SKIPPED | SKIPPED | FAIL | SKIPPED |
+-----------------------------+------------------------------+---------------------------+----------------+--------------+
| RHEL9 (ARM) | SKIPPED | SKIPPED | FAIL | SKIPPED |
+-----------------------------+------------------------------+---------------------------+----------------+--------------+
| Ubuntu 24.04 (ARM) | SKIPPED | SKIPPED | FAIL | SKIPPED |
+-----------------------------+------------------------------+---------------------------+----------------+--------------+
| Fedora 38 (ARM Clang) | SKIPPED | SKIPPED | FAIL | SKIPPED |
+-----------------------------+------------------------------+---------------------------+----------------+--------------+
| Fedora 39 (ARM Clang) | SKIPPED | SKIPPED | FAIL | SKIPPED |
+-----------------------------+------------------------------+---------------------------+----------------+--------------+
| Ubuntu 20.04 ARM SVE | SKIPPED | SKIPPED | SKIPPED | PASS |
+-----------------------------+------------------------------+---------------------------+----------------+--------------+
==== 20 line log output for Fedora 39 (ARM Clang) (dpdk_unit_test): ====
../drivers/net/mlx5/mlx5_nta_split.c:444:34: error: no member named 'mreg_cp_tbl' in 'struct mlx5_dev_ctx_shared'
444 | mlx5_hlist_unregister(priv->sh->mreg_cp_tbl, &mcp_res->hlist_ent);
| ~~~~~~~~ ^
../drivers/net/mlx5/mlx5_nta_split.c:466:17: error: no member named 'mreg_cp_tbl' in 'struct mlx5_dev_ctx_shared'
466 | if (!priv->sh->mreg_cp_tbl)
| ~~~~~~~~ ^
../drivers/net/mlx5/mlx5_nta_split.c:470:38: error: no member named 'mreg_cp_tbl' in 'struct mlx5_dev_ctx_shared'
470 | entry = mlx5_hlist_lookup(priv->sh->mreg_cp_tbl, mark_id, &ctx);
| ~~~~~~~~ ^
../drivers/net/mlx5/mlx5_nta_split.c:473:34: error: no member named 'mreg_cp_tbl' in 'struct mlx5_dev_ctx_shared'
473 | mlx5_hlist_unregister(priv->sh->mreg_cp_tbl, entry);
| ~~~~~~~~ ^
../drivers/net/mlx5/mlx5_nta_split.c:510:34: error: no member named 'mreg_cp_tbl' in 'struct mlx5_dev_ctx_shared'
510 | if (mlx5_hlist_lookup(priv->sh->mreg_cp_tbl, mark_id, &ctx))
| ~~~~~~~~ ^
7 errors generated.
[1842/3170] Compiling C object 'drivers/a715181@@tmp_rte_net_mlx5 at sta/net_mlx5_linux_mlx5_socket.c.o'.
[1843/3170] Compiling C object 'drivers/a715181@@tmp_rte_net_mlx5 at sta/net_mlx5_mlx5_rxtx_vec.c.o'.
[1844/3170] Compiling C object 'drivers/a715181@@tmp_rte_net_mlx5 at sta/net_mlx5_mlx5_flow_hw.c.o'.
ninja: build stopped: subcommand failed.
==== End log output ====
Debian 12 (arm)
Kernel: Container Host Kernel
Compiler: gcc 12.2.0
CentOS Stream 9 (ARM)
Kernel: Container Host Kernel
Compiler: gcc 11.4.1
Debian 11 (Buster) (ARM)
Kernel: Container Host Kernel
Compiler: gcc 10.2.1
Fedora 37 (ARM)
Kernel: Depends on container host
Compiler: gcc 12.3.1
Fedora 38 (ARM)
Kernel: Depends on container host
Compiler: gcc 13.2.1
Fedora 39 (ARM)
Kernel: Depends on container host
Compiler: gcc 13.2.1
32-bit Ubuntu 20.04.4 (ARM)
Kernel: 5.4.0-155-generic aarch64
Compiler: gcc 9.4
Ubuntu 22.04 (ARM)
Kernel: Container Host Kernel
Compiler: gcc 11.4.0
Ubuntu 20.04 (ARM)
Kernel: Container Host Kernel
Compiler: gcc 9.4.0
RHEL9 (ARM)
Kernel: Depends on container host
Compiler: gcc 11.4.1
Ubuntu 24.04 (ARM)
Kernel: 5.4.0-167-generic
Compiler: gcc 13.2.0
Fedora 38 (ARM Clang)
Kernel: Depends on container host
Compiler: clang 16.0.6
Fedora 39 (ARM Clang)
Kernel: Depends on container host
Compiler: clang 17.0.6
Ubuntu 20.04 ARM SVE
Kernel: 5.4.0-167-generic
Compiler: gcc (Ubuntu 10.5.0-1ubuntu1~20.04) 10.5.0
To view detailed results, visit:
https://lab.dpdk.org/results/dashboard/patchsets/30180/
UNH-IOL DPDK Community Lab
To manage your email subscriptions, visit:
https://lab.dpdk.org/results/dashboard/preferences/subscriptions/
More information about the test-report
mailing list