|FAILURE| pw141123 [PATCH] net/mlx5: add non-template flow metadata

dpdklab at iol.unh.edu dpdklab at iol.unh.edu
Thu Jun 13 19:27:19 CEST 2024


Test-Label: iol-unit-amd64-testing
Test-Status: FAILURE
http://dpdk.org/patch/141123

_Testing issues_

Submitter: Bing Zhao <bingz at nvidia.com>
Date: Thursday, June 13 2024 12:51:46 
DPDK git baseline: Repo:dpdk
  Branch: master
  CommitID:c1cdfbcc339c2c951bff95854983a8773d9e5b8e

141123 --> testing issues

Test environment and result as below:

+---------------------+----------------+
|     Environment     | dpdk_unit_test |
+=====================+================+
| Windows Server 2019 | PASS           |
+---------------------+----------------+
| CentOS Stream 8     | FAIL           |
+---------------------+----------------+
| CentOS Stream 9     | FAIL           |
+---------------------+----------------+
| Debian 12           | FAIL           |
+---------------------+----------------+
| RHEL8               | FAIL           |
+---------------------+----------------+
| Fedora 37           | FAIL           |
+---------------------+----------------+
| Fedora 38           | FAIL           |
+---------------------+----------------+
| RHEL9               | FAIL           |
+---------------------+----------------+
| Fedora 39           | FAIL           |
+---------------------+----------------+
| openSUSE Leap 15    | FAIL           |
+---------------------+----------------+
| Ubuntu 24.04        | FAIL           |
+---------------------+----------------+
| Ubuntu 20.04        | FAIL           |
+---------------------+----------------+
| Ubuntu 22.04        | FAIL           |
+---------------------+----------------+
| Debian Bullseye     | FAIL           |
+---------------------+----------------+
| Windows Server 2022 | PASS           |
+---------------------+----------------+

==== 20 line log output for Debian Bullseye (dpdk_unit_test): ====
444 |  mlx5_hlist_unregister(priv->sh->mreg_cp_tbl, &mcp_res->hlist_ent);
|                                ^~
../drivers/net/mlx5/mlx5_nta_split.c: In function 'mlx5_flow_nta_del_default_copy_action':
../drivers/net/mlx5/mlx5_nta_split.c:466:15: error: 'struct mlx5_dev_ctx_shared' has no member named 'mreg_cp_tbl'
466 |  if (!priv->sh->mreg_cp_tbl)
|               ^~
../drivers/net/mlx5/mlx5_nta_split.c:470:36: error: 'struct mlx5_dev_ctx_shared' has no member named 'mreg_cp_tbl'
470 |  entry = mlx5_hlist_lookup(priv->sh->mreg_cp_tbl, mark_id, &ctx);
|                                    ^~
../drivers/net/mlx5/mlx5_nta_split.c:473:32: error: 'struct mlx5_dev_ctx_shared' has no member named 'mreg_cp_tbl'
473 |  mlx5_hlist_unregister(priv->sh->mreg_cp_tbl, entry);
|                                ^~
../drivers/net/mlx5/mlx5_nta_split.c: In function 'mlx5_flow_nta_add_default_copy_action':
../drivers/net/mlx5/mlx5_nta_split.c:510:32: error: 'struct mlx5_dev_ctx_shared' has no member named 'mreg_cp_tbl'
510 |  if (mlx5_hlist_lookup(priv->sh->mreg_cp_tbl, mark_id, &ctx))
|                                ^~
[1762/2870] Compiling C object 'drivers/a715181@@tmp_rte_net_mlx5 at sta/net_mlx5_mlx5_flow_verbs.c.o'.
[1763/2870] Compiling C object 'drivers/a715181@@tmp_rte_net_mlx5 at sta/net_mlx5_mlx5_tx_txpp.c.o'.
[1764/2870] Compiling C object 'drivers/a715181@@tmp_rte_net_mlx5 at sta/net_mlx5_mlx5_flow_hw.c.o'.
ninja: build stopped: subcommand failed.
==== End log output ====

Windows Server 2019
	Kernel: 10.0.17763
	Compiler: clang 14.0 and gcc 8.1.0 (MinGW)

CentOS Stream 8
	Kernel: 5.4.0-167-generic
	Compiler: gcc 8.5.0 20210514

CentOS Stream 9
	Kernel: 5.4.0-167-generic
	Compiler: gcc 11.4.1 20230605

Debian 12
	Kernel: Container Host Kernel
	Compiler: gcc 12.2.0

RHEL8
	Kernel: 5.4.0-167-generic
	Compiler: gcc 8.5.0 20210514 (Red Hat 8.5.0-20)

Fedora 37
	Kernel: Depends on container host system
	Compiler: gcc 12.3.1

Fedora 38
	Kernel: Depends on container host
	Compiler: gcc 13.2.1

RHEL9
	Kernel: Depends on container host
	Compiler: gcc 11.4.1

Fedora 39
	Kernel: Depends on container host
	Compiler: gcc 13.2.1

openSUSE Leap 15
	Kernel: 5.4.0-167-generic
	Compiler: gcc 7.5.0

Ubuntu 24.04
	Kernel: 5.4.0-167-generic
	Compiler: gcc 13.2.0

Ubuntu 20.04
	Kernel: 5.4.0-167-generic
	Compiler: gcc 9.4.0-1ubuntu1~20.04.1

Ubuntu 22.04
	Kernel: 5.4.0-167-generic
	Compiler: gcc 11.4.0

Debian Bullseye
	Kernel: 5.4.0-167-generic
	Compiler: gcc 10.2.1-6

Windows Server 2022
	Kernel: 10.0.20348.2031
	Compiler: clang 15.0.7, gcc 8.1.0 (MinGW), and MSVC VS 17.9

To view detailed results, visit:
https://lab.dpdk.org/results/dashboard/patchsets/30180/

UNH-IOL DPDK Community Lab

To manage your email subscriptions, visit: 
https://lab.dpdk.org/results/dashboard/preferences/subscriptions/


More information about the test-report mailing list