|FAILURE| [GIT MASTER] 49b2102bf9fea000d36860353016a5c6ddf993a9

dpdklab at iol.unh.edu dpdklab at iol.unh.edu
Fri Jun 14 06:35:21 CEST 2024


_Testing issues_

Branch: tags/v21.11

49b2102bf9fea000d36860353016a5c6ddf993a9 --> testing issues

Test environment and result as below:

+---------------------+--------------------+----------------------+
|     Environment     | dpdk_meson_compile | dpdk_mingw64_compile |
+=====================+====================+======================+
| Windows Server 2019 | PASS               | PASS                 |
+---------------------+--------------------+----------------------+
| FreeBSD 13.3        | PASS               | SKIPPED              |
+---------------------+--------------------+----------------------+
| Windows Server 2022 | PASS               | PASS                 |
+---------------------+--------------------+----------------------+
| Ubuntu 24.04        | FAIL               | SKIPPED              |
+---------------------+--------------------+----------------------+
| FreeBSD 14.1        | PASS               | SKIPPED              |
+---------------------+--------------------+----------------------+

==== 20 line log output for Ubuntu 24.04 (dpdk_meson_compile): ====
inlined from 'pcapng_add_option' at ../lib/pcapng/rte_pcapng.c:112:2,
inlined from 'pcapng_section_block' at ../lib/pcapng/rte_pcapng.c:175:8,
inlined from 'rte_pcapng_fdopen' at ../lib/pcapng/rte_pcapng.c:626:6:
/usr/include/x86_64-linux-gnu/bits/string_fortified.h:29:10: error: argument 2 null where non-null expected [-Werror=nonnull]
29 |   return __builtin___memcpy_chk (__dest, __src, __len,
|          ^~~~~~~~~~~~~~~~~~~~~~~~~~~~~~~~~~~~~~~~~~~~~
30 |                                  __glibc_objsize0 (__dest));
|                                  ~~~~~~~~~~~~~~~~~~~~~~~~~~
/usr/include/x86_64-linux-gnu/bits/string_fortified.h:29:10: note: in a call to built-in function '__builtin___memcpy_chk'
In function 'memcpy',
inlined from 'pcapng_add_option' at ../lib/pcapng/rte_pcapng.c:112:2,
inlined from 'rte_pcapng_write_stats' at ../lib/pcapng/rte_pcapng.c:350:9:
/usr/include/x86_64-linux-gnu/bits/string_fortified.h:29:10: error: argument 2 null where non-null expected [-Werror=nonnull]
29 |   return __builtin___memcpy_chk (__dest, __src, __len,
|          ^~~~~~~~~~~~~~~~~~~~~~~~~~~~~~~~~~~~~~~~~~~~~
30 |                                  __glibc_objsize0 (__dest));
|                                  ~~~~~~~~~~~~~~~~~~~~~~~~~~
/usr/include/x86_64-linux-gnu/bits/string_fortified.h:29:10: note: in a call to built-in function '__builtin___memcpy_chk'
cc1: all warnings being treated as errors
ninja: build stopped: subcommand failed.
==== End log output ====

Windows Server 2019
	Kernel: 10.0.17763
	Compiler: clang 14.0 and gcc 8.1.0 (MinGW)

FreeBSD 13.3
	Kernel: 13.3-RELEASE-p1
	Compiler: clang 17.0.6

Windows Server 2022
	Kernel: 10.0.20348.2031
	Compiler: clang 15.0.7, gcc 8.1.0 (MinGW), and MSVC VS 17.9

Ubuntu 24.04
	Kernel: 5.4.0-167-generic
	Compiler: gcc 13.2.0

FreeBSD 14.1
	Kernel: 14.1
	Compiler: clang 18.1.5

To view detailed results, visit:
https://lab.dpdk.org/results/dashboard/tarballs/29434/

UNH-IOL DPDK Community Lab

To manage your email subscriptions, visit: 
https://lab.dpdk.org/results/dashboard/preferences/subscriptions/


More information about the test-report mailing list