|WARNING| [GIT MASTER] a409653a123bf105970a25c594711a3cdc44d139

dpdklab at iol.unh.edu dpdklab at iol.unh.edu
Fri Jun 14 11:44:12 CEST 2024


_Testing issues_

Branch: tags/v22.11

a409653a123bf105970a25c594711a3cdc44d139 --> testing issues

Test environment and result as below:

+-----------------------------+----------------+---------------------------+------------------------------+--------------+
|         Environment         | dpdk_unit_test | cryptodev_sw_zuc_autotest | cryptodev_sw_snow3g_autotest | lpm_autotest |
+=============================+================+===========================+==============================+==============+
| 32-bit Ubuntu 20.04.4 (ARM) | PASS           | SKIPPED                   | SKIPPED                      | SKIPPED      |
+-----------------------------+----------------+---------------------------+------------------------------+--------------+
| Debian 12 (arm)             | SKIPPED        | PASS                      | PASS                         | SKIPPED      |
+-----------------------------+----------------+---------------------------+------------------------------+--------------+
| Ubuntu 20.04 ARM SVE        | SKIPPED        | SKIPPED                   | SKIPPED                      | FAIL         |
+-----------------------------+----------------+---------------------------+------------------------------+--------------+

==== 20 line log output for Ubuntu 20.04 ARM SVE (lpm_autotest): ====
[683/690] Compiling C object 'app/test/3062f5d@@dpdk-test at exe/test_version.c.o'.
[684/690] Compiling C object 'app/test/3062f5d@@dpdk-test at exe/test_telemetry_data.c.o'.
[685/690] Compiling C object 'app/test/3062f5d@@dpdk-test at exe/test_pcapng.c.o'.
[686/690] Compiling C object 'app/test/3062f5d@@dpdk-test at exe/test_telemetry_json.c.o'.
[687/690] Compiling C object 'app/test/3062f5d@@dpdk-test at exe/virtual_pmd.c.o'.
[688/690] Compiling C object 'app/test/3062f5d@@dpdk-test at exe/test_trace_perf.c.o'.
[689/690] Compiling C object 'app/test/3062f5d@@dpdk-test at exe/test_compressdev.c.o'.
[690/690] Linking target app/test/dpdk-test.
ninja: Entering directory `/home-local/jenkins-local/jenkins-agent/workspace/Generic-Unit-Test-DPDK/dpdk/build'
ninja: no work to do.
1/1 DPDK:fast-tests / lpm_autotest          TIMEOUT 10.11 s

Ok:                    0
Expected Fail:         0
Fail:                  0
Unexpected Pass:       0
Skipped:               0
Timeout:               1

Full log written to /home-local/jenkins-local/jenkins-agent/workspace/Generic-Unit-Test-DPDK/dpdk/build/meson-logs/testlog.txt
==== End log output ====

32-bit Ubuntu 20.04.4 (ARM)
	Kernel: 5.4.0-155-generic aarch64
	Compiler: gcc 9.4

Debian 12 (arm)
	Kernel: Container Host Kernel
	Compiler: gcc 12.2.0

Ubuntu 20.04 ARM SVE
	Kernel: 5.4.0-167-generic
	Compiler: gcc (Ubuntu 10.5.0-1ubuntu1~20.04) 10.5.0

To view detailed results, visit:
https://lab.dpdk.org/results/dashboard/tarballs/29435/

UNH-IOL DPDK Community Lab

To manage your email subscriptions, visit: 
https://lab.dpdk.org/results/dashboard/preferences/subscriptions/


More information about the test-report mailing list