|FAILURE| pw141154-141156 [PATCH] [v3,3/3] Config schema

dpdklab at iol.unh.edu dpdklab at iol.unh.edu
Sat Jun 15 02:23:54 CEST 2024


Test-Label: iol-unit-amd64-testing
Test-Status: FAILURE
http://dpdk.org/patch/141156

_Testing issues_

Submitter: Dean Marx <dmarx at iol.unh.edu>
Date: Friday, June 14 2024 15:02:38 
DPDK git baseline: Repo:dpdk
  Branch: master
  CommitID:c7f7b4172533257e8ed4328be400cbe7644ea4e3

141154-141156 --> testing issues

Test environment and result as below:

+---------------------+----------------+
|     Environment     | dpdk_unit_test |
+=====================+================+
| Windows Server 2019 | PASS           |
+---------------------+----------------+
| Debian Bullseye     | PASS           |
+---------------------+----------------+
| CentOS Stream 8     | PASS           |
+---------------------+----------------+
| CentOS Stream 9     | FAIL           |
+---------------------+----------------+
| Windows Server 2022 | PASS           |
+---------------------+----------------+
| Debian 12           | PASS           |
+---------------------+----------------+
| Fedora 37           | PASS           |
+---------------------+----------------+
| Fedora 38           | PASS           |
+---------------------+----------------+
| Fedora 40           | PASS           |
+---------------------+----------------+
| Fedora 39           | PASS           |
+---------------------+----------------+

==== 20 line log output for CentOS Stream 9 (dpdk_unit_test): ====
102/112 DPDK:fast-tests / telemetry_data_autotest  OK       0.22 s
103/112 DPDK:fast-tests / telemetry_json_autotest  OK       0.22 s
104/112 DPDK:fast-tests / thash_autotest        OK       0.22 s
105/112 DPDK:fast-tests / threads_autotest      OK       0.37 s
106/112 DPDK:fast-tests / ticketlock_autotest   OK       0.22 s
107/112 DPDK:fast-tests / timer_autotest        OK       2.52 s
108/112 DPDK:fast-tests / trace_autotest        OK       0.22 s
109/112 DPDK:fast-tests / trace_autotest_with_traces  OK       0.22 s
110/112 DPDK:fast-tests / vdev_autotest         OK       0.22 s
111/112 DPDK:fast-tests / version_autotest      OK       0.22 s
112/112 DPDK:fast-tests / telemetry_all         SKIP     0.01 s

Ok:                  101
Expected Fail:         0
Fail:                  1
Unexpected Pass:       0
Skipped:              10
Timeout:               0

Full log written to /home-local/jenkins-local/jenkins-agent/workspace/Generic-Unit-Test-DPDK/dpdk/build/meson-logs/testlog.txt
==== End log output ====

Windows Server 2019
	Kernel: 10.0.17763
	Compiler: clang 14.0 and gcc 8.1.0 (MinGW)

Debian Bullseye
	Kernel: 5.4.0-167-generic
	Compiler: gcc 10.2.1-6

CentOS Stream 8
	Kernel: 5.4.0-167-generic
	Compiler: gcc 8.5.0 20210514

CentOS Stream 9
	Kernel: 5.4.0-167-generic
	Compiler: gcc 11.4.1 20230605

Windows Server 2022
	Kernel: 10.0.20348.2031
	Compiler: clang 15.0.7, gcc 8.1.0 (MinGW), and MSVC VS 17.9

Debian 12
	Kernel: Container Host Kernel
	Compiler: gcc 12.2.0

Fedora 37
	Kernel: Depends on container host system
	Compiler: gcc 12.3.1

Fedora 38
	Kernel: Depends on container host
	Compiler: gcc 13.2.1

Fedora 40
	Kernel: Depends on container host
	Compiler: gcc 14.1.1

Fedora 39
	Kernel: Depends on container host
	Compiler: gcc 13.2.1

To view detailed results, visit:
https://lab.dpdk.org/results/dashboard/patchsets/30194/

UNH-IOL DPDK Community Lab

To manage your email subscriptions, visit: 
https://lab.dpdk.org/results/dashboard/preferences/subscriptions/


More information about the test-report mailing list