|FAILURE| [GIT MASTER] a409653a123bf105970a25c594711a3cdc44d139
dpdklab at iol.unh.edu
dpdklab at iol.unh.edu
Tue Jun 18 09:51:14 CEST 2024
_Testing issues_
Branch: tags/v22.11
a409653a123bf105970a25c594711a3cdc44d139 --> testing issues
Test environment and result as below:
+------------------+----------------+
| Environment | dpdk_unit_test |
+==================+================+
| Debian Bullseye | PASS |
+------------------+----------------+
| Fedora 37 | PASS |
+------------------+----------------+
| CentOS Stream 8 | PASS |
+------------------+----------------+
| Fedora 38 | PASS |
+------------------+----------------+
| CentOS Stream 9 | PASS |
+------------------+----------------+
| Fedora 39 | PASS |
+------------------+----------------+
| Debian 12 | PASS |
+------------------+----------------+
| Fedora 40 | PASS |
+------------------+----------------+
| RHEL8 | PASS |
+------------------+----------------+
| RHEL 7 | PASS |
+------------------+----------------+
| RHEL9 | PASS |
+------------------+----------------+
| openSUSE Leap 15 | PASS |
+------------------+----------------+
| Ubuntu 24.04 | FAIL |
+------------------+----------------+
| Ubuntu 22.04 | PASS |
+------------------+----------------+
| Ubuntu 20.04 | PASS |
+------------------+----------------+
==== 20 line log output for Ubuntu 24.04 (dpdk_unit_test): ====
/usr/include/x86_64-linux-gnu/bits/string_fortified.h:29:10: error: argument 2 null where non-null expected [-Werror=nonnull]
29 | return __builtin___memcpy_chk (__dest, __src, __len,
| ^~~~~~~~~~~~~~~~~~~~~~~~~~~~~~~~~~~~~~~~~~~~~
30 | __glibc_objsize0 (__dest));
| ~~~~~~~~~~~~~~~~~~~~~~~~~~
/usr/include/x86_64-linux-gnu/bits/string_fortified.h:29:10: note: in a call to built-in function '__builtin___memcpy_chk'
In function 'memcpy',
inlined from 'pcapng_add_option' at ../lib/pcapng/rte_pcapng.c:113:2,
inlined from 'rte_pcapng_write_stats' at ../lib/pcapng/rte_pcapng.c:351:9:
/usr/include/x86_64-linux-gnu/bits/string_fortified.h:29:10: error: argument 2 null where non-null expected [-Werror=nonnull]
29 | return __builtin___memcpy_chk (__dest, __src, __len,
| ^~~~~~~~~~~~~~~~~~~~~~~~~~~~~~~~~~~~~~~~~~~~~
30 | __glibc_objsize0 (__dest));
| ~~~~~~~~~~~~~~~~~~~~~~~~~~
/usr/include/x86_64-linux-gnu/bits/string_fortified.h:29:10: note: in a call to built-in function '__builtin___memcpy_chk'
cc1: all warnings being treated as errors
[381/3510] Generating symbol file 'lib/76b5a35@@rte_lpm at sha/librte_lpm.so.23.0.symbols'.
[382/3510] Generating member.sym_chk with a meson_exe.py custom command.
[383/3510] Compiling C object 'lib/76b5a35@@rte_power at sta/power_power_acpi_cpufreq.c.o'.
ninja: build stopped: subcommand failed.
==== End log output ====
Debian Bullseye
Kernel: 5.4.0-167-generic
Compiler: gcc 10.2.1-6
Fedora 37
Kernel: Depends on container host system
Compiler: gcc 12.3.1
CentOS Stream 8
Kernel: 5.4.0-167-generic
Compiler: gcc 8.5.0 20210514
Fedora 38
Kernel: Depends on container host
Compiler: gcc 13.2.1
CentOS Stream 9
Kernel: 5.4.0-167-generic
Compiler: gcc 11.4.1 20230605
Fedora 39
Kernel: Depends on container host
Compiler: gcc 13.2.1
Debian 12
Kernel: Container Host Kernel
Compiler: gcc 12.2.0
Fedora 40
Kernel: Depends on container host
Compiler: clang 18.1.6
RHEL8
Kernel: 5.4.0-167-generic
Compiler: gcc 8.5.0 20210514 (Red Hat 8.5.0-20)
RHEL 7
Kernel: 5.4.0-167-generic
Compiler: gcc 4.8.5 20150623 (Red Hat 4.8.5-44)
RHEL9
Kernel: Depends on container host
Compiler: gcc 11.4.1
openSUSE Leap 15
Kernel: 5.4.0-167-generic
Compiler: gcc 7.5.0
Ubuntu 24.04
Kernel: 5.4.0-167-generic
Compiler: gcc 13.2.0
Ubuntu 22.04
Kernel: 5.4.0-167-generic
Compiler: gcc 11.4.0
Ubuntu 20.04
Kernel: 5.4.0-167-generic
Compiler: gcc 9.4.0-1ubuntu1~20.04.1
To view detailed results, visit:
https://lab.dpdk.org/results/dashboard/tarballs/29478/
UNH-IOL DPDK Community Lab
To manage your email subscriptions, visit:
https://lab.dpdk.org/results/dashboard/preferences/subscriptions/
More information about the test-report
mailing list