|FAILURE| [GIT MASTER] 49b2102bf9fea000d36860353016a5c6ddf993a9

dpdklab at iol.unh.edu dpdklab at iol.unh.edu
Wed Jun 19 15:29:58 CEST 2024


_Testing issues_

Branch: tags/v21.11

49b2102bf9fea000d36860353016a5c6ddf993a9 --> testing issues

Test environment and result as below:

+-----------------+----------------+
|   Environment   | dpdk_unit_test |
+=================+================+
| CentOS Stream 9 | FAIL           |
+-----------------+----------------+
| Fedora 37       | FAIL           |
+-----------------+----------------+
| CentOS Stream 8 | PASS           |
+-----------------+----------------+
| RHEL 7          | PASS           |
+-----------------+----------------+
| Debian Bullseye | PASS           |
+-----------------+----------------+
| Debian 12       | FAIL           |
+-----------------+----------------+
| Fedora 38       | FAIL           |
+-----------------+----------------+
| Fedora 40       | FAIL           |
+-----------------+----------------+

==== 20 line log output for Fedora 40 (dpdk_unit_test): ====
Expected Fail:         0
Fail:                  0
Unexpected Pass:       0
Skipped:               6
Timeout:               0

Full log written to /home-local/jenkins-local/jenkins-agent/workspace/Generic-Unit-Test-DPDK/dpdk/build/meson-logs/testlog.txt
ninja: Entering directory `/home-local/jenkins-local/jenkins-agent/workspace/Generic-Unit-Test-DPDK/dpdk/build'
ninja: no work to do.
1/2 DPDK:driver-tests / cryptodev_openssl_autotest  FAIL     0.49 s (exit status 255 or signal 127 SIGinvalid)
2/2 DPDK:driver-tests / cryptodev_openssl_asym_autotest  OK       0.21 s

Ok:                    1
Expected Fail:         0
Fail:                  1
Unexpected Pass:       0
Skipped:               0
Timeout:               0

Full log written to /home-local/jenkins-local/jenkins-agent/workspace/Generic-Unit-Test-DPDK/dpdk/build/meson-logs/testlog.txt
==== End log output ====

CentOS Stream 9
	Kernel: 5.4.0-167-generic
	Compiler: gcc 11.4.1 20230605

Fedora 37
	Kernel: Depends on container host system
	Compiler: gcc 12.3.1

CentOS Stream 8
	Kernel: 5.4.0-167-generic
	Compiler: gcc 8.5.0 20210514

RHEL 7
	Kernel: 5.4.0-167-generic
	Compiler: gcc 4.8.5 20150623 (Red Hat 4.8.5-44)

Debian Bullseye
	Kernel: 5.4.0-167-generic
	Compiler: gcc 10.2.1-6

Debian 12
	Kernel: Container Host Kernel
	Compiler: gcc 12.2.0

Fedora 38
	Kernel: Depends on container host
	Compiler: clang 16.0.6

Fedora 40
	Kernel: Depends on container host
	Compiler: clang 18.1.6

To view detailed results, visit:
https://lab.dpdk.org/results/dashboard/tarballs/29499/

UNH-IOL DPDK Community Lab

To manage your email subscriptions, visit: 
https://lab.dpdk.org/results/dashboard/preferences/subscriptions/


More information about the test-report mailing list