|FAILURE| [GIT MASTER] a6ec5765cf83d3d58cbd6d4ed5b92b4a06f8a808

dpdklab at iol.unh.edu dpdklab at iol.unh.edu
Thu Jun 20 12:26:09 CEST 2024


_Testing issues_

Branch: tags/v23.11

a6ec5765cf83d3d58cbd6d4ed5b92b4a06f8a808 --> testing issues

Test environment and result as below:

+---------------------+--------------------+-------------------+----------------------+------------------+-------------------+
|     Environment     | dpdk_meson_compile | dpdk_msvc_compile | dpdk_mingw64_compile | dpdk_compile_ovs | dpdk_compile_spdk |
+=====================+====================+===================+======================+==================+===================+
| FreeBSD 13.3        | PASS               | SKIPPED           | SKIPPED              | SKIPPED          | SKIPPED           |
+---------------------+--------------------+-------------------+----------------------+------------------+-------------------+
| Windows Server 2022 | PASS               | PASS              | PASS                 | SKIPPED          | SKIPPED           |
+---------------------+--------------------+-------------------+----------------------+------------------+-------------------+
| Windows Server 2019 | PASS               | SKIPPED           | PASS                 | SKIPPED          | SKIPPED           |
+---------------------+--------------------+-------------------+----------------------+------------------+-------------------+
| FreeBSD 14.1        | PASS               | SKIPPED           | SKIPPED              | SKIPPED          | SKIPPED           |
+---------------------+--------------------+-------------------+----------------------+------------------+-------------------+
| CentOS Stream 8     | PASS               | SKIPPED           | SKIPPED              | PASS             | PASS              |
+---------------------+--------------------+-------------------+----------------------+------------------+-------------------+
| Debian Bullseye     | PASS               | SKIPPED           | SKIPPED              | PASS             | PASS              |
+---------------------+--------------------+-------------------+----------------------+------------------+-------------------+
| Fedora 37           | PASS               | SKIPPED           | SKIPPED              | PASS             | PASS              |
+---------------------+--------------------+-------------------+----------------------+------------------+-------------------+
| CentOS Stream 9     | PASS               | SKIPPED           | SKIPPED              | PASS             | PASS              |
+---------------------+--------------------+-------------------+----------------------+------------------+-------------------+
| Fedora 39           | PASS               | SKIPPED           | SKIPPED              | PASS             | PASS              |
+---------------------+--------------------+-------------------+----------------------+------------------+-------------------+
| Debian 12           | PASS               | SKIPPED           | SKIPPED              | PASS             | PASS              |
+---------------------+--------------------+-------------------+----------------------+------------------+-------------------+
| Fedora 38           | PASS               | SKIPPED           | SKIPPED              | PASS             | PASS              |
+---------------------+--------------------+-------------------+----------------------+------------------+-------------------+
| RHEL8               | PASS               | SKIPPED           | SKIPPED              | PASS             | SKIPPED           |
+---------------------+--------------------+-------------------+----------------------+------------------+-------------------+
| Ubuntu 24.04        | FAIL               | SKIPPED           | SKIPPED              | SKIPPED          | SKIPPED           |
+---------------------+--------------------+-------------------+----------------------+------------------+-------------------+
| Fedora 40           | PASS               | SKIPPED           | SKIPPED              | PASS             | SKIPPED           |
+---------------------+--------------------+-------------------+----------------------+------------------+-------------------+

==== 20 line log output for Ubuntu 24.04 (dpdk_meson_compile): ====
In function 'memcpy',
inlined from 'pcapng_add_option' at ../lib/pcapng/rte_pcapng.c:131:2,
inlined from 'rte_pcapng_add_interface' at ../lib/pcapng/rte_pcapng.c:308:8:
/usr/include/x86_64-linux-gnu/bits/string_fortified.h:29:10: error: argument 2 null where non-null expected [-Werror=nonnull]
29 |   return __builtin___memcpy_chk (__dest, __src, __len,
|          ^~~~~~~~~~~~~~~~~~~~~~~~~~~~~~~~~~~~~~~~~~~~~
30 |                                  __glibc_objsize0 (__dest));
|                                  ~~~~~~~~~~~~~~~~~~~~~~~~~~
/usr/include/x86_64-linux-gnu/bits/string_fortified.h:29:10: note: in a call to built-in function '__builtin___memcpy_chk'
In function 'memcpy',
inlined from 'pcapng_add_option' at ../lib/pcapng/rte_pcapng.c:131:2,
inlined from 'rte_pcapng_write_stats' at ../lib/pcapng/rte_pcapng.c:371:9:
/usr/include/x86_64-linux-gnu/bits/string_fortified.h:29:10: error: argument 2 null where non-null expected [-Werror=nonnull]
29 |   return __builtin___memcpy_chk (__dest, __src, __len,
|          ^~~~~~~~~~~~~~~~~~~~~~~~~~~~~~~~~~~~~~~~~~~~~
30 |                                  __glibc_objsize0 (__dest));
|                                  ~~~~~~~~~~~~~~~~~~~~~~~~~~
/usr/include/x86_64-linux-gnu/bits/string_fortified.h:29:10: note: in a call to built-in function '__builtin___memcpy_chk'
cc1: all warnings being treated as errors
ninja: build stopped: subcommand failed.
==== End log output ====

FreeBSD 13.3
	Kernel: 13.3-RELEASE-p1
	Compiler: clang 17.0.6

Windows Server 2022
	Kernel: 10.0.20348.2031
	Compiler: clang 15.0.7, gcc 8.1.0 (MinGW), and MSVC VS 17.9

Windows Server 2019
	Kernel: 10.0.17763
	Compiler: clang 14.0 and gcc 8.1.0 (MinGW)

FreeBSD 14.1
	Kernel: 14.1
	Compiler: clang 18.1.5

CentOS Stream 8
	Kernel: 5.4.0-167-generic
	Compiler: gcc 8.5.0 20210514

Debian Bullseye
	Kernel: 5.4.0-167-generic
	Compiler: gcc 10.2.1-6

Fedora 37
	Kernel: Depends on container host system
	Compiler: gcc 12.3.1

CentOS Stream 9
	Kernel: 5.4.0-167-generic
	Compiler: gcc 11.4.1 20230605

Fedora 39
	Kernel: Depends on container host
	Compiler: clang 17.0.6

Debian 12
	Kernel: Container Host Kernel
	Compiler: gcc 12.2.0

Fedora 38
	Kernel: Depends on container host
	Compiler: clang 16.0.6

RHEL8
	Kernel: 5.4.0-167-generic
	Compiler: gcc 8.5.0 20210514 (Red Hat 8.5.0-20)

Ubuntu 24.04
	Kernel: 5.4.0-167-generic
	Compiler: gcc 13.2.0

Fedora 40
	Kernel: Depends on container host
	Compiler: clang 18.1.6

To view detailed results, visit:
https://lab.dpdk.org/results/dashboard/tarballs/29513/

UNH-IOL DPDK Community Lab

To manage your email subscriptions, visit: 
https://lab.dpdk.org/results/dashboard/preferences/subscriptions/


More information about the test-report mailing list