|FAILURE| pw141485-141486 [PATCH] [v3,2/2] eventdev: add support for

dpdklab at iol.unh.edu dpdklab at iol.unh.edu
Sat Jun 22 01:52:24 CEST 2024


Test-Label: iol-unit-amd64-testing
Test-Status: FAILURE
http://dpdk.org/patch/141486

_Testing issues_

Submitter: Abdullah Sevincer <abdullah.sevincer at intel.com>
Date: Friday, June 21 2024 22:24:08 
DPDK git baseline: Repo:dpdk
  Branch: master
  CommitID:4a44d97f0a52a76258c6a6cb6a713f4380a8ab1f

141485-141486 --> testing issues

Test environment and result as below:

+---------------------+----------------+
|     Environment     | dpdk_unit_test |
+=====================+================+
| Windows Server 2019 | PASS           |
+---------------------+----------------+
| CentOS Stream 8     | PASS           |
+---------------------+----------------+
| CentOS Stream 9     | PASS           |
+---------------------+----------------+
| Debian Bullseye     | PASS           |
+---------------------+----------------+
| Debian 12           | PASS           |
+---------------------+----------------+
| Fedora 37           | PASS           |
+---------------------+----------------+
| Windows Server 2022 | PASS           |
+---------------------+----------------+
| Fedora 38           | PASS           |
+---------------------+----------------+
| Fedora 39           | PASS           |
+---------------------+----------------+
| Fedora 40           | PASS           |
+---------------------+----------------+
| openSUSE Leap 15    | FAIL           |
+---------------------+----------------+

==== 20 line log output for openSUSE Leap 15 (dpdk_unit_test): ====
__m128i new_qes[4], *from;
^~~~
../drivers/event/dlb2/dlb2.c: In function 'dlb2_event_dequeue_burst_sparse':
../drivers/event/dlb2/dlb2.c:3154:4: error: 'from' may be used uninitialized in this function [-Werror=maybe-uninitialized]
memcpy(tmp, from, p_cnt * sizeof(struct dlb2_enqueue_qe));
^~~~~~~~~~~~~~~~~~~~~~~~~~~~~~~~~~~~~~~~~~~~~~~~~~~~~~~~~
../drivers/event/dlb2/dlb2.c:3064:23: note: 'from' was declared here
__m128i new_qes[4], *from;
^~~~
../drivers/event/dlb2/dlb2.c:3154:4: error: 'from' may be used uninitialized in this function [-Werror=maybe-uninitialized]
memcpy(tmp, from, p_cnt * sizeof(struct dlb2_enqueue_qe));
^~~~~~~~~~~~~~~~~~~~~~~~~~~~~~~~~~~~~~~~~~~~~~~~~~~~~~~~~
../drivers/event/dlb2/dlb2.c:3064:23: note: 'from' was declared here
__m128i new_qes[4], *from;
^~~~
cc1: all warnings being treated as errors
[2439/2878] Generating rte_event_cnxk.sym_chk with a meson_exe.py custom command.
[2440/2878] Compiling C object 'drivers/a715181@@tmp_rte_event_dlb2 at sta/event_dlb2_dlb2_selftest.c.o'.
[2441/2878] Compiling C object 'drivers/a715181@@tmp_rte_event_dlb2 at sta/event_dlb2_pf_base_dlb2_resource.c.o'.
ninja: build stopped: subcommand failed.
==== End log output ====

Windows Server 2019
	Kernel: 10.0.17763
	Compiler: clang 14.0 and gcc 8.1.0 (MinGW)

CentOS Stream 8
	Kernel: 5.4.0-167-generic
	Compiler: gcc 8.5.0 20210514

CentOS Stream 9
	Kernel: 5.4.0-167-generic
	Compiler: gcc 11.4.1 20230605

Debian Bullseye
	Kernel: 5.4.0-167-generic
	Compiler: gcc 10.2.1-6

Debian 12
	Kernel: Container Host Kernel
	Compiler: gcc 12.2.0

Fedora 37
	Kernel: Depends on container host system
	Compiler: gcc 12.3.1

Windows Server 2022
	Kernel: 10.0.20348.2031
	Compiler: clang 15.0.7, gcc 8.1.0 (MinGW), and MSVC VS 17.9

Fedora 38
	Kernel: Depends on container host
	Compiler: clang 16.0.6

Fedora 39
	Kernel: Depends on container host
	Compiler: gcc 13.2.1

Fedora 40
	Kernel: Depends on container host
	Compiler: gcc 14.1.1

openSUSE Leap 15
	Kernel: 5.4.0-167-generic
	Compiler: gcc 7.5.0

To view detailed results, visit:
https://lab.dpdk.org/results/dashboard/patchsets/30275/

UNH-IOL DPDK Community Lab

To manage your email subscriptions, visit: 
https://lab.dpdk.org/results/dashboard/preferences/subscriptions/


More information about the test-report mailing list