|FAILURE| pw141524-141529 [PATCH] [6/6] common/cnxk: flow aginig del

dpdklab at iol.unh.edu dpdklab at iol.unh.edu
Mon Jun 24 13:41:14 CEST 2024


Test-Label: iol-unit-arm64-testing
Test-Status: FAILURE
http://dpdk.org/patch/141529

_Testing issues_

Submitter: Harman Kalra <hkalra at marvell.com>
Date: Monday, June 24 2024 07:48:21 
DPDK git baseline: Repo:dpdk
  Branch: master
  CommitID:4a44d97f0a52a76258c6a6cb6a713f4380a8ab1f

141524-141529 --> testing issues

Test environment and result as below:

+-----------------------------+------------------------------+---------------------------+----------------+
|         Environment         | cryptodev_sw_snow3g_autotest | cryptodev_sw_zuc_autotest | dpdk_unit_test |
+=============================+==============================+===========================+================+
| Debian 12 (arm)             | PASS                         | PASS                      | PASS           |
+-----------------------------+------------------------------+---------------------------+----------------+
| CentOS Stream 9 (ARM)       | SKIPPED                      | SKIPPED                   | PASS           |
+-----------------------------+------------------------------+---------------------------+----------------+
| Debian 11 (Buster) (ARM)    | SKIPPED                      | SKIPPED                   | PASS           |
+-----------------------------+------------------------------+---------------------------+----------------+
| Fedora 38 (ARM Clang)       | SKIPPED                      | SKIPPED                   | FAIL           |
+-----------------------------+------------------------------+---------------------------+----------------+
| Fedora 38 (ARM)             | SKIPPED                      | SKIPPED                   | PASS           |
+-----------------------------+------------------------------+---------------------------+----------------+
| Fedora 39 (ARM)             | SKIPPED                      | SKIPPED                   | PASS           |
+-----------------------------+------------------------------+---------------------------+----------------+
| Fedora 39 (ARM Clang)       | SKIPPED                      | SKIPPED                   | FAIL           |
+-----------------------------+------------------------------+---------------------------+----------------+
| Fedora 40 (ARM Clang)       | SKIPPED                      | SKIPPED                   | FAIL           |
+-----------------------------+------------------------------+---------------------------+----------------+
| RHEL9 (ARM)                 | SKIPPED                      | SKIPPED                   | PASS           |
+-----------------------------+------------------------------+---------------------------+----------------+
| Ubuntu 20.04 (ARM)          | SKIPPED                      | SKIPPED                   | PASS           |
+-----------------------------+------------------------------+---------------------------+----------------+
| Fedora 40 (ARM)             | SKIPPED                      | SKIPPED                   | PASS           |
+-----------------------------+------------------------------+---------------------------+----------------+
| 32-bit Ubuntu 20.04.4 (ARM) | SKIPPED                      | SKIPPED                   | PASS           |
+-----------------------------+------------------------------+---------------------------+----------------+

==== 20 line log output for Fedora 40 (ARM Clang) (dpdk_unit_test): ====
[1219/3198] Compiling C object 'drivers/a715181@@tmp_rte_net_cnxk at sta/net_cnxk_cnxk_ethdev_sec.c.o'.
[1220/3198] Compiling C object 'drivers/a715181@@tmp_rte_net_cnxk at sta/net_cnxk_cnxk_ethdev_ops.c.o'.
[1221/3198] Compiling C object 'drivers/a715181@@tmp_rte_net_cnxk at sta/net_cnxk_cnxk_ethdev_telemetry.c.o'.
[1222/3198] Generating rte_net_bond.sym_chk with a meson_exe.py custom command.
[1223/3198] Linking target drivers/librte_net_bond.so.24.2.
[1224/3198] Compiling C object 'drivers/a715181@@tmp_rte_net_cnxk at sta/net_cnxk_cnxk_ethdev_sec_telemetry.c.o'.
[1225/3198] Compiling C object 'drivers/a715181@@tmp_rte_net_cnxk at sta/net_cnxk_cnxk_eswitch.c.o'.
[1226/3198] Compiling C object 'drivers/a715181@@tmp_rte_net_cnxk at sta/net_cnxk_cnxk_eswitch_devargs.c.o'.
[1227/3198] Compiling C object 'drivers/a715181@@tmp_rte_net_cnxk at sta/net_cnxk_cnxk_eswitch_flow.c.o'.
[1228/3198] Compiling C object 'drivers/a715181@@tmp_rte_net_cnxk at sta/net_cnxk_cnxk_eswitch_rxtx.c.o'.
FAILED: drivers/a715181@@tmp_rte_net_cnxk at sta/net_cnxk_cnxk_eswitch_rxtx.c.o
clang -Idrivers/a715181@@tmp_rte_net_cnxk at sta -Idrivers -I../drivers -Idrivers/net/cnxk -I../drivers/net/cnxk -Ilib/ethdev -I../lib/ethdev -I. -I../ -Iconfig -I../config -Ilib/eal/include -I../lib/eal/include -Ilib/eal/linux/include -I../lib/eal/linux/include -Ilib/eal/arm/include -I../lib/eal/arm/include -Ilib/eal/common -I../lib/eal/common -Ilib/eal -I../lib/eal -Ilib/kvargs -I../lib/kvargs -Ilib/log -I../lib/log -Ilib/telemetry/../metrics -I../lib/telemetry/../metrics -Ilib/telemetry -I../lib/telemetry -Ilib/net -I../lib/net -Ilib/mbuf -I../lib/mbuf -Ilib/mempool -I../lib/mempool -Ilib/ring -I../lib/ring -Ilib/meter -I../lib/meter -Idrivers/bus/pci -I../drivers/bus/pci -I../drivers/bus/pci/linux -Ilib/pci -I../lib/pci -Idrivers/bus/vdev -I../drivers/bus/vdev -Ilib/cryptodev -I../lib/cryptodev -Ilib/rcu -I../lib/rcu -Ilib/eventdev -I../lib/eventdev -Ilib/hash -I../lib/hash -Ilib/timer -I../lib/timer -Ilib/dmadev -I../lib/dmadev -Ilib/security -I../lib/security -Idrivers/common/cnxk
  -I../drivers/common/cnxk -Idrivers/common/cnxk/../../bus/pci -I../drivers/common/cnxk/../../bus/pci -Idrivers/common/cnxk/../../../lib/net -I../drivers/common/cnxk/../../../lib/net -Idrivers/common/cnxk/../../../lib/ethdev -I../drivers/common/cnxk/../../../lib/ethdev -Idrivers/common/cnxk/../../../lib/meter -I../drivers/common/cnxk/../../../lib/meter -Idrivers/mempool/cnxk -I../drivers/mempool/cnxk -Xclang -fcolor-diagnostics -pipe -D_FILE_OFFSET_BITS=64 -Wall -Winvalid-pch -Wextra -Werror -std=c11 -O3 -include rte_config.h -Wcast-qual -Wdeprecated -Wformat -Wformat-nonliteral -Wformat-security -Wmissing-declarations -Wmissing-prototypes -Wnested-externs -Wold-style-definition -Wpointer-arith -Wsign-compare -Wstrict-prototypes -Wundef -Wwrite-strings -Wno-address-of-packed-member -Wno-missing-field-initializers -D_GNU_SOURCE -fPIC -mcpu=thunderx2t99+crc+crypto -DALLOW_EXPERIMENTAL_API -DALLOW_INTERNAL_API -Wno-format-truncation -flax-vector-conversions -Wno-strict-aliasing -Wno-asm
 -operand-widths -DRTE_LOG_DEFAULT_LOGTYPE=pmd.net.cnxk -MD -MQ 'drivers/a715181@@tmp_rte_net_cnxk at sta/net_cnxk_cnxk_eswitch_rxtx.c.o' -MF 'drivers/a715181@@tmp_rte_net_cnxk at sta/net_cnxk_cnxk_eswitch_rxtx.c.o.d' -o 'drivers/a715181@@tmp_rte_net_cnxk at sta/net_cnxk_cnxk_eswitch_rxtx.c.o' -c ../drivers/net/cnxk/cnxk_eswitch_rxtx.c
../drivers/net/cnxk/cnxk_eswitch_rxtx.c:53:96: error: parameter 'len' set but not used [-Werror,-Wunused-but-set-parameter]
53 | cnxk_eswitch_prepare_mseg(struct rte_mbuf *m, union nix_send_sg_s *sg, uint64_t *cmd, uint64_t len,
|                                                                                                ^
1 error generated.
[1229/3198] Compiling C object 'drivers/a715181@@tmp_rte_net_cnxk at sta/net_cnxk_cnxk_link.c.o'.
[1230/3198] Compiling C object 'drivers/a715181@@tmp_rte_net_cnxk at sta/net_cnxk_cnxk_lookup.c.o'.
[1231/3198] Compiling C object 'drivers/a715181@@tmp_rte_net_cnxk at sta/net_cnxk_cnxk_ptp.c.o'.
ninja: build stopped: subcommand failed.
==== End log output ====

Debian 12 (arm)
	Kernel: Container Host Kernel
	Compiler: gcc 12.2.0

CentOS Stream 9 (ARM)
	Kernel: Container Host Kernel
	Compiler: gcc 11.4.1

Debian 11 (Buster) (ARM)
	Kernel: Container Host Kernel
	Compiler: gcc 10.2.1

Fedora 38 (ARM Clang)
	Kernel: Depends on container host
	Compiler: clang 16.0.6

Fedora 38 (ARM)
	Kernel: Depends on container host
	Compiler: gcc 13.2.1

Fedora 39 (ARM)
	Kernel: Depends on container host
	Compiler: gcc 13.2.1

Fedora 39 (ARM Clang)
	Kernel: Depends on container host
	Compiler: clang 17.0.6

Fedora 40 (ARM Clang)
	Kernel: Depends on container host
	Compiler: clang 18.1.6

RHEL9 (ARM)
	Kernel: Depends on container host
	Compiler: gcc 11.4.1

Ubuntu 20.04 (ARM)
	Kernel: Container Host Kernel
	Compiler: gcc 9.4.0

Fedora 40 (ARM)
	Kernel: Depends on container host
	Compiler: gcc 14.1.1

32-bit Ubuntu 20.04.4 (ARM)
	Kernel: 5.4.0-155-generic aarch64
	Compiler: gcc 9.4

To view detailed results, visit:
https://lab.dpdk.org/results/dashboard/patchsets/30285/

UNH-IOL DPDK Community Lab

To manage your email subscriptions, visit: 
https://lab.dpdk.org/results/dashboard/preferences/subscriptions/


More information about the test-report mailing list