|FAILURE| pw141524-141529 [PATCH] [6/6] common/cnxk: flow aginig del

dpdklab at iol.unh.edu dpdklab at iol.unh.edu
Mon Jun 24 14:31:40 CEST 2024


Test-Label: iol-unit-amd64-testing
Test-Status: FAILURE
http://dpdk.org/patch/141529

_Testing issues_

Submitter: Harman Kalra <hkalra at marvell.com>
Date: Monday, June 24 2024 07:48:21 
DPDK git baseline: Repo:dpdk
  Branch: master
  CommitID:4a44d97f0a52a76258c6a6cb6a713f4380a8ab1f

141524-141529 --> testing issues

Test environment and result as below:

+---------------------+----------------+
|     Environment     | dpdk_unit_test |
+=====================+================+
| Windows Server 2019 | PASS           |
+---------------------+----------------+
| CentOS Stream 8     | PASS           |
+---------------------+----------------+
| CentOS Stream 9     | PASS           |
+---------------------+----------------+
| Debian Bullseye     | PASS           |
+---------------------+----------------+
| Debian 12           | PASS           |
+---------------------+----------------+
| Fedora 37           | PASS           |
+---------------------+----------------+
| Fedora 39           | FAIL           |
+---------------------+----------------+
| Fedora 38           | FAIL           |
+---------------------+----------------+

==== 20 line log output for Fedora 38 (dpdk_unit_test): ====
[1246/2904] Linking static target drivers/librte_net_bond.a.
[1247/2904] Compiling C object 'drivers/a715181@@tmp_rte_net_cnxk at sta/net_cnxk_cnxk_ethdev_ops.c.o'.
[1248/2904] Compiling C object 'drivers/a715181@@rte_net_bond at sha/meson-generated_.._rte_net_bond.pmd.c.o'.
[1249/2904] Compiling C object 'drivers/a715181@@tmp_rte_net_cnxk at sta/net_cnxk_cnxk_ethdev_sec.c.o'.
[1250/2904] Compiling C object 'drivers/a715181@@tmp_rte_net_cnxk at sta/net_cnxk_cnxk_ethdev_telemetry.c.o'.
[1251/2904] Generating rte_net_bnxt.sym_chk with a meson_exe.py custom command.
[1252/2904] Compiling C object 'drivers/a715181@@tmp_rte_net_cnxk at sta/net_cnxk_cnxk_ethdev_sec_telemetry.c.o'.
[1253/2904] Linking target drivers/librte_net_bnxt.so.24.2.
[1254/2904] Compiling C object 'drivers/a715181@@tmp_rte_net_cnxk at sta/net_cnxk_cnxk_eswitch.c.o'.
[1255/2904] Compiling C object 'drivers/a715181@@tmp_rte_net_cnxk at sta/net_cnxk_cnxk_eswitch_rxtx.c.o'.
FAILED: drivers/a715181@@tmp_rte_net_cnxk at sta/net_cnxk_cnxk_eswitch_rxtx.c.o
clang -Idrivers/a715181@@tmp_rte_net_cnxk at sta -Idrivers -I../drivers -Idrivers/net/cnxk -I../drivers/net/cnxk -Ilib/ethdev -I../lib/ethdev -I. -I../ -Iconfig -I../config -Ilib/eal/include -I../lib/eal/include -Ilib/eal/linux/include -I../lib/eal/linux/include -Ilib/eal/x86/include -I../lib/eal/x86/include -Ilib/eal/common -I../lib/eal/common -Ilib/eal -I../lib/eal -Ilib/kvargs -I../lib/kvargs -Ilib/log -I../lib/log -Ilib/telemetry/../metrics -I../lib/telemetry/../metrics -Ilib/telemetry -I../lib/telemetry -Ilib/net -I../lib/net -Ilib/mbuf -I../lib/mbuf -Ilib/mempool -I../lib/mempool -Ilib/ring -I../lib/ring -Ilib/meter -I../lib/meter -Idrivers/bus/pci -I../drivers/bus/pci -I../drivers/bus/pci/linux -Ilib/pci -I../lib/pci -Idrivers/bus/vdev -I../drivers/bus/vdev -Ilib/cryptodev -I../lib/cryptodev -Ilib/rcu -I../lib/rcu -Ilib/eventdev -I../lib/eventdev -Ilib/hash -I../lib/hash -Ilib/timer -I../lib/timer -Ilib/dmadev -I../lib/dmadev -Ilib/security -I../lib/security -Idrivers/common/cnxk
  -I../drivers/common/cnxk -Idrivers/common/cnxk/../../bus/pci -I../drivers/common/cnxk/../../bus/pci -Idrivers/common/cnxk/../../../lib/net -I../drivers/common/cnxk/../../../lib/net -Idrivers/common/cnxk/../../../lib/ethdev -I../drivers/common/cnxk/../../../lib/ethdev -Idrivers/common/cnxk/../../../lib/meter -I../drivers/common/cnxk/../../../lib/meter -Idrivers/mempool/cnxk -I../drivers/mempool/cnxk -Xclang -fcolor-diagnostics -pipe -D_FILE_OFFSET_BITS=64 -Wall -Winvalid-pch -Wextra -Werror -std=c11 -O3 -include rte_config.h -Wcast-qual -Wdeprecated -Wformat -Wformat-nonliteral -Wformat-security -Wmissing-declarations -Wmissing-prototypes -Wnested-externs -Wold-style-definition -Wpointer-arith -Wsign-compare -Wstrict-prototypes -Wundef -Wwrite-strings -Wno-address-of-packed-member -Wno-missing-field-initializers -D_GNU_SOURCE -fPIC -march=native -mrtm -DALLOW_EXPERIMENTAL_API -DALLOW_INTERNAL_API -flax-vector-conversions -Wno-strict-aliasing -Wno-asm-operand-widths -DRTE_LOG_DEFAULT
 _LOGTYPE=pmd.net.cnxk -MD -MQ 'drivers/a715181@@tmp_rte_net_cnxk at sta/net_cnxk_cnxk_eswitch_rxtx.c.o' -MF 'drivers/a715181@@tmp_rte_net_cnxk at sta/net_cnxk_cnxk_eswitch_rxtx.c.o.d' -o 'drivers/a715181@@tmp_rte_net_cnxk at sta/net_cnxk_cnxk_eswitch_rxtx.c.o' -c ../drivers/net/cnxk/cnxk_eswitch_rxtx.c
../drivers/net/cnxk/cnxk_eswitch_rxtx.c:53:96: error: parameter 'len' set but not used [-Werror,-Wunused-but-set-parameter]
cnxk_eswitch_prepare_mseg(struct rte_mbuf *m, union nix_send_sg_s *sg, uint64_t *cmd, uint64_t len,
^
1 error generated.
[1256/2904] Compiling C object 'drivers/a715181@@tmp_rte_net_cnxk at sta/net_cnxk_cnxk_eswitch_flow.c.o'.
[1257/2904] Generating rte_net_bond.sym_chk with a meson_exe.py custom command.
[1258/2904] Compiling C object 'drivers/a715181@@tmp_rte_net_cnxk at sta/net_cnxk_cnxk_eswitch_devargs.c.o'.
ninja: build stopped: subcommand failed.
==== End log output ====

Windows Server 2019
	Kernel: 10.0.17763
	Compiler: clang 14.0 and gcc 8.1.0 (MinGW)

CentOS Stream 8
	Kernel: 5.4.0-167-generic
	Compiler: gcc 8.5.0 20210514

CentOS Stream 9
	Kernel: 5.4.0-167-generic
	Compiler: gcc 11.4.1 20230605

Debian Bullseye
	Kernel: 5.4.0-167-generic
	Compiler: gcc 10.2.1-6

Debian 12
	Kernel: Container Host Kernel
	Compiler: gcc 12.2.0

Fedora 37
	Kernel: Depends on container host system
	Compiler: gcc 12.3.1

Fedora 39
	Kernel: Depends on container host
	Compiler: clang 17.0.6

Fedora 38
	Kernel: Depends on container host
	Compiler: clang 16.0.6

To view detailed results, visit:
https://lab.dpdk.org/results/dashboard/patchsets/30285/

UNH-IOL DPDK Community Lab

To manage your email subscriptions, visit: 
https://lab.dpdk.org/results/dashboard/preferences/subscriptions/


More information about the test-report mailing list