|FAILURE| pw141524-141529 [PATCH] [6/6] common/cnxk: flow aginig del
dpdklab at iol.unh.edu
dpdklab at iol.unh.edu
Mon Jun 24 15:09:55 CEST 2024
Test-Label: iol-compile-arm64-testing
Test-Status: FAILURE
http://dpdk.org/patch/141529
_Testing issues_
Submitter: Harman Kalra <hkalra at marvell.com>
Date: Monday, June 24 2024 07:48:21
DPDK git baseline: Repo:dpdk
Branch: master
CommitID:4a44d97f0a52a76258c6a6cb6a713f4380a8ab1f
141524-141529 --> testing issues
Test environment and result as below:
+--------------------------+--------------------+
| Environment | dpdk_meson_compile |
+==========================+====================+
| Ubuntu 20.04 ARM SVE | PASS |
+--------------------------+--------------------+
| Debian 12 with MUSDK | PASS |
+--------------------------+--------------------+
| Fedora 38 (ARM) | PASS |
+--------------------------+--------------------+
| RHEL9 (ARM) | PASS |
+--------------------------+--------------------+
| Fedora 37 (ARM) | PASS |
+--------------------------+--------------------+
| Ubuntu 22.04 (ARM) | PASS |
+--------------------------+--------------------+
| Ubuntu 24.04 (ARM) | PASS |
+--------------------------+--------------------+
| Fedora 40 (ARM) | PASS |
+--------------------------+--------------------+
| Fedora 39 (ARM) | PASS |
+--------------------------+--------------------+
| Debian 11 (Buster) (ARM) | PASS |
+--------------------------+--------------------+
| Fedora 39 (ARM Clang) | FAIL |
+--------------------------+--------------------+
| Debian 12 (arm) | PASS |
+--------------------------+--------------------+
| CentOS Stream 9 (ARM) | PASS |
+--------------------------+--------------------+
| Fedora 40 (ARM Clang) | FAIL |
+--------------------------+--------------------+
| Fedora 38 (ARM Clang) | FAIL |
+--------------------------+--------------------+
| Ubuntu 20.04 (ARM) | PASS |
+--------------------------+--------------------+
==== 20 line log output for Fedora 38 (ARM Clang) (dpdk_meson_compile): ====
[1234/3226] Compiling C object 'drivers/a715181@@tmp_rte_net_cnxk at sta/net_cnxk_cnxk_ethdev.c.o'.
[1235/3226] Compiling C object 'drivers/a715181@@tmp_rte_net_cnxk at sta/net_cnxk_cnxk_ethdev_cman.c.o'.
[1236/3226] Compiling C object 'drivers/a715181@@tmp_rte_net_cnxk at sta/net_cnxk_cnxk_ethdev_devargs.c.o'.
[1237/3226] Compiling C object 'drivers/a715181@@tmp_rte_net_cnxk at sta/net_cnxk_cnxk_ethdev_mcs.c.o'.
[1238/3226] Compiling C object 'drivers/a715181@@tmp_rte_net_cnxk at sta/net_cnxk_cnxk_ethdev_mtr.c.o'.
[1239/3226] Compiling C object 'drivers/a715181@@tmp_rte_net_cnxk at sta/net_cnxk_cnxk_ethdev_ops.c.o'.
[1240/3226] Compiling C object 'drivers/a715181@@tmp_rte_net_cnxk at sta/net_cnxk_cnxk_ethdev_sec.c.o'.
[1241/3226] Compiling C object 'drivers/a715181@@tmp_rte_net_cnxk at sta/net_cnxk_cnxk_ethdev_telemetry.c.o'.
[1242/3226] Compiling C object 'drivers/a715181@@tmp_rte_net_cnxk at sta/net_cnxk_cnxk_ethdev_sec_telemetry.c.o'.
[1243/3226] Compiling C object 'drivers/a715181@@tmp_rte_net_cnxk at sta/net_cnxk_cnxk_eswitch.c.o'.
[1244/3226] Compiling C object 'drivers/a715181@@tmp_rte_net_cnxk at sta/net_cnxk_cnxk_eswitch_devargs.c.o'.
[1245/3226] Compiling C object 'drivers/a715181@@tmp_rte_net_cnxk at sta/net_cnxk_cnxk_eswitch_flow.c.o'.
[1246/3226] Compiling C object 'drivers/a715181@@tmp_rte_net_cnxk at sta/net_cnxk_cnxk_eswitch_rxtx.c.o'.
FAILED: drivers/a715181@@tmp_rte_net_cnxk at sta/net_cnxk_cnxk_eswitch_rxtx.c.o
clang -Idrivers/a715181@@tmp_rte_net_cnxk at sta -Idrivers -I../drivers -Idrivers/net/cnxk -I../drivers/net/cnxk -Ilib/ethdev -I../lib/ethdev -I. -I../ -Iconfig -I../config -Ilib/eal/include -I../lib/eal/include -Ilib/eal/linux/include -I../lib/eal/linux/include -Ilib/eal/arm/include -I../lib/eal/arm/include -Ilib/eal/common -I../lib/eal/common -Ilib/eal -I../lib/eal -Ilib/kvargs -I../lib/kvargs -Ilib/log -I../lib/log -Ilib/telemetry/../metrics -I../lib/telemetry/../metrics -Ilib/telemetry -I../lib/telemetry -Ilib/net -I../lib/net -Ilib/mbuf -I../lib/mbuf -Ilib/mempool -I../lib/mempool -Ilib/ring -I../lib/ring -Ilib/meter -I../lib/meter -Idrivers/bus/pci -I../drivers/bus/pci -I../drivers/bus/pci/linux -Ilib/pci -I../lib/pci -Idrivers/bus/vdev -I../drivers/bus/vdev -Ilib/cryptodev -I../lib/cryptodev -Ilib/rcu -I../lib/rcu -Ilib/eventdev -I../lib/eventdev -Ilib/hash -I../lib/hash -Ilib/timer -I../lib/timer -Ilib/dmadev -I../lib/dmadev -Ilib/security -I../lib/security -Idrivers/common/cnxk
-I../drivers/common/cnxk -Idrivers/common/cnxk/../../bus/pci -I../drivers/common/cnxk/../../bus/pci -Idrivers/common/cnxk/../../../lib/net -I../drivers/common/cnxk/../../../lib/net -Idrivers/common/cnxk/../../../lib/ethdev -I../drivers/common/cnxk/../../../lib/ethdev -Idrivers/common/cnxk/../../../lib/meter -I../drivers/common/cnxk/../../../lib/meter -Idrivers/mempool/cnxk -I../drivers/mempool/cnxk -Xclang -fcolor-diagnostics -pipe -D_FILE_OFFSET_BITS=64 -Wall -Winvalid-pch -Wextra -Werror -std=c11 -O3 -include rte_config.h -Wcast-qual -Wdeprecated -Wformat -Wformat-nonliteral -Wformat-security -Wmissing-declarations -Wmissing-prototypes -Wnested-externs -Wold-style-definition -Wpointer-arith -Wsign-compare -Wstrict-prototypes -Wundef -Wwrite-strings -Wno-address-of-packed-member -Wno-missing-field-initializers -D_GNU_SOURCE -fPIC -mcpu=thunderx2t99+crc+crypto -DALLOW_EXPERIMENTAL_API -DALLOW_INTERNAL_API -flax-vector-conversions -Wno-strict-aliasing -Wno-asm-operand-widths -DRTE_L
OG_DEFAULT_LOGTYPE=pmd.net.cnxk -MD -MQ 'drivers/a715181@@tmp_rte_net_cnxk at sta/net_cnxk_cnxk_eswitch_rxtx.c.o' -MF 'drivers/a715181@@tmp_rte_net_cnxk at sta/net_cnxk_cnxk_eswitch_rxtx.c.o.d' -o 'drivers/a715181@@tmp_rte_net_cnxk at sta/net_cnxk_cnxk_eswitch_rxtx.c.o' -c ../drivers/net/cnxk/cnxk_eswitch_rxtx.c
../drivers/net/cnxk/cnxk_eswitch_rxtx.c:53:96: error: parameter 'len' set but not used [-Werror,-Wunused-but-set-parameter]
cnxk_eswitch_prepare_mseg(struct rte_mbuf *m, union nix_send_sg_s *sg, uint64_t *cmd, uint64_t len,
^
1 error generated.
ninja: build stopped: subcommand failed.
==== End log output ====
Ubuntu 20.04 ARM SVE
Kernel: 5.4.0-167-generic
Compiler: gcc (Ubuntu 10.5.0-1ubuntu1~20.04) 10.5.0
Debian 12 with MUSDK
Kernel: Container Host Kernel
Compiler: gcc 12.2.0
Fedora 38 (ARM)
Kernel: Depends on container host
Compiler: gcc 13.2.1
RHEL9 (ARM)
Kernel: Depends on container host
Compiler: gcc 11.4.1
Fedora 37 (ARM)
Kernel: Depends on container host
Compiler: gcc 12.3.1
Ubuntu 22.04 (ARM)
Kernel: Container Host Kernel
Compiler: gcc 11.4.0
Ubuntu 24.04 (ARM)
Kernel: 5.4.0-167-generic
Compiler: gcc 13.2.0
Fedora 40 (ARM)
Kernel: Depends on container host
Compiler: gcc 14.1.1
Fedora 39 (ARM)
Kernel: Depends on container host
Compiler: gcc 13.2.1
Debian 11 (Buster) (ARM)
Kernel: Container Host Kernel
Compiler: gcc 10.2.1
Fedora 39 (ARM Clang)
Kernel: Depends on container host
Compiler: clang 17.0.6
Debian 12 (arm)
Kernel: Container Host Kernel
Compiler: gcc 12.2.0
CentOS Stream 9 (ARM)
Kernel: Container Host Kernel
Compiler: gcc 11.4.1
Fedora 40 (ARM Clang)
Kernel: Depends on container host
Compiler: clang 18.1.6
Fedora 38 (ARM Clang)
Kernel: Depends on container host
Compiler: clang 16.0.6
Ubuntu 20.04 (ARM)
Kernel: Container Host Kernel
Compiler: gcc 9.4.0
To view detailed results, visit:
https://lab.dpdk.org/results/dashboard/patchsets/30285/
UNH-IOL DPDK Community Lab
To manage your email subscriptions, visit:
https://lab.dpdk.org/results/dashboard/preferences/subscriptions/
More information about the test-report
mailing list