|FAILURE| pw141594 [PATCH] [v2] app/graph: fix destination buffer to
dpdklab at iol.unh.edu
dpdklab at iol.unh.edu
Tue Jun 25 02:28:50 CEST 2024
Test-Label: iol-compile-amd64-testing
Test-Status: FAILURE
http://dpdk.org/patch/141594
_Testing issues_
Submitter: Mahmoud Maatuq <mahmoudmatook.mm at gmail.com>
Date: Monday, June 24 2024 20:01:14
DPDK git baseline: Repo:dpdk
Branch: master
CommitID:4a44d97f0a52a76258c6a6cb6a713f4380a8ab1f
141594 --> testing issues
Test environment and result as below:
+---------------------+--------------------+-------------------+----------------------+------------------+-------------------+
| Environment | dpdk_meson_compile | dpdk_msvc_compile | dpdk_mingw64_compile | dpdk_compile_ovs | dpdk_compile_spdk |
+=====================+====================+===================+======================+==================+===================+
| FreeBSD 13.3 | PASS | SKIPPED | SKIPPED | SKIPPED | SKIPPED |
+---------------------+--------------------+-------------------+----------------------+------------------+-------------------+
| Windows Server 2022 | PASS | PASS | PASS | SKIPPED | SKIPPED |
+---------------------+--------------------+-------------------+----------------------+------------------+-------------------+
| Windows Server 2019 | PASS | SKIPPED | PASS | SKIPPED | SKIPPED |
+---------------------+--------------------+-------------------+----------------------+------------------+-------------------+
| FreeBSD 14.1 | PASS | SKIPPED | SKIPPED | SKIPPED | SKIPPED |
+---------------------+--------------------+-------------------+----------------------+------------------+-------------------+
| CentOS Stream 9 | FAIL | SKIPPED | SKIPPED | SKIPPED | SKIPPED |
+---------------------+--------------------+-------------------+----------------------+------------------+-------------------+
| Debian Bullseye | FAIL | SKIPPED | SKIPPED | SKIPPED | SKIPPED |
+---------------------+--------------------+-------------------+----------------------+------------------+-------------------+
| Debian 12 | FAIL | SKIPPED | SKIPPED | SKIPPED | SKIPPED |
+---------------------+--------------------+-------------------+----------------------+------------------+-------------------+
| CentOS Stream 8 | FAIL | SKIPPED | SKIPPED | SKIPPED | SKIPPED |
+---------------------+--------------------+-------------------+----------------------+------------------+-------------------+
| Fedora 38 | PASS | SKIPPED | SKIPPED | PASS | PASS |
+---------------------+--------------------+-------------------+----------------------+------------------+-------------------+
| Fedora 37 | FAIL | SKIPPED | SKIPPED | SKIPPED | SKIPPED |
+---------------------+--------------------+-------------------+----------------------+------------------+-------------------+
| Fedora 40 | FAIL | SKIPPED | SKIPPED | SKIPPED | SKIPPED |
+---------------------+--------------------+-------------------+----------------------+------------------+-------------------+
| Fedora 39 | FAIL | SKIPPED | SKIPPED | SKIPPED | SKIPPED |
+---------------------+--------------------+-------------------+----------------------+------------------+-------------------+
| RHEL8 | FAIL | SKIPPED | SKIPPED | SKIPPED | SKIPPED |
+---------------------+--------------------+-------------------+----------------------+------------------+-------------------+
| Ubuntu 20.04 | FAIL | SKIPPED | SKIPPED | SKIPPED | SKIPPED |
+---------------------+--------------------+-------------------+----------------------+------------------+-------------------+
| Ubuntu 24.04 | FAIL | SKIPPED | SKIPPED | SKIPPED | SKIPPED |
+---------------------+--------------------+-------------------+----------------------+------------------+-------------------+
| Ubuntu 22.04 | FAIL | SKIPPED | SKIPPED | SKIPPED | SKIPPED |
+---------------------+--------------------+-------------------+----------------------+------------------+-------------------+
| Alpine | FAIL | SKIPPED | SKIPPED | SKIPPED | SKIPPED |
+---------------------+--------------------+-------------------+----------------------+------------------+-------------------+
| RHEL9 | FAIL | SKIPPED | SKIPPED | SKIPPED | SKIPPED |
+---------------------+--------------------+-------------------+----------------------+------------------+-------------------+
==== 20 line log output for RHEL9 (dpdk_meson_compile): ====
[2618/2931] Compiling C object 'app/a172ced@@dpdk-dumpcap at exe/dumpcap_main.c.o'.
[2619/2931] Linking target app/dpdk-dumpcap.
[2620/2931] Generating commands_hdr with a meson_exe.py custom command.
[2621/2931] Compiling C object 'app/a172ced@@dpdk-graph at exe/graph_cli.c.o'.
[2622/2931] Compiling C object 'app/a172ced@@dpdk-graph at exe/graph_conn.c.o'.
[2623/2931] Compiling C object 'app/a172ced@@dpdk-graph at exe/graph_ethdev_rx.c.o'.
[2624/2931] Compiling C object 'app/a172ced@@dpdk-graph at exe/graph_ethdev.c.o'.
FAILED: app/a172ced@@dpdk-graph at exe/graph_ethdev.c.o
ccache cc -Iapp/a172ced@@dpdk-graph at exe -Iapp -I../app -Ilib/graph -I../lib/graph -I. -I../ -Iconfig -I../config -Ilib/eal/include -I../lib/eal/include -Ilib/eal/linux/include -I../lib/eal/linux/include -Ilib/eal/x86/include -I../lib/eal/x86/include -Ilib/eal/common -I../lib/eal/common -Ilib/eal -I../lib/eal -Ilib/kvargs -I../lib/kvargs -Ilib/log -I../lib/log -Ilib/telemetry/../metrics -I../lib/telemetry/../metrics -Ilib/telemetry -I../lib/telemetry -Ilib/pcapng -I../lib/pcapng -Ilib/ethdev -I../lib/ethdev -Ilib/net -I../lib/net -Ilib/mbuf -I../lib/mbuf -Ilib/mempool -I../lib/mempool -Ilib/ring -I../lib/ring -Ilib/meter -I../lib/meter -Ilib/lpm -I../lib/lpm -Ilib/hash -I../lib/hash -Ilib/rcu -I../lib/rcu -Ilib/node -I../lib/node -Ilib/cryptodev -I../lib/cryptodev -Ilib/ip_frag -I../lib/ip_frag -Ilib/cmdline -I../lib/cmdline -Iapp/graph -fdiagnostics-color=always -pipe -D_FILE_OFFSET_BITS=64 -Wall -Winvalid-pch -Wextra -Werror -std=c11 -O3 -include rte_config.h -Wcast-qual -Wdeprecate
d -Wformat -Wformat-nonliteral -Wformat-security -Wmissing-declarations -Wmissing-prototypes -Wnested-externs -Wold-style-definition -Wpointer-arith -Wsign-compare -Wstrict-prototypes -Wundef -Wwrite-strings -Wno-address-of-packed-member -Wno-packed-not-aligned -Wno-missing-field-initializers -Wno-zero-length-bounds -D_GNU_SOURCE -march=native -mrtm -DALLOW_EXPERIMENTAL_API -MD -MQ 'app/a172ced@@dpdk-graph at exe/graph_ethdev.c.o' -MF 'app/a172ced@@dpdk-graph at exe/graph_ethdev.c.o.d' -o 'app/a172ced@@dpdk-graph at exe/graph_ethdev.c.o' -c ../app/graph/ethdev.c
In file included from ../lib/eal/include/rte_trace_point.h:32,
from ../lib/ethdev/rte_ethdev_trace_fp.h:18,
from ../lib/ethdev/rte_ethdev.h:175,
from ../app/graph/ethdev.c:14:
../app/graph/ethdev.c: In function 'cmd_ethdev_parsed':
../lib/eal/include/rte_string_fns.h:63:24: error: '%s' directive output may be truncated writing up to 127 bytes into a region of size 26 [-Werror=format-truncation=]
63 | return (size_t)snprintf(dst, size, "%s", src);
| ^~~~~~~~~~~~~~~~~~~~~~~~~~~~~~
../lib/eal/include/rte_string_fns.h:63:24: note: 'snprintf' output between 1 and 128 bytes into a destination of size 26
cc1: all warnings being treated as errors
ninja: build stopped: subcommand failed.
==== End log output ====
FreeBSD 13.3
Kernel: 13.3-RELEASE-p1
Compiler: clang 17.0.6
Windows Server 2022
Kernel: 10.0.20348.2031
Compiler: clang 15.0.7, gcc 8.1.0 (MinGW), and MSVC VS 17.9
Windows Server 2019
Kernel: 10.0.17763
Compiler: clang 14.0 and gcc 8.1.0 (MinGW)
FreeBSD 14.1
Kernel: 14.1
Compiler: clang 18.1.5
CentOS Stream 9
Kernel: 5.4.0-167-generic
Compiler: gcc 11.4.1 20230605
Debian Bullseye
Kernel: 5.4.0-167-generic
Compiler: gcc 10.2.1-6
Debian 12
Kernel: Container Host Kernel
Compiler: gcc 12.2.0
CentOS Stream 8
Kernel: 5.4.0-167-generic
Compiler: gcc 8.5.0 20210514
Fedora 38
Kernel: Depends on container host
Compiler: gcc 13.2.1
Fedora 37
Kernel: Depends on container host system
Compiler: gcc 12.3.1
Fedora 40
Kernel: Depends on container host
Compiler: gcc 14.1.1
Fedora 39
Kernel: Depends on container host
Compiler: gcc 13.2.1
RHEL8
Kernel: 5.4.0-167-generic
Compiler: gcc 8.5.0 20210514 (Red Hat 8.5.0-20)
Ubuntu 20.04
Kernel: 5.4.0-167-generic
Compiler: gcc 9.4.0-1ubuntu1~20.04.1
Ubuntu 24.04
Kernel: 5.4.0-167-generic
Compiler: gcc 13.2.0
Ubuntu 22.04
Kernel: 5.4.0-167-generic
Compiler: gcc 11.4.0
Alpine
Kernel: 5.4.0-167-generic
Compiler: gcc (Alpine 13.2.1_git20231014) 13.2.1 20231014
RHEL9
Kernel: Depends on container host
Compiler: gcc 11.4.1
To view detailed results, visit:
https://lab.dpdk.org/results/dashboard/patchsets/30302/
UNH-IOL DPDK Community Lab
To manage your email subscriptions, visit:
https://lab.dpdk.org/results/dashboard/preferences/subscriptions/
More information about the test-report
mailing list