|FAILURE| pw141952-141954 [PATCH] [3/3] test/bpf: add extra test cas

dpdklab at iol.unh.edu dpdklab at iol.unh.edu
Thu Jun 27 22:51:12 CEST 2024


Test-Label: iol-compile-amd64-testing
Test-Status: FAILURE
http://dpdk.org/patch/141954

_Testing issues_

Submitter: Konstantin Ananyev <konstantin.v.ananyev at yandex.ru>
Date: Thursday, June 27 2024 11:55:31 
DPDK git baseline: Repo:dpdk
  Branch: master
  CommitID:eeb4b1d1f491b53c3024e0a9e8839acf514122cd

141952-141954 --> testing issues

Test environment and result as below:

+---------------------+--------------------+----------------------+
|     Environment     | dpdk_meson_compile | dpdk_mingw64_compile |
+=====================+====================+======================+
| FreeBSD 13.3        | FAIL               | SKIPPED              |
+---------------------+--------------------+----------------------+
| FreeBSD 14.1        | FAIL               | SKIPPED              |
+---------------------+--------------------+----------------------+
| Windows Server 2019 | PASS               | PASS                 |
+---------------------+--------------------+----------------------+
| Windows Server 2022 | PASS               | PASS                 |
+---------------------+--------------------+----------------------+

==== 20 line log output for FreeBSD 14.1 (dpdk_meson_compile): ====
[189/1851] Linking static target lib/librte_cfgfile.a
[190/1851] Compiling C object lib/librte_bpf.a.p/bpf_bpf_validate.c.o
FAILED: lib/librte_bpf.a.p/bpf_bpf_validate.c.o
cc -Ilib/librte_bpf.a.p -Ilib -I../lib -Ilib/bpf -I../lib/bpf -I. -I.. -Iconfig -I../config -Ilib/eal/include -I../lib/eal/include -Ilib/eal/freebsd/include -I../lib/eal/freebsd/include -Ilib/eal/x86/include -I../lib/eal/x86/include -Ilib/eal/common -I../lib/eal/common -Ilib/eal -I../lib/eal -Ilib/kvargs -I../lib/kvargs -Ilib/log -I../lib/log -Ilib/metrics -I../lib/metrics -Ilib/telemetry -I../lib/telemetry -Ilib/mbuf -I../lib/mbuf -Ilib/mempool -I../lib/mempool -Ilib/ring -I../lib/ring -Ilib/net -I../lib/net -Ilib/ethdev -I../lib/ethdev -Ilib/meter -I../lib/meter -fdiagnostics-color=always -D_FILE_OFFSET_BITS=64 -Wall -Winvalid-pch -Wextra -Werror -std=c11 -O3 -include rte_config.h -Wcast-qual -Wdeprecated -Wformat -Wformat-nonliteral -Wformat-security -Wmissing-declarations -Wmissing-prototypes -Wnested-externs -Wold-style-definition -Wpointer-arith -Wsign-compare -Wstrict-prototypes -Wundef -Wwrite-strings -Wno-address-of-packed-member -Wno-missing-field-initializers -D_GNU_SOURCE
  -D__BSD_VISIBLE -fPIC -march=native -mrtm -DALLOW_EXPERIMENTAL_API -DALLOW_INTERNAL_API -Wno-format-truncation -DRTE_LOG_DEFAULT_LOGTYPE=lib.bpf -DRTE_ANNOTATE_LOCKS -Wthread-safety -MD -MQ lib/librte_bpf.a.p/bpf_bpf_validate.c.o -MF lib/librte_bpf.a.p/bpf_bpf_validate.c.o.d -o lib/librte_bpf.a.p/bpf_bpf_validate.c.o -c ../lib/bpf/bpf_validate.c
../lib/bpf/bpf_validate.c:2386:1: error: type specifier missing, defaults to 'int'; ISO C99 and later do not support implicit int [-Werror,-Wimplicit-int]
2386 | evaluate(struct bpf_verifier *bvf)
| ^
| int
../lib/bpf/bpf_validate.c:2386:1: error: no previous prototype for function 'evaluate' [-Werror,-Wmissing-prototypes]
../lib/bpf/bpf_validate.c:2386:9: note: declare 'static' if the function is not intended to be used outside of this translation unit
2386 | evaluate(struct bpf_verifier *bvf)
|         ^
|         static
2 errors generated.
[191/1851] Generating lib/cfgfile.sym_chk with a custom command (wrapped by meson to capture output)
[192/1851] Compiling C object lib/librte_bpf.a.p/bpf_bpf_convert.c.o
[193/1851] Compiling C object lib/librte_bpf.a.p/bpf_bpf_jit_x86.c.o
[194/1851] Generating lib/ethdev.sym_chk with a custom command (wrapped by meson to capture output)
[195/1851] Generating lib/eal.sym_chk with a custom command (wrapped by meson to capture output)
ninja: build stopped: subcommand failed.
==== End log output ====

FreeBSD 13.3
	Kernel: 13.3-RELEASE-p1
	Compiler: clang 17.0.6

FreeBSD 14.1
	Kernel: 14.1
	Compiler: clang 18.1.5

Windows Server 2019
	Kernel: 10.0.17763
	Compiler: clang 14.0 and gcc 8.1.0 (MinGW)

Windows Server 2022
	Kernel: 10.0.20348.2031
	Compiler: clang 15.0.7, gcc 8.1.0 (MinGW), and MSVC VS 17.9

To view detailed results, visit:
https://lab.dpdk.org/results/dashboard/patchsets/30340/

UNH-IOL DPDK Community Lab

To manage your email subscriptions, visit: 
https://lab.dpdk.org/results/dashboard/preferences/subscriptions/


More information about the test-report mailing list