|FAILURE| pw141952-141954 [PATCH] [3/3] test/bpf: add extra test cas

dpdklab at iol.unh.edu dpdklab at iol.unh.edu
Fri Jun 28 03:37:28 CEST 2024


Test-Label: iol-compile-amd64-testing
Test-Status: FAILURE
http://dpdk.org/patch/141954

_Testing issues_

Submitter: Konstantin Ananyev <konstantin.v.ananyev at yandex.ru>
Date: Thursday, June 27 2024 11:55:31 
DPDK git baseline: Repo:dpdk
  Branch: master
  CommitID:eeb4b1d1f491b53c3024e0a9e8839acf514122cd

141952-141954 --> testing issues

Test environment and result as below:

+---------------------+--------------------+----------------------+-------------------+
|     Environment     | dpdk_meson_compile | dpdk_mingw64_compile | dpdk_msvc_compile |
+=====================+====================+======================+===================+
| FreeBSD 13.3        | FAIL               | SKIPPED              | SKIPPED           |
+---------------------+--------------------+----------------------+-------------------+
| FreeBSD 14.1        | FAIL               | SKIPPED              | SKIPPED           |
+---------------------+--------------------+----------------------+-------------------+
| Windows Server 2019 | PASS               | PASS                 | SKIPPED           |
+---------------------+--------------------+----------------------+-------------------+
| Windows Server 2022 | PASS               | PASS                 | PASS              |
+---------------------+--------------------+----------------------+-------------------+
| CentOS Stream 9     | FAIL               | SKIPPED              | SKIPPED           |
+---------------------+--------------------+----------------------+-------------------+
| Debian Bullseye     | FAIL               | SKIPPED              | SKIPPED           |
+---------------------+--------------------+----------------------+-------------------+
| CentOS Stream 8     | FAIL               | SKIPPED              | SKIPPED           |
+---------------------+--------------------+----------------------+-------------------+
| Debian 12           | FAIL               | SKIPPED              | SKIPPED           |
+---------------------+--------------------+----------------------+-------------------+
| Fedora 37           | FAIL               | SKIPPED              | SKIPPED           |
+---------------------+--------------------+----------------------+-------------------+
| Fedora 38           | FAIL               | SKIPPED              | SKIPPED           |
+---------------------+--------------------+----------------------+-------------------+
| Fedora 39 (Clang)   | FAIL               | SKIPPED              | SKIPPED           |
+---------------------+--------------------+----------------------+-------------------+
| Fedora 38 (Clang)   | FAIL               | SKIPPED              | SKIPPED           |
+---------------------+--------------------+----------------------+-------------------+

==== 20 line log output for Fedora 38 (Clang) (dpdk_meson_compile): ====
[221/2932] Compiling C object 'lib/76b5a35@@rte_bpf at sta/bpf_bpf.c.o'.
[222/2932] Compiling C object 'lib/76b5a35@@rte_bpf at sta/bpf_bpf_dump.c.o'.
[223/2932] Compiling C object 'lib/76b5a35@@rte_bpf at sta/bpf_bpf_exec.c.o'.
[224/2932] Compiling C object 'lib/76b5a35@@rte_bpf at sta/bpf_bpf_load.c.o'.
[225/2932] Compiling C object 'lib/76b5a35@@rte_bpf at sta/bpf_bpf_pkt.c.o'.
[226/2932] Compiling C object 'lib/76b5a35@@rte_bpf at sta/bpf_bpf_stub.c.o'.
[227/2932] Compiling C object 'lib/76b5a35@@rte_bpf at sta/bpf_bpf_validate.c.o'.
FAILED: lib/76b5a35@@rte_bpf at sta/bpf_bpf_validate.c.o
clang -Ilib/76b5a35@@rte_bpf at sta -Ilib -I../lib -Ilib/bpf -I../lib/bpf -I. -I../ -Iconfig -I../config -Ilib/eal/include -I../lib/eal/include -Ilib/eal/linux/include -I../lib/eal/linux/include -Ilib/eal/x86/include -I../lib/eal/x86/include -Ilib/eal/common -I../lib/eal/common -Ilib/eal -I../lib/eal -Ilib/kvargs -I../lib/kvargs -Ilib/log -I../lib/log -Ilib/telemetry/../metrics -I../lib/telemetry/../metrics -Ilib/telemetry -I../lib/telemetry -Ilib/mbuf -I../lib/mbuf -Ilib/mempool -I../lib/mempool -Ilib/ring -I../lib/ring -Ilib/net -I../lib/net -Ilib/ethdev -I../lib/ethdev -Ilib/meter -I../lib/meter -Xclang -fcolor-diagnostics -pipe -D_FILE_OFFSET_BITS=64 -Wall -Winvalid-pch -Wextra -Werror -std=c11 -O3 -include rte_config.h -Wcast-qual -Wdeprecated -Wformat -Wformat-nonliteral -Wformat-security -Wmissing-declarations -Wmissing-prototypes -Wnested-externs -Wold-style-definition -Wpointer-arith -Wsign-compare -Wstrict-prototypes -Wundef -Wwrite-strings -Wno-address-of-packed-member -Wno-m
 issing-field-initializers -D_GNU_SOURCE -fPIC -march=native -mrtm -DALLOW_EXPERIMENTAL_API -DALLOW_INTERNAL_API -DRTE_LOG_DEFAULT_LOGTYPE=lib.bpf -DRTE_ANNOTATE_LOCKS -Wthread-safety -MD -MQ 'lib/76b5a35@@rte_bpf at sta/bpf_bpf_validate.c.o' -MF 'lib/76b5a35@@rte_bpf at sta/bpf_bpf_validate.c.o.d' -o 'lib/76b5a35@@rte_bpf at sta/bpf_bpf_validate.c.o' -c ../lib/bpf/bpf_validate.c
../lib/bpf/bpf_validate.c:2386:1: error: type specifier missing, defaults to 'int'; ISO C99 and later do not support implicit int [-Wimplicit-int]
evaluate(struct bpf_verifier *bvf)
^
int
../lib/bpf/bpf_validate.c:2386:1: error: no previous prototype for function 'evaluate' [-Werror,-Wmissing-prototypes]
../lib/bpf/bpf_validate.c:2386:9: note: declare 'static' if the function is not intended to be used outside of this translation unit
evaluate(struct bpf_verifier *bvf)
^
static
2 errors generated.
ninja: build stopped: subcommand failed.
==== End log output ====

FreeBSD 13.3
	Kernel: 13.3-RELEASE-p1
	Compiler: clang 17.0.6

FreeBSD 14.1
	Kernel: 14.1
	Compiler: clang 18.1.5

Windows Server 2019
	Kernel: 10.0.17763
	Compiler: clang 14.0 and gcc 8.1.0 (MinGW)

Windows Server 2022
	Kernel: 10.0.20348.2031
	Compiler: clang 15.0.7, gcc 8.1.0 (MinGW), and MSVC VS 17.9

CentOS Stream 9
	Kernel: 5.4.0-167-generic
	Compiler: gcc 11.4.1 20230605

Debian Bullseye
	Kernel: 5.4.0-167-generic
	Compiler: gcc 10.2.1-6

CentOS Stream 8
	Kernel: 5.4.0-167-generic
	Compiler: gcc 8.5.0 20210514

Debian 12
	Kernel: Container Host Kernel
	Compiler: gcc 12.2.0

Fedora 37
	Kernel: Depends on container host system
	Compiler: gcc 12.3.1

Fedora 38
	Kernel: Depends on container host
	Compiler: gcc 13.2.1

Fedora 39 (Clang)
	Kernel: Depends on container host
	Compiler: clang 17.0.6

Fedora 38 (Clang)
	Kernel: Depends on container host
	Compiler: clang 16.0.6

To view detailed results, visit:
https://lab.dpdk.org/results/dashboard/patchsets/30340/

UNH-IOL DPDK Community Lab

To manage your email subscriptions, visit: 
https://lab.dpdk.org/results/dashboard/preferences/subscriptions/


More information about the test-report mailing list