|FAILURE| pw141952-141954 [PATCH] [3/3] test/bpf: add extra test cas

dpdklab at iol.unh.edu dpdklab at iol.unh.edu
Fri Jun 28 03:44:59 CEST 2024


Test-Label: iol-compile-arm64-testing
Test-Status: FAILURE
http://dpdk.org/patch/141954

_Testing issues_

Submitter: Konstantin Ananyev <konstantin.v.ananyev at yandex.ru>
Date: Thursday, June 27 2024 11:55:31 
DPDK git baseline: Repo:dpdk
  Branch: master
  CommitID:eeb4b1d1f491b53c3024e0a9e8839acf514122cd

141952-141954 --> testing issues

Test environment and result as below:

+----------------------------------------+--------------------+
|              Environment               | dpdk_meson_compile |
+========================================+====================+
| Ubuntu 20.04 ARM GCC Cross Compile     | FAIL               |
+----------------------------------------+--------------------+
| Ubuntu 20.04 ARM Clang Cross Compile   | FAIL               |
+----------------------------------------+--------------------+
| Ubuntu 20.04 aarch32 GCC Cross Compile | FAIL               |
+----------------------------------------+--------------------+

==== 20 line log output for Ubuntu 20.04 aarch32 GCC Cross Compile (dpdk_meson_compile): ====
[212/2287] Generating symbol file 'lib/76b5a35@@rte_bbdev at sha/librte_bbdev.so.24.2.symbols'.
[213/2287] Linking static target lib/librte_bitratestats.a.
[214/2287] Generating bitratestats.sym_chk with a meson_exe.py custom command.
[215/2287] Compiling C object 'lib/76b5a35@@rte_bpf at sta/bpf_bpf.c.o'.
[216/2287] Linking target lib/librte_bitratestats.so.24.2.
[217/2287] Generating symbol file 'lib/76b5a35@@rte_bitratestats at sha/librte_bitratestats.so.24.2.symbols'.
[218/2287] Compiling C object 'lib/76b5a35@@rte_bpf at sta/bpf_bpf_dump.c.o'.
[219/2287] Compiling C object 'lib/76b5a35@@rte_bpf at sta/bpf_bpf_exec.c.o'.
[220/2287] Compiling C object 'lib/76b5a35@@rte_bpf at sta/bpf_bpf_load.c.o'.
[221/2287] Compiling C object 'lib/76b5a35@@rte_bpf at sta/bpf_bpf_pkt.c.o'.
[222/2287] Compiling C object 'lib/76b5a35@@rte_bpf at sta/bpf_bpf_stub.c.o'.
[223/2287] Compiling C object 'lib/76b5a35@@rte_bpf at sta/bpf_bpf_validate.c.o'.
FAILED: lib/76b5a35@@rte_bpf at sta/bpf_bpf_validate.c.o
ccache arm-linux-gnueabihf-gcc -Ilib/76b5a35@@rte_bpf at sta -Ilib -I../lib -Ilib/bpf -I../lib/bpf -I. -I../ -Iconfig -I../config -Ilib/eal/include -I../lib/eal/include -Ilib/eal/linux/include -I../lib/eal/linux/include -Ilib/eal/arm/include -I../lib/eal/arm/include -Ilib/eal/common -I../lib/eal/common -Ilib/eal -I../lib/eal -Ilib/kvargs -I../lib/kvargs -Ilib/log -I../lib/log -Ilib/telemetry/../metrics -I../lib/telemetry/../metrics -Ilib/telemetry -I../lib/telemetry -Ilib/mbuf -I../lib/mbuf -Ilib/mempool -I../lib/mempool -Ilib/ring -I../lib/ring -Ilib/net -I../lib/net -Ilib/ethdev -I../lib/ethdev -Ilib/meter -I../lib/meter -fdiagnostics-color=always -pipe -D_FILE_OFFSET_BITS=64 -Wall -Winvalid-pch -Wextra -Werror -std=c11 -O3 -include rte_config.h -Wcast-qual -Wdeprecated -Wformat -Wformat-nonliteral -Wformat-security -Wmissing-declarations -Wmissing-prototypes -Wnested-externs -Wold-style-definition -Wpointer-arith -Wsign-compare -Wstrict-prototypes -Wundef -Wwrite-strings -Wno-address
 -of-packed-member -Wno-packed-not-aligned -Wno-missing-field-initializers -Wno-pointer-to-int-cast -D_GNU_SOURCE -fPIC -march=armv8-a+simd -mfpu=auto -DALLOW_EXPERIMENTAL_API -DALLOW_INTERNAL_API -Wno-format-truncation -DRTE_LOG_DEFAULT_LOGTYPE=lib.bpf -MD -MQ 'lib/76b5a35@@rte_bpf at sta/bpf_bpf_validate.c.o' -MF 'lib/76b5a35@@rte_bpf at sta/bpf_bpf_validate.c.o.d' -o 'lib/76b5a35@@rte_bpf at sta/bpf_bpf_validate.c.o' -c ../lib/bpf/bpf_validate.c
../lib/bpf/bpf_validate.c:2386:1: error: return type defaults to 'int' [-Werror=implicit-int]
2386 | evaluate(struct bpf_verifier *bvf)
| ^~~~~~~~
../lib/bpf/bpf_validate.c:2386:1: error: no previous prototype for 'evaluate' [-Werror=missing-prototypes]
cc1: all warnings being treated as errors
ninja: build stopped: subcommand failed.
==== End log output ====

Ubuntu 20.04 ARM GCC Cross Compile
	Kernel: 5.4.0-167-generic
	Compiler: aarch64-linux-gnu-gcc (Ubuntu 9.4.0-1ubuntu1~20.04.2) 9.4.0

Ubuntu 20.04 ARM Clang Cross Compile
	Kernel: 5.4.0-72-generic
	Compiler: clang 10.0.0-4ubuntu1

Ubuntu 20.04 aarch32 GCC Cross Compile
	Kernel: 5.4.0-167-generic
	Compiler: gcc 9.4.0

To view detailed results, visit:
https://lab.dpdk.org/results/dashboard/patchsets/30340/

UNH-IOL DPDK Community Lab

To manage your email subscriptions, visit: 
https://lab.dpdk.org/results/dashboard/preferences/subscriptions/


More information about the test-report mailing list