|FAILURE| pw141952-141954 [PATCH] [3/3] test/bpf: add extra test cas

dpdklab at iol.unh.edu dpdklab at iol.unh.edu
Fri Jun 28 05:56:01 CEST 2024


Test-Label: iol-unit-arm64-testing
Test-Status: FAILURE
http://dpdk.org/patch/141954

_Testing issues_

Submitter: Konstantin Ananyev <konstantin.v.ananyev at yandex.ru>
Date: Thursday, June 27 2024 11:55:31 
DPDK git baseline: Repo:dpdk
  Branch: master
  CommitID:eeb4b1d1f491b53c3024e0a9e8839acf514122cd

141952-141954 --> testing issues

Test environment and result as below:

+-----------------------------+----------------+--------------+---------------------------+------------------------------+
|         Environment         | dpdk_unit_test | lpm_autotest | cryptodev_sw_zuc_autotest | cryptodev_sw_snow3g_autotest |
+=============================+================+==============+===========================+==============================+
| 32-bit Ubuntu 20.04.4 (ARM) | PASS           | SKIPPED      | SKIPPED                   | SKIPPED                      |
+-----------------------------+----------------+--------------+---------------------------+------------------------------+
| CentOS Stream 9 (ARM)       | FAIL           | SKIPPED      | SKIPPED                   | SKIPPED                      |
+-----------------------------+----------------+--------------+---------------------------+------------------------------+
| Debian 11 (Buster) (ARM)    | FAIL           | SKIPPED      | SKIPPED                   | SKIPPED                      |
+-----------------------------+----------------+--------------+---------------------------+------------------------------+
| Fedora 37 (ARM)             | FAIL           | SKIPPED      | SKIPPED                   | SKIPPED                      |
+-----------------------------+----------------+--------------+---------------------------+------------------------------+
| Fedora 38 (ARM)             | FAIL           | SKIPPED      | SKIPPED                   | SKIPPED                      |
+-----------------------------+----------------+--------------+---------------------------+------------------------------+
| Debian 12 (arm)             | FAIL           | SKIPPED      | FAIL                      | FAIL                         |
+-----------------------------+----------------+--------------+---------------------------+------------------------------+
| Fedora 39 (ARM)             | FAIL           | SKIPPED      | SKIPPED                   | SKIPPED                      |
+-----------------------------+----------------+--------------+---------------------------+------------------------------+
| Fedora 39 (ARM Clang)       | FAIL           | SKIPPED      | SKIPPED                   | SKIPPED                      |
+-----------------------------+----------------+--------------+---------------------------+------------------------------+
| Ubuntu 20.04 ARM SVE        | SKIPPED        | PASS         | SKIPPED                   | SKIPPED                      |
+-----------------------------+----------------+--------------+---------------------------+------------------------------+

==== 20 line log output for Fedora 39 (ARM Clang) (dpdk_unit_test): ====
[214/3198] Generating bbdev.sym_chk with a meson_exe.py custom command.
[215/3198] Linking target lib/librte_bbdev.so.24.2.
[216/3198] Compiling C object 'lib/76b5a35@@rte_bpf at sta/bpf_bpf_pkt.c.o'.
[217/3198] Compiling C object 'lib/76b5a35@@rte_bpf at sta/bpf_bpf_validate.c.o'.
FAILED: lib/76b5a35@@rte_bpf at sta/bpf_bpf_validate.c.o
clang -Ilib/76b5a35@@rte_bpf at sta -Ilib -I../lib -Ilib/bpf -I../lib/bpf -I. -I../ -Iconfig -I../config -Ilib/eal/include -I../lib/eal/include -Ilib/eal/linux/include -I../lib/eal/linux/include -Ilib/eal/arm/include -I../lib/eal/arm/include -Ilib/eal/common -I../lib/eal/common -Ilib/eal -I../lib/eal -Ilib/kvargs -I../lib/kvargs -Ilib/log -I../lib/log -Ilib/telemetry/../metrics -I../lib/telemetry/../metrics -Ilib/telemetry -I../lib/telemetry -Ilib/mbuf -I../lib/mbuf -Ilib/mempool -I../lib/mempool -Ilib/ring -I../lib/ring -Ilib/net -I../lib/net -Ilib/ethdev -I../lib/ethdev -Ilib/meter -I../lib/meter -Xclang -fcolor-diagnostics -pipe -D_FILE_OFFSET_BITS=64 -Wall -Winvalid-pch -Wextra -Werror -std=c11 -O3 -include rte_config.h -Wcast-qual -Wdeprecated -Wformat -Wformat-nonliteral -Wformat-security -Wmissing-declarations -Wmissing-prototypes -Wnested-externs -Wold-style-definition -Wpointer-arith -Wsign-compare -Wstrict-prototypes -Wundef -Wwrite-strings -Wno-address-of-packed-member -Wno-m
 issing-field-initializers -D_GNU_SOURCE -fPIC -mcpu=thunderx2t99+crc+crypto -DALLOW_EXPERIMENTAL_API -DALLOW_INTERNAL_API -DRTE_LOG_DEFAULT_LOGTYPE=lib.bpf -DRTE_ANNOTATE_LOCKS -Wthread-safety -MD -MQ 'lib/76b5a35@@rte_bpf at sta/bpf_bpf_validate.c.o' -MF 'lib/76b5a35@@rte_bpf at sta/bpf_bpf_validate.c.o.d' -o 'lib/76b5a35@@rte_bpf at sta/bpf_bpf_validate.c.o' -c ../lib/bpf/bpf_validate.c
../lib/bpf/bpf_validate.c:2386:1: error: type specifier missing, defaults to 'int'; ISO C99 and later do not support implicit int [-Wimplicit-int]
2386 | evaluate(struct bpf_verifier *bvf)
| ^
| int
../lib/bpf/bpf_validate.c:2386:1: error: no previous prototype for function 'evaluate' [-Werror,-Wmissing-prototypes]
../lib/bpf/bpf_validate.c:2386:9: note: declare 'static' if the function is not intended to be used outside of this translation unit
2386 | evaluate(struct bpf_verifier *bvf)
|         ^
|         static
2 errors generated.
[218/3198] Generating symbol file 'lib/76b5a35@@rte_bbdev at sha/librte_bbdev.so.24.2.symbols'.
[219/3198] Compiling C object 'lib/76b5a35@@rte_bpf at sta/bpf_bpf_load_elf.c.o'.
[220/3198] Compiling C object 'lib/76b5a35@@rte_bpf at sta/bpf_bpf_jit_arm64.c.o'.
ninja: build stopped: subcommand failed.
==== End log output ====

32-bit Ubuntu 20.04.4 (ARM)
	Kernel: 5.4.0-155-generic aarch64
	Compiler: gcc 9.4

CentOS Stream 9 (ARM)
	Kernel: Container Host Kernel
	Compiler: gcc 11.4.1

Debian 11 (Buster) (ARM)
	Kernel: Container Host Kernel
	Compiler: gcc 10.2.1

Fedora 37 (ARM)
	Kernel: Depends on container host
	Compiler: gcc 12.3.1

Fedora 38 (ARM)
	Kernel: Depends on container host
	Compiler: gcc 13.2.1

Debian 12 (arm)
	Kernel: Container Host Kernel
	Compiler: gcc 12.2.0

Fedora 39 (ARM)
	Kernel: Depends on container host
	Compiler: gcc 13.2.1

Fedora 39 (ARM Clang)
	Kernel: Depends on container host
	Compiler: clang 17.0.6

Ubuntu 20.04 ARM SVE
	Kernel: 5.4.0-167-generic
	Compiler: gcc (Ubuntu 10.5.0-1ubuntu1~20.04) 10.5.0

To view detailed results, visit:
https://lab.dpdk.org/results/dashboard/patchsets/30340/

UNH-IOL DPDK Community Lab

To manage your email subscriptions, visit: 
https://lab.dpdk.org/results/dashboard/preferences/subscriptions/


More information about the test-report mailing list