|FAILURE| pw141952-141954 [PATCH] [3/3] test/bpf: add extra test cas

dpdklab at iol.unh.edu dpdklab at iol.unh.edu
Fri Jun 28 05:59:59 CEST 2024


Test-Label: iol-unit-arm64-testing
Test-Status: FAILURE
http://dpdk.org/patch/141954

_Testing issues_

Submitter: Konstantin Ananyev <konstantin.v.ananyev at yandex.ru>
Date: Thursday, June 27 2024 11:55:31 
DPDK git baseline: Repo:dpdk
  Branch: master
  CommitID:eeb4b1d1f491b53c3024e0a9e8839acf514122cd

141952-141954 --> testing issues

Test environment and result as below:

+-----------------------------+----------------+--------------+---------------------------+------------------------------+
|         Environment         | dpdk_unit_test | lpm_autotest | cryptodev_sw_zuc_autotest | cryptodev_sw_snow3g_autotest |
+=============================+================+==============+===========================+==============================+
| 32-bit Ubuntu 20.04.4 (ARM) | PASS           | SKIPPED      | SKIPPED                   | SKIPPED                      |
+-----------------------------+----------------+--------------+---------------------------+------------------------------+
| CentOS Stream 9 (ARM)       | FAIL           | SKIPPED      | SKIPPED                   | SKIPPED                      |
+-----------------------------+----------------+--------------+---------------------------+------------------------------+
| Debian 11 (Buster) (ARM)    | FAIL           | SKIPPED      | SKIPPED                   | SKIPPED                      |
+-----------------------------+----------------+--------------+---------------------------+------------------------------+
| Fedora 37 (ARM)             | FAIL           | SKIPPED      | SKIPPED                   | SKIPPED                      |
+-----------------------------+----------------+--------------+---------------------------+------------------------------+
| Fedora 38 (ARM)             | FAIL           | SKIPPED      | SKIPPED                   | SKIPPED                      |
+-----------------------------+----------------+--------------+---------------------------+------------------------------+
| Debian 12 (arm)             | FAIL           | SKIPPED      | FAIL                      | FAIL                         |
+-----------------------------+----------------+--------------+---------------------------+------------------------------+
| Fedora 39 (ARM)             | FAIL           | SKIPPED      | SKIPPED                   | SKIPPED                      |
+-----------------------------+----------------+--------------+---------------------------+------------------------------+
| Fedora 39 (ARM Clang)       | FAIL           | SKIPPED      | SKIPPED                   | SKIPPED                      |
+-----------------------------+----------------+--------------+---------------------------+------------------------------+
| Fedora 38 (ARM Clang)       | FAIL           | SKIPPED      | SKIPPED                   | SKIPPED                      |
+-----------------------------+----------------+--------------+---------------------------+------------------------------+
| Fedora 40 (ARM)             | FAIL           | SKIPPED      | SKIPPED                   | SKIPPED                      |
+-----------------------------+----------------+--------------+---------------------------+------------------------------+
| Fedora 40 (ARM Clang)       | FAIL           | SKIPPED      | SKIPPED                   | SKIPPED                      |
+-----------------------------+----------------+--------------+---------------------------+------------------------------+
| RHEL9 (ARM)                 | FAIL           | SKIPPED      | SKIPPED                   | SKIPPED                      |
+-----------------------------+----------------+--------------+---------------------------+------------------------------+
| Ubuntu 20.04 (ARM)          | FAIL           | SKIPPED      | SKIPPED                   | SKIPPED                      |
+-----------------------------+----------------+--------------+---------------------------+------------------------------+
| Ubuntu 20.04 ARM SVE        | SKIPPED        | PASS         | SKIPPED                   | SKIPPED                      |
+-----------------------------+----------------+--------------+---------------------------+------------------------------+

==== 20 line log output for Ubuntu 20.04 (ARM) (dpdk_unit_test): ====
[184/3202] Compiling C object 'lib/76b5a35@@rte_bpf at sta/bpf_bpf_pkt.c.o'.
[185/3202] Compiling C object 'lib/76b5a35@@rte_bpf at sta/bpf_bpf_stub.c.o'.
[186/3202] Compiling C object 'lib/76b5a35@@rte_bpf at sta/bpf_bpf_jit_arm64.c.o'.
[187/3202] Compiling C object 'lib/76b5a35@@rte_bpf at sta/bpf_bpf_load_elf.c.o'.
[188/3202] Compiling C object 'lib/76b5a35@@rte_bpf at sta/bpf_bpf_convert.c.o'.
[189/3202] Compiling C object 'lib/76b5a35@@rte_cfgfile at sta/cfgfile_rte_cfgfile.c.o'.
[190/3202] Linking static target lib/librte_cfgfile.a.
[191/3202] Generating cfgfile.sym_chk with a meson_exe.py custom command.
[192/3202] Compiling C object 'lib/76b5a35@@rte_bpf at sta/bpf_bpf_validate.c.o'.
FAILED: lib/76b5a35@@rte_bpf at sta/bpf_bpf_validate.c.o
ccache cc -Ilib/76b5a35@@rte_bpf at sta -Ilib -I../lib -Ilib/bpf -I../lib/bpf -I. -I../ -Iconfig -I../config -Ilib/eal/include -I../lib/eal/include -Ilib/eal/linux/include -I../lib/eal/linux/include -Ilib/eal/arm/include -I../lib/eal/arm/include -Ilib/eal/common -I../lib/eal/common -Ilib/eal -I../lib/eal -Ilib/kvargs -I../lib/kvargs -Ilib/log -I../lib/log -Ilib/telemetry/../metrics -I../lib/telemetry/../metrics -Ilib/telemetry -I../lib/telemetry -Ilib/mbuf -I../lib/mbuf -Ilib/mempool -I../lib/mempool -Ilib/ring -I../lib/ring -Ilib/net -I../lib/net -Ilib/ethdev -I../lib/ethdev -Ilib/meter -I../lib/meter -fdiagnostics-color=always -pipe -D_FILE_OFFSET_BITS=64 -Wall -Winvalid-pch -Wextra -Werror -std=c11 -O3 -include rte_config.h -Wcast-qual -Wdeprecated -Wformat -Wformat-nonliteral -Wformat-security -Wmissing-declarations -Wmissing-prototypes -Wnested-externs -Wold-style-definition -Wpointer-arith -Wsign-compare -Wstrict-prototypes -Wundef -Wwrite-strings -Wno-address-of-packed-member -Wn
 o-packed-not-aligned -Wno-missing-field-initializers -D_GNU_SOURCE -fPIC -mcpu=thunderx2t99+crc+crypto -DALLOW_EXPERIMENTAL_API -DALLOW_INTERNAL_API -Wno-format-truncation -DRTE_LOG_DEFAULT_LOGTYPE=lib.bpf -MD -MQ 'lib/76b5a35@@rte_bpf at sta/bpf_bpf_validate.c.o' -MF 'lib/76b5a35@@rte_bpf at sta/bpf_bpf_validate.c.o.d' -o 'lib/76b5a35@@rte_bpf at sta/bpf_bpf_validate.c.o' -c ../lib/bpf/bpf_validate.c
../lib/bpf/bpf_validate.c:2386:1: error: return type defaults to 'int' [-Werror=implicit-int]
2386 | evaluate(struct bpf_verifier *bvf)
| ^~~~~~~~
../lib/bpf/bpf_validate.c:2386:1: error: no previous prototype for 'evaluate' [-Werror=missing-prototypes]
cc1: all warnings being treated as errors
[193/3202] Compiling C object 'lib/76b5a35@@rte_compressdev at sta/compressdev_rte_compressdev.c.o'.
[194/3202] Generating eal.sym_chk with a meson_exe.py custom command.
[195/3202] Generating ethdev.sym_chk with a meson_exe.py custom command.
ninja: build stopped: subcommand failed.
==== End log output ====

32-bit Ubuntu 20.04.4 (ARM)
	Kernel: 5.4.0-155-generic aarch64
	Compiler: gcc 9.4

CentOS Stream 9 (ARM)
	Kernel: Container Host Kernel
	Compiler: gcc 11.4.1

Debian 11 (Buster) (ARM)
	Kernel: Container Host Kernel
	Compiler: gcc 10.2.1

Fedora 37 (ARM)
	Kernel: Depends on container host
	Compiler: gcc 12.3.1

Fedora 38 (ARM)
	Kernel: Depends on container host
	Compiler: gcc 13.2.1

Debian 12 (arm)
	Kernel: Container Host Kernel
	Compiler: gcc 12.2.0

Fedora 39 (ARM)
	Kernel: Depends on container host
	Compiler: gcc 13.2.1

Fedora 39 (ARM Clang)
	Kernel: Depends on container host
	Compiler: clang 17.0.6

Fedora 38 (ARM Clang)
	Kernel: Depends on container host
	Compiler: clang 16.0.6

Fedora 40 (ARM)
	Kernel: Depends on container host
	Compiler: gcc 14.1.1

Fedora 40 (ARM Clang)
	Kernel: Depends on container host
	Compiler: clang 18.1.6

RHEL9 (ARM)
	Kernel: Depends on container host
	Compiler: gcc 11.4.1

Ubuntu 20.04 (ARM)
	Kernel: Container Host Kernel
	Compiler: gcc 9.4.0

Ubuntu 20.04 ARM SVE
	Kernel: 5.4.0-167-generic
	Compiler: gcc (Ubuntu 10.5.0-1ubuntu1~20.04) 10.5.0

To view detailed results, visit:
https://lab.dpdk.org/results/dashboard/patchsets/30340/

UNH-IOL DPDK Community Lab

To manage your email subscriptions, visit: 
https://lab.dpdk.org/results/dashboard/preferences/subscriptions/


More information about the test-report mailing list