|FAILURE| pw137526-137542 [PATCH] [v4,22/22] devtools: forbid use ar

dpdklab at iol.unh.edu dpdklab at iol.unh.edu
Fri Mar 1 03:23:15 CET 2024


Test-Label: iol-compile-amd64-testing
Test-Status: FAILURE
http://dpdk.org/patch/137542

_Testing issues_

Submitter: Tyler Retzlaff <roretzla at linux.microsoft.com>
Date: Thursday, February 29 2024 19:53:53 
DPDK git baseline: Repo:dpdk
  Branch: master
  CommitID:92c0ad70caf3ed6f4b93de6ddaf7bc369737c049

137526-137542 --> testing fail

Test environment and result as below:

+---------------------+--------------------+
|     Environment     | dpdk_meson_compile |
+=====================+====================+
| Debian Bullseye     | PASS               |
+---------------------+--------------------+
| CentOS Stream 9     | PASS               |
+---------------------+--------------------+
| Fedora 38           | PASS               |
+---------------------+--------------------+
| FreeBSD 13.2        | PASS               |
+---------------------+--------------------+
| CentOS Stream 8     | PASS               |
+---------------------+--------------------+
| RHEL8               | PASS               |
+---------------------+--------------------+
| Ubuntu 20.04        | PASS               |
+---------------------+--------------------+
| Fedora 37           | PASS               |
+---------------------+--------------------+
| openSUSE Leap 15    | PASS               |
+---------------------+--------------------+
| Debian 12 (arm)     | PASS               |
+---------------------+--------------------+
| Ubuntu 22.04        | PASS               |
+---------------------+--------------------+
| Alpine              | PASS               |
+---------------------+--------------------+
| Windows Server 2022 | FAIL               |
+---------------------+--------------------+

==== 20 line log output for Windows Server 2022 (dpdk_meson_compile): ====
 [ 6 / 1 6 ]   G e n e r a t i n g   r t e _ k v a r g s _ d e f   w i t h   a   c u s t o m   c o m m a n d 
 
 [ 7 / 1 6 ]   L i n k i n g   t a r g e t   l i b / r t e _ l o g - 2 4 . d l l 
 
       C r e a t i n g   l i b r a r y   l i b \ r t e _ l o g . l i b   a n d   o b j e c t   l i b \ r t e _ l o g . e x p 
 
 [ 8 / 1 6 ]   C o m p i l i n g   C   o b j e c t   l i b / l i b r t e _ t e l e m e t r y . a . p / t e l e m e t r y _ t e l e m e t r y _ d a t a . c . o b j 
 
 [ 9 / 1 6 ]   G e n e r a t i n g   r t e _ t e l e m e t r y _ d e f   w i t h   a   c u s t o m   c o m m a n d 
 
 [ 1 0 / 1 6 ]   C o m p i l i n g   C   o b j e c t   l i b / l i b r t e _ k v a r g s . a . p / k v a r g s _ r t e _ k v a r g s . c . o b j 
 
 F A I L E D :   l i b / l i b r t e _ k v a r g s . a . p / k v a r g s _ r t e _ k v a r g s . c . o b j   
 
 " c l "   " - I l i b \ l i b r t e _ k v a r g s . a . p "   " - I l i b "   " - I . . \ l i b "   " - I l i b \ k v a r g s "   " - I . . \ l i b \ k v a r g s "   " - I . "   " - I . . "   " - I c o n f i g "   " - I . . \ c o n f i g "   " - I . . \ l i b \ e a l \ i n c l u d e "   " - I . . \ l i b \ e a l \ w i n d o w s \ i n c l u d e "   " - I . . \ l i b \ e a l \ x 8 6 \ i n c l u d e "   " - I l i b \ l o g "   " - I . . \ l i b \ l o g "   " / M D "   " / n o l o g o "   " / s h o w I n c l u d e s "   " / W 3 "   " / W X "   " / s t d : c 1 1 "   " / O 2 "   " / G w "   " / w d 4 2 4 4 "   " / w d 4 2 6 7 "   " / e x p e r i m e n t a l : c 1 1 a t o m i c s "   " / d 1 e x p e r i m e n t a l : t y p e o f "   " / F I "   " r t e _ c o n f i g . h "   " - D _ G N U _ S O U R C E "   " - D _ W I N 3 2 _ W I N N T = 0 x 0 A 0 0 "   " - D A L L O W _ E X P E R I M E N T A L _ A P I "   " - D A L L O W _ I N T E R N A L _ A P I "   " - D R T E _ L O G _ D E F A U L T _ L
  O G T Y P E = l i b . k v a r g s "   " / F d l i b \ l i b r t e _ k v a r g s . a . p \ k v a r g s _ r t e _ k v a r g s . c . p d b "   / F o l i b / l i b r t e _ k v a r g s . a . p / k v a r g s _ r t e _ k v a r g s . c . o b j   " / c "   . . / l i b / k v a r g s / r t e _ k v a r g s . c 
 
 . . \ l i b \ e a l \ w i n d o w s \ i n c l u d e \ r t e _ w i n d o w s . h ( 5 2 ) :   e r r o r   C 2 0 5 9 :   s y n t a x   e r r o r :   ' s t r i n g ' 
 
 . . \ l i b \ e a l \ w i n d o w s \ i n c l u d e \ r t e _ w i n d o w s . h ( 5 2 ) :   w a r n i n g   C 5 1 0 0 :   _ _ V A _ A R G S _ _   i s   r e s e r v e d   f o r   u s e   i n   v a r i a d i c   m a c r o s 
 
 . . \ l i b \ e a l \ w i n d o w s \ i n c l u d e \ r t e _ w i n d o w s . h ( 5 2 ) :   n o t e :   i n   e x p a n s i o n   o f   m a c r o   ' _ _ V A _ A R G S _ _ ' 
 
 . . \ l i b \ e a l \ w i n d o w s \ i n c l u d e \ r t e _ o s _ s h i m . h ( 8 8 ) :   e r r o r   C 2 1 4 6 :   s y n t a x   e r r o r :   m i s s i n g   ' ) '   b e f o r e   i d e n t i f i e r   ' c l o c k _ i d ' 
 
 . . \ l i b \ e a l \ w i n d o w s \ i n c l u d e \ r t e _ o s _ s h i m . h ( 8 8 ) :   e r r o r   C 2 0 6 1 :   s y n t a x   e r r o r :   i d e n t i f i e r   ' c l o c k _ i d ' 
 
 . . \ l i b \ e a l \ w i n d o w s \ i n c l u d e \ r t e _ o s _ s h i m . h ( 8 8 ) :   e r r o r   C 2 0 5 9 :   s y n t a x   e r r o r :   ' ; ' 
 
 . . \ l i b \ e a l \ w i n d o w s \ i n c l u d e \ r t e _ o s _ s h i m . h ( 8 8 ) :   e r r o r   C 2 0 5 9 :   s y n t a x   e r r o r :   ' , ' 
 
 . . \ l i b \ e a l \ w i n d o w s \ i n c l u d e \ r t e _ o s _ s h i m . h ( 8 8 ) :   e r r o r   C 2 0 5 9 :   s y n t a x   e r r o r :   ' ) ' 
 
 [ 1 1 / 1 6 ]   C o m p i l i n g   C   o b j e c t   l i b / l i b r t e _ t e l e m e t r y . a . p / t e l e m e t r y _ t e l e m e t r y _ l e g a c y . c . o b j 
 
 [ 1 2 / 1 6 ]   G e n e r a t i n g   s y m b o l   f i l e   l i b / r t e _ l o g - 2 4 . d l l . p / r t e _ l o g - 2 4 . d l l . s y m b o l s 
 
 n i n j a :   b u i l d   s t o p p e d :   s u b c o m m a n d   f a i l e d . 
 
 
==== End log output ====

Debian Bullseye
	Kernel: 5.4.0-122-generic
	Compiler: gcc 10.2.1-6

CentOS Stream 9
	Kernel: 4.18.0-240.10.1.el8_3.x86_64
	Compiler: gcc 11.3.1 20220421

Fedora 38
	Kernel: Depends on container host
	Compiler: gcc 13.1.1

FreeBSD 13.2
	Kernel: 13.2
	Compiler: clang 11.3.0

CentOS Stream 8
	Kernel: 4.18.0-240.10.1.el8_3.x86_64
	Compiler: gcc 8.4.1 20200928

RHEL8
	Kernel: 4.18.0-240.10.1.el8_3.x86_64
	Compiler: gcc 8.3.1 20191121 (Red Hat 8.3.1-5)

Ubuntu 20.04
	Kernel: 5.4.0-153-generic
	Compiler: gcc 9.4.0-1ubuntu1~20.04.1

Fedora 37
	Kernel: Depends on container host system
	Compiler: gcc 12.3.1

openSUSE Leap 15
	Kernel: 4.18.0-240.10.1.el8_3.x86_64
	Compiler: gcc 7.5.0

Debian 12 (arm)
	Kernel: Container Host Kernel
	Compiler: gcc 11

Ubuntu 22.04
	Kernel: 4.18.0-240.10.1.el8_3.x86_64
	Compiler: gcc 11.3.0

Alpine
	Kernel: 5.4.0-73-generic
	Compiler: gcc (Alpine 10.3.1_git20210424) 10.3.1 20210424

Windows Server 2022
	Kernel: OS Build 20348.2031
	Compiler: MSVC VS-Preview

To view detailed results, visit:
https://lab.dpdk.org/results/dashboard/patchsets/29351/

UNH-IOL DPDK Community Lab

To manage your email subscriptions, visit: 
https://lab.dpdk.org/results/dashboard/preferences/subscriptions/


More information about the test-report mailing list