|FAILURE| pw137526-137542 [PATCH] [v4,22/22] devtools: forbid use ar

dpdklab at iol.unh.edu dpdklab at iol.unh.edu
Fri Mar 1 04:29:40 CET 2024


Test-Label: iol-compile-amd64-testing
Test-Status: FAILURE
http://dpdk.org/patch/137542

_Testing issues_

Submitter: Tyler Retzlaff <roretzla at linux.microsoft.com>
Date: Thursday, February 29 2024 19:53:53 
DPDK git baseline: Repo:dpdk
  Branch: master
  CommitID:92c0ad70caf3ed6f4b93de6ddaf7bc369737c049

137526-137542 --> testing fail

Test environment and result as below:

+---------------------+--------------------+----------------------+
|     Environment     | dpdk_meson_compile | dpdk_mingw64_compile |
+=====================+====================+======================+
| Debian Bullseye     | PASS               | SKIPPED              |
+---------------------+--------------------+----------------------+
| CentOS Stream 9     | PASS               | SKIPPED              |
+---------------------+--------------------+----------------------+
| Fedora 38           | PASS               | SKIPPED              |
+---------------------+--------------------+----------------------+
| FreeBSD 13.2        | PASS               | SKIPPED              |
+---------------------+--------------------+----------------------+
| CentOS Stream 8     | PASS               | SKIPPED              |
+---------------------+--------------------+----------------------+
| RHEL8               | PASS               | SKIPPED              |
+---------------------+--------------------+----------------------+
| Ubuntu 20.04        | PASS               | SKIPPED              |
+---------------------+--------------------+----------------------+
| Fedora 37           | PASS               | SKIPPED              |
+---------------------+--------------------+----------------------+
| openSUSE Leap 15    | PASS               | SKIPPED              |
+---------------------+--------------------+----------------------+
| Debian 12 (arm)     | PASS               | SKIPPED              |
+---------------------+--------------------+----------------------+
| Ubuntu 22.04        | PASS               | SKIPPED              |
+---------------------+--------------------+----------------------+
| Alpine              | PASS               | SKIPPED              |
+---------------------+--------------------+----------------------+
| Windows Server 2022 | FAIL               | SKIPPED              |
+---------------------+--------------------+----------------------+
| Windows Server 2019 | FAIL               | FAIL                 |
+---------------------+--------------------+----------------------+

==== 20 line log output for Windows Server 2019 (dpdk_mingw64_compile): ====
"GetLastError()=%lu: " GetLastError(), __VA_ARGS__)
^~~~~~~~~~~~~~~~~~~~~~
..\lib\eal\windows\include/rte_windows.h:52:42: error: __VA_ARGS__ can only appear in the expansion of a C99 variadic macro [-Werror]
"GetLastError()=%lu: " GetLastError(), __VA_ARGS__)
^
cc1.exe: all warnings being treated as errors
[8/745] Compiling C object lib/librte_ethdev.a.p/ethdev_rte_ethdev.c.obj
FAILED: lib/librte_ethdev.a.p/ethdev_rte_ethdev.c.obj
"gcc" "-Ilib\librte_ethdev.a.p" "-Ilib" "-I..\lib" "-Ilib\ethdev" "-I..\lib\ethdev" "-I." "-I.." "-Iconfig" "-I..\config" "-Ilib\eal\include" "-I..\lib\eal\include" "-Ilib\eal\windows\include" "-I..\lib\eal\windows\include" "-Ilib\eal\x86\include" "-I..\lib\eal\x86\include" "-Ilib\eal\common" "-I..\lib\eal\common" "-Ilib\eal" "-I..\lib\eal" "-Ilib\log" "-I..\lib\log" "-Ilib\kvargs" "-I..\lib\kvargs" "-Ilib\net" "-I..\lib\net" "-Ilib\mbuf" "-I..\lib\mbuf" "-Ilib\mempool" "-I..\lib\mempool" "-Ilib\ring" "-I..\lib\ring" "-Ilib\metrics" "-I..\lib\metrics" "-Ilib\telemetry" "-I..\lib\telemetry" "-Ilib\meter" "-I..\lib\meter" "-fdiagnostics-color=always" "-pipe" "-D_FILE_OFFSET_BITS=64" "-Wall" "-Winvalid-pch" "-Wextra" "-Werror" "-std=c11" "-O3" "-include" "rte_config.h" "-Wcast-qual" "-Wdeprecated" "-Wformat" "-Wformat-nonliteral" "-Wformat-security" "-Wmissing-declarations" "-Wmissing-prototypes" "-Wnested-externs" "-Wold-style-definition" "-Wpointer-arith" "-Wsign-compare" "-Wstrict-pr
 ototypes" "-Wundef" "-Wwrite-strings" "-Wno-packed-not-aligned" "-Wno-missing-field-initializers" "-D_GNU_SOURCE" "-D_WIN32_WINNT=0x0A00" "-D__USE_MINGW_ANSI_STDIO" "-march=native" "-mno-avx512f" "-mrtm" "-DALLOW_EXPERIMENTAL_API" "-DALLOW_INTERNAL_API" "-Wno-format-truncation" "-DRTE_LOG_DEFAULT_LOGTYPE=lib.ethdev" -MD -MQ lib/librte_ethdev.a.p/ethdev_rte_ethdev.c.obj -MF "lib\librte_ethdev.a.p\ethdev_rte_ethdev.c.obj.d" -o lib/librte_ethdev.a.p/ethdev_rte_ethdev.c.obj "-c" ../lib/ethdev/rte_ethdev.c
In file included from ..\lib\eal\windows\include/pthread.h:21,
from ../lib/ethdev/ethdev_driver.h:21,
from ../lib/ethdev/rte_ethdev.c:32:
..\lib\eal\windows\include/rte_windows.h:52:3: error: expected identifier or '(' before string constant
"GetLastError()=%lu: " GetLastError(), __VA_ARGS__)
^~~~~~~~~~~~~~~~~~~~~~
..\lib\eal\windows\include/rte_windows.h:52:42: error: __VA_ARGS__ can only appear in the expansion of a C99 variadic macro [-Werror]
"GetLastError()=%lu: " GetLastError(), __VA_ARGS__)
^
cc1.exe: all warnings being treated as errors
ninja: build stopped: subcommand failed.
==== End log output ====

Debian Bullseye
	Kernel: 5.4.0-122-generic
	Compiler: gcc 10.2.1-6

CentOS Stream 9
	Kernel: 4.18.0-240.10.1.el8_3.x86_64
	Compiler: gcc 11.3.1 20220421

Fedora 38
	Kernel: Depends on container host
	Compiler: gcc 13.1.1

FreeBSD 13.2
	Kernel: 13.2
	Compiler: clang 11.3.0

CentOS Stream 8
	Kernel: 4.18.0-240.10.1.el8_3.x86_64
	Compiler: gcc 8.4.1 20200928

RHEL8
	Kernel: 4.18.0-240.10.1.el8_3.x86_64
	Compiler: gcc 8.3.1 20191121 (Red Hat 8.3.1-5)

Ubuntu 20.04
	Kernel: 5.4.0-153-generic
	Compiler: gcc 9.4.0-1ubuntu1~20.04.1

Fedora 37
	Kernel: Depends on container host system
	Compiler: gcc 12.3.1

openSUSE Leap 15
	Kernel: 4.18.0-240.10.1.el8_3.x86_64
	Compiler: gcc 7.5.0

Debian 12 (arm)
	Kernel: Container Host Kernel
	Compiler: gcc 11

Ubuntu 22.04
	Kernel: 4.18.0-240.10.1.el8_3.x86_64
	Compiler: gcc 11.3.0

Alpine
	Kernel: 5.4.0-73-generic
	Compiler: gcc (Alpine 10.3.1_git20210424) 10.3.1 20210424

Windows Server 2022
	Kernel: OS Build 20348.2031
	Compiler: MSVC VS-Preview

Windows Server 2019
	Kernel: 10.0
	Compiler: clang 14.0 and gcc 8.1.0 (MinGW)

To view detailed results, visit:
https://lab.dpdk.org/results/dashboard/patchsets/29351/

UNH-IOL DPDK Community Lab

To manage your email subscriptions, visit: 
https://lab.dpdk.org/results/dashboard/preferences/subscriptions/


More information about the test-report mailing list