|FAILURE| pw137521 [PATCH] net/netvsc: fix number Tx queues > Rx que

dpdklab at iol.unh.edu dpdklab at iol.unh.edu
Fri Mar 1 04:51:10 CET 2024


Test-Label: iol-unit-arm64-testing
Test-Status: FAILURE
http://dpdk.org/patch/137521

_Testing issues_

Submitter: Alan Elder <alan.elder at microsoft.com>
Date: Thursday, February 29 2024 19:29:11 
DPDK git baseline: Repo:dpdk
  Branch: master
  CommitID:f60df26faa3c90fc66d356e16347acd046971441

137521 --> testing fail

Test environment and result as below:

+--------------------------+--------------+---------------------------+------------------------------+----------------+
|       Environment        | lpm_autotest | cryptodev_sw_zuc_autotest | cryptodev_sw_snow3g_autotest | dpdk_unit_test |
+==========================+==============+===========================+==============================+================+
| Ubuntu 20.04 ARM SVE     | PASS         | SKIPPED                   | SKIPPED                      | SKIPPED        |
+--------------------------+--------------+---------------------------+------------------------------+----------------+
| Debian 12 (arm)          | SKIPPED      | FAIL                      | FAIL                         | SKIPPED        |
+--------------------------+--------------+---------------------------+------------------------------+----------------+
| CentOS Stream 9 (ARM)    | SKIPPED      | SKIPPED                   | SKIPPED                      | FAIL           |
+--------------------------+--------------+---------------------------+------------------------------+----------------+
| Debian 11 (Buster) (ARM) | SKIPPED      | SKIPPED                   | SKIPPED                      | FAIL           |
+--------------------------+--------------+---------------------------+------------------------------+----------------+

==== 20 line log output for Debian 11 (Buster) (ARM) (dpdk_unit_test): ====
[1857/3134] Linking target drivers/librte_net_ixgbe.so.24.1.
[1858/3134] Compiling C object 'drivers/a715181@@tmp_rte_net_netvsc at sta/net_netvsc_hn_vf.c.o'.
FAILED: drivers/a715181@@tmp_rte_net_netvsc at sta/net_netvsc_hn_vf.c.o
ccache cc -Idrivers/a715181@@tmp_rte_net_netvsc at sta -Idrivers -I../drivers -Idrivers/net/netvsc -I../drivers/net/netvsc -Ilib/ethdev -I../lib/ethdev -I. -I../ -Iconfig -I../config -Ilib/eal/include -I../lib/eal/include -Ilib/eal/linux/include -I../lib/eal/linux/include -Ilib/eal/arm/include -I../lib/eal/arm/include -Ilib/eal/common -I../lib/eal/common -Ilib/eal -I../lib/eal -Ilib/kvargs -I../lib/kvargs -Ilib/log -I../lib/log -Ilib/telemetry/../metrics -I../lib/telemetry/../metrics -Ilib/telemetry -I../lib/telemetry -Ilib/net -I../lib/net -Ilib/mbuf -I../lib/mbuf -Ilib/mempool -I../lib/mempool -Ilib/ring -I../lib/ring -Ilib/meter -I../lib/meter -Idrivers/bus/pci -I../drivers/bus/pci -I../drivers/bus/pci/linux -Ilib/pci -I../lib/pci -Idrivers/bus/vdev -I../drivers/bus/vdev -Idrivers/bus/vmbus -I../drivers/bus/vmbus -I../drivers/bus/vmbus/linux -fdiagnostics-color=always -pipe -D_FILE_OFFSET_BITS=64 -Wall -Winvalid-pch -Wextra -Werror -std=c11 -O3 -include rte_config.h -Wcast-qual -Wdep
 recated -Wformat -Wformat-nonliteral -Wformat-security -Wmissing-declarations -Wmissing-prototypes -Wnested-externs -Wold-style-definition -Wpointer-arith -Wsign-compare -Wstrict-prototypes -Wundef -Wwrite-strings -Wno-address-of-packed-member -Wno-packed-not-aligned -Wno-missing-field-initializers -Wno-zero-length-bounds -D_GNU_SOURCE -fPIC -march=armv8.1-a+crc+crypto -mcpu=thunderx2t99 -DALLOW_EXPERIMENTAL_API -DALLOW_INTERNAL_API -Wno-format-truncation -DRTE_LOG_DEFAULT_LOGTYPE=pmd.net.netvsc -MD -MQ 'drivers/a715181@@tmp_rte_net_netvsc at sta/net_netvsc_hn_vf.c.o' -MF 'drivers/a715181@@tmp_rte_net_netvsc at sta/net_netvsc_hn_vf.c.o.d' -o 'drivers/a715181@@tmp_rte_net_netvsc at sta/net_netvsc_hn_vf.c.o' -c ../drivers/net/netvsc/hn_vf.c
In file included from ../drivers/net/netvsc/hn_vf.c:30:
../drivers/net/netvsc/hn_var.h:219:13: error: 'hn_rx_queue_free_common' declared 'static' but never defined [-Werror=unused-function]
219 | static void hn_rx_queue_free_common(struct hn_rx_queue *rxq);
|             ^~~~~~~~~~~~~~~~~~~~~~~
cc1: all warnings being treated as errors
[1859/3134] Generating rte_net_mlx5.pmd.c with a custom command.
[1860/3134] Compiling C object 'drivers/a715181@@tmp_rte_net_netvsc at sta/net_netvsc_hn_rndis.c.o'.
FAILED: drivers/a715181@@tmp_rte_net_netvsc at sta/net_netvsc_hn_rndis.c.o
ccache cc -Idrivers/a715181@@tmp_rte_net_netvsc at sta -Idrivers -I../drivers -Idrivers/net/netvsc -I../drivers/net/netvsc -Ilib/ethdev -I../lib/ethdev -I. -I../ -Iconfig -I../config -Ilib/eal/include -I../lib/eal/include -Ilib/eal/linux/include -I../lib/eal/linux/include -Ilib/eal/arm/include -I../lib/eal/arm/include -Ilib/eal/common -I../lib/eal/common -Ilib/eal -I../lib/eal -Ilib/kvargs -I../lib/kvargs -Ilib/log -I../lib/log -Ilib/telemetry/../metrics -I../lib/telemetry/../metrics -Ilib/telemetry -I../lib/telemetry -Ilib/net -I../lib/net -Ilib/mbuf -I../lib/mbuf -Ilib/mempool -I../lib/mempool -Ilib/ring -I../lib/ring -Ilib/meter -I../lib/meter -Idrivers/bus/pci -I../drivers/bus/pci -I../drivers/bus/pci/linux -Ilib/pci -I../lib/pci -Idrivers/bus/vdev -I../drivers/bus/vdev -Idrivers/bus/vmbus -I../drivers/bus/vmbus -I../drivers/bus/vmbus/linux -fdiagnostics-color=always -pipe -D_FILE_OFFSET_BITS=64 -Wall -Winvalid-pch -Wextra -Werror -std=c11 -O3 -include rte_config.h -Wcast-qual -Wdep
 recated -Wformat -Wformat-nonliteral -Wformat-security -Wmissing-declarations -Wmissing-prototypes -Wnested-externs -Wold-style-definition -Wpointer-arith -Wsign-compare -Wstrict-prototypes -Wundef -Wwrite-strings -Wno-address-of-packed-member -Wno-packed-not-aligned -Wno-missing-field-initializers -Wno-zero-length-bounds -D_GNU_SOURCE -fPIC -march=armv8.1-a+crc+crypto -mcpu=thunderx2t99 -DALLOW_EXPERIMENTAL_API -DALLOW_INTERNAL_API -Wno-format-truncation -DRTE_LOG_DEFAULT_LOGTYPE=pmd.net.netvsc -MD -MQ 'drivers/a715181@@tmp_rte_net_netvsc at sta/net_netvsc_hn_rndis.c.o' -MF 'drivers/a715181@@tmp_rte_net_netvsc at sta/net_netvsc_hn_rndis.c.o.d' -o 'drivers/a715181@@tmp_rte_net_netvsc at sta/net_netvsc_hn_rndis.c.o' -c ../drivers/net/netvsc/hn_rndis.c
In file included from ../drivers/net/netvsc/hn_rndis.c:33:
../drivers/net/netvsc/hn_var.h:219:13: error: 'hn_rx_queue_free_common' declared 'static' but never defined [-Werror=unused-function]
219 | static void hn_rx_queue_free_common(struct hn_rx_queue *rxq);
|             ^~~~~~~~~~~~~~~~~~~~~~~
cc1: all warnings being treated as errors
[1861/3134] Compiling C object 'drivers/a715181@@tmp_rte_net_netvsc at sta/net_netvsc_hn_rxtx.c.o'.
ninja: build stopped: subcommand failed.
==== End log output ====

Ubuntu 20.04 ARM SVE
	Kernel: 5.4.0-80-generic
	Compiler: gcc 10.3.0 (Ubuntu 10.3.0-1ubuntu1~20.04)

Debian 12 (arm)
	Kernel: Container Host Kernel
	Compiler: gcc 11

CentOS Stream 9 (ARM)
	Kernel: Container Host Kernel
	Compiler: gcc 11.3.1

Debian 11 (Buster) (ARM)
	Kernel: Container Host Kernel
	Compiler: gcc 10.2.1

To view detailed results, visit:
https://lab.dpdk.org/results/dashboard/patchsets/29349/

UNH-IOL DPDK Community Lab

To manage your email subscriptions, visit: 
https://lab.dpdk.org/results/dashboard/preferences/subscriptions/


More information about the test-report mailing list