|FAILURE| pw137801-137807 [PATCH] [RFC,7/7] eal: deprecate relaxed f
dpdklab at iol.unh.edu
dpdklab at iol.unh.edu
Sat Mar 2 20:21:17 CET 2024
Test-Label: iol-unit-arm64-testing
Test-Status: FAILURE
http://dpdk.org/patch/137807
_Testing issues_
Submitter: Mattias Ronnblom <mattias.ronnblom at ericsson.com>
Date: Saturday, March 02 2024 13:53:28
DPDK git baseline: Repo:dpdk
Branch: master
CommitID:5df34de5808a7b826b8bc035d6ee3161a12be364
137801-137807 --> testing fail
Test environment and result as below:
+-----------------------+----------------+
| Environment | dpdk_unit_test |
+=======================+================+
| CentOS Stream 9 (ARM) | PASS |
+-----------------------+----------------+
| Debian 12 (arm) | PASS |
+-----------------------+----------------+
| Fedora 38 (ARM Clang) | FAIL |
+-----------------------+----------------+
==== 20 line log output for Fedora 38 (ARM Clang) (dpdk_unit_test): ====
__RTE_GEN_BIT_ATOMIC_TEST_AND_ASSIGN(size)
^~~~~~~~~~~~~~~~~~~~~~~~~~~~~~~~~~~~~~~~~~
../lib/eal/include/rte_bitops.h:1151:55: note: expanded from macro '__RTE_GEN_BIT_ATOMIC_TEST_AND_ASSIGN'
} while(!__atomic_compare_exchange_n(addr, &before, after, \
^~~~~
../lib/eal/include/rte_bitops.h:1169:1: note: variable 'after' is declared here
../lib/eal/include/rte_bitops.h:1166:2: note: expanded from macro '__RTE_GEN_BIT_ATOMIC_OPS'
__RTE_GEN_BIT_ATOMIC_TEST_AND_ASSIGN(size)
^
../lib/eal/include/rte_bitops.h:1145:3: note: expanded from macro '__RTE_GEN_BIT_ATOMIC_TEST_AND_ASSIGN'
uint ## size ## _t after; \
^
<scratch space>:260:1: note: expanded from here
uint64_t
^
2 errors generated.
[4/3119] Linking static target lib/librte_kvargs.a.
[5/3119] Compiling C object 'lib/76b5a35@@rte_log at sta/log_log.c.o'.
[6/3119] Compiling C object 'lib/76b5a35@@rte_telemetry at sta/telemetry_telemetry.c.o'.
ninja: build stopped: subcommand failed.
==== End log output ====
CentOS Stream 9 (ARM)
Kernel: Container Host Kernel
Compiler: gcc 11.3.1
Debian 12 (arm)
Kernel: Container Host Kernel
Compiler: gcc 11
Fedora 38 (ARM Clang)
Kernel: Depends on container host
Compiler: clang 16.0.3
To view detailed results, visit:
https://lab.dpdk.org/results/dashboard/patchsets/29385/
UNH-IOL DPDK Community Lab
To manage your email subscriptions, visit:
https://lab.dpdk.org/results/dashboard/preferences/subscriptions/
More information about the test-report
mailing list