|WARNING| pw137997-138000 [PATCH] [v5,4/4] crypto/ipsec_mb: unified

dpdklab at iol.unh.edu dpdklab at iol.unh.edu
Tue Mar 5 19:56:06 CET 2024


Test-Label: iol-unit-arm64-testing
Test-Status: WARNING
http://dpdk.org/patch/138000

_Testing issues_

Submitter: Brian Dooley <brian.dooley at intel.com>
Date: Tuesday, March 05 2024 17:42:27 
DPDK git baseline: Repo:dpdk
  Branch: master
  CommitID:240fcef51bceb527c624a2329ca1e3030fbd64db

137997-138000 --> testing fail

Test environment and result as below:

+--------------------------+----------------+------------------------------+
|       Environment        | dpdk_unit_test | cryptodev_sw_snow3g_autotest |
+==========================+================+==============================+
| Debian 11 (Buster) (ARM) | PASS           | SKIPPED                      |
+--------------------------+----------------+------------------------------+
| Debian 12 (arm)          | PASS           | FAIL                         |
+--------------------------+----------------+------------------------------+
| CentOS Stream 9 (ARM)    | PASS           | SKIPPED                      |
+--------------------------+----------------+------------------------------+
| Ubuntu 20.04 (ARM)       | PASS           | SKIPPED                      |
+--------------------------+----------------+------------------------------+

==== 20 line log output for Debian 12 (arm) (cryptodev_sw_snow3g_autotest): ====
[2277/3167] Compiling C object drivers/libtmp_rte_crypto_ipsec_mb.a.p/crypto_ipsec_mb_pmd_kasumi.c.o
[2278/3167] Compiling C object drivers/libtmp_rte_crypto_ipsec_mb.a.p/crypto_ipsec_mb_pmd_snow3g.c.o
[2279/3167] Compiling C object drivers/libtmp_rte_crypto_ipsec_mb.a.p/crypto_ipsec_mb_pmd_aesni_mb.c.o
[2280/3167] Compiling C object drivers/libtmp_rte_crypto_ipsec_mb.a.p/crypto_ipsec_mb_pmd_zuc.c.o
[2281/3167] Linking static target drivers/libtmp_rte_crypto_ipsec_mb.a
[2282/3167] Compiling C object drivers/libtmp_rte_crypto_mlx5.a.p/crypto_mlx5_mlx5_crypto.c.o
[2283/3167] Generating drivers/rte_crypto_ipsec_mb.pmd.c with a custom command
[2284/3167] Compiling C object drivers/librte_crypto_ipsec_mb.a.p/meson-generated_.._rte_crypto_ipsec_mb.pmd.c.o
[2285/3167] Linking static target drivers/librte_crypto_ipsec_mb.a
[2286/3167] Compiling C object drivers/librte_crypto_ipsec_mb.so.24.1.p/meson-generated_.._rte_crypto_ipsec_mb.pmd.c.o
[2287/3167] Linking target drivers/librte_crypto_ipsec_mb.so.24.1
FAILED: drivers/librte_crypto_ipsec_mb.so.24.1
cc  -o drivers/librte_crypto_ipsec_mb.so.24.1 drivers/librte_crypto_ipsec_mb.so.24.1.p/meson-generated_.._rte_crypto_ipsec_mb.pmd.c.o drivers/libtmp_rte_crypto_ipsec_mb.a.p/crypto_ipsec_mb_ipsec_mb_private.c.o drivers/libtmp_rte_crypto_ipsec_mb.a.p/crypto_ipsec_mb_ipsec_mb_ops.c.o drivers/libtmp_rte_crypto_ipsec_mb.a.p/crypto_ipsec_mb_pmd_aesni_mb.c.o drivers/libtmp_rte_crypto_ipsec_mb.a.p/crypto_ipsec_mb_pmd_aesni_gcm.c.o drivers/libtmp_rte_crypto_ipsec_mb.a.p/crypto_ipsec_mb_pmd_chacha_poly.c.o drivers/libtmp_rte_crypto_ipsec_mb.a.p/crypto_ipsec_mb_pmd_kasumi.c.o drivers/libtmp_rte_crypto_ipsec_mb.a.p/crypto_ipsec_mb_pmd_snow3g.c.o drivers/libtmp_rte_crypto_ipsec_mb.a.p/crypto_ipsec_mb_pmd_zuc.c.o -Wl,--as-needed -Wl,--no-undefined -Wl,-O1 -shared -fPIC -Wl,--start-group -Wl,-soname,librte_crypto_ipsec_mb.so.24 -Wl,--no-as-needed -Wl,--undefined-version -pthread -lm -ldl -lnuma -march=armv8-a+crc+crypto '-Wl,-rpath,$ORIGIN/../lib:$ORIGIN/' -Wl,-rpath-link,/home-local/jenkins-local/
 jenkins-agent/workspace/Generic-Unit-Test-DPDK/dpdk/build/lib -Wl,-rpath-link,/home-local/jenkins-local/jenkins-agent/workspace/Generic-Unit-Test-DPDK/dpdk/build/drivers lib/librte_cryptodev.so.24.1 lib/librte_eal.so.24.1 lib/librte_kvargs.so.24.1 lib/librte_log.so.24.1 lib/librte_telemetry.so.24.1 lib/librte_mbuf.so.24.1 lib/librte_mempool.so.24.1 lib/librte_ring.so.24.1 lib/librte_rcu.so.24.1 drivers/librte_bus_vdev.so.24.1 lib/librte_net.so.24.1 lib/librte_security.so.24.1 -Wl,--version-script=/home-local/jenkins-local/jenkins-agent/workspace/Generic-Unit-Test-DPDK/dpdk/drivers/version.map -lIPSec_MB -Wl,--end-group
/usr/bin/ld: drivers/libtmp_rte_crypto_ipsec_mb.a.p/crypto_ipsec_mb_pmd_aesni_mb.c.o: in function `aesni_mb_set_session_auth_parameters.constprop.0':
pmd_aesni_mb.c:(.text+0xd34): undefined reference to `imb_hmac_ipad_opad'
collect2: error: ld returned 1 exit status
[2288/3167] Compiling C object drivers/libtmp_rte_crypto_mlx5.a.p/crypto_mlx5_mlx5_crypto_xts.c.o
[2289/3167] Compiling C object drivers/libtmp_rte_crypto_dpaa_sec.a.p/crypto_dpaa_sec_dpaa_sec.c.o
[2290/3167] Compiling C object drivers/libtmp_rte_crypto_cnxk.a.p/crypto_cnxk_cn10k_cryptodev_ops.c.o
ninja: build stopped: subcommand failed.
==== End log output ====

Debian 11 (Buster) (ARM)
	Kernel: Container Host Kernel
	Compiler: gcc 10.2.1

Debian 12 (arm)
	Kernel: Container Host Kernel
	Compiler: gcc 11

CentOS Stream 9 (ARM)
	Kernel: Container Host Kernel
	Compiler: gcc 11.3.1

Ubuntu 20.04 (ARM)
	Kernel: Container Host Kernel
	Compiler: gcc 9.4.0

To view detailed results, visit:
https://lab.dpdk.org/results/dashboard/patchsets/29424/

UNH-IOL DPDK Community Lab

To manage your email subscriptions, visit: 
https://lab.dpdk.org/results/dashboard/preferences/subscriptions/


More information about the test-report mailing list