|FAILURE| pw138100 [PATCH] test/lcores: reduce cpu consumption
dpdklab at iol.unh.edu
dpdklab at iol.unh.edu
Thu Mar 7 17:44:51 CET 2024
Test-Label: iol-unit-amd64-testing
Test-Status: FAILURE
http://dpdk.org/patch/138100
_Testing issues_
Submitter: David Marchand <david.marchand at redhat.com>
Date: Thursday, March 07 2024 11:33:24
DPDK git baseline: Repo:dpdk
Branch: master
CommitID:19082c1fac430c74bb4b1c101edd12d88928e7c2
138100 --> testing fail
Test environment and result as below:
+---------------------+----------------+
| Environment | dpdk_unit_test |
+=====================+================+
| CentOS Stream 8 | PASS |
+---------------------+----------------+
| CentOS Stream 9 | PASS |
+---------------------+----------------+
| Debian 12 (arm) | PASS |
+---------------------+----------------+
| Debian Bullseye | PASS |
+---------------------+----------------+
| Fedora 38 | PASS |
+---------------------+----------------+
| Fedora 37 | PASS |
+---------------------+----------------+
| openSUSE Leap 15 | PASS |
+---------------------+----------------+
| RHEL8 | PASS |
+---------------------+----------------+
| Ubuntu 22.04 | PASS |
+---------------------+----------------+
| Ubuntu 20.04 | PASS |
+---------------------+----------------+
| Windows Server 2019 | FAIL |
+---------------------+----------------+
==== 20 line log output for Windows Server 2019 (dpdk_unit_test): ====
F A I L E D : a p p / d p d k - t e s t . e x e . p / t e s t _ t e s t _ l c o r e s . c . o b j
" c l a n g " " - I a p p \ d p d k - t e s t . e x e . p " " - I a p p " " - I . . \ a p p " " - I l i b \ c m d l i n e " " - I . . \ l i b \ c m d l i n e " " - I . " " - I . . " " - I c o n f i g " " - I . . \ c o n f i g " " - I l i b \ e a l \ i n c l u d e " " - I . . \ l i b \ e a l \ i n c l u d e " " - I l i b \ e a l \ w i n d o w s \ i n c l u d e " " - I . . \ l i b \ e a l \ w i n d o w s \ i n c l u d e " " - I l i b \ e a l \ x 8 6 \ i n c l u d e " " - I . . \ l i b \ e a l \ x 8 6 \ i n c l u d e " " - I l i b \ e a l \ c o m m o n " " - I . . \ l i b \ e a l \ c o m m o n " " - I l i b \ e a l " " - I . . \ l i b \ e a l " " - I l i b \ l o g " " - I . . \ l i b \ l o g " " - I l i b \ k v a r g s " " - I . . \ l i b \ k v a r g s " " - I l i b \ n e t " " - I . . \ l i b \ n e t " " - I l i b \ m b u f " " - I . . \ l i b \ m b u f " " - I l i b \ m e m p o o l " " - I . . \ l i b \ m e m p o o l " " - I
l i b \ r i n g " " - I . . \ l i b \ r i n g " " - I l i b \ m e t r i c s " " - I . . \ l i b \ m e t r i c s " " - I l i b \ t e l e m e t r y " " - I . . \ l i b \ t e l e m e t r y " " - I d r i v e r s \ n e t \ r i n g " " - I . . \ d r i v e r s \ n e t \ r i n g " " - I l i b \ e t h d e v " " - I . . \ l i b \ e t h d e v " " - I l i b \ m e t e r " " - I . . \ l i b \ m e t e r " " - I d r i v e r s \ b u s \ p c i " " - I . . \ d r i v e r s \ b u s \ p c i " " - I . . \ d r i v e r s \ b u s \ p c i \ w i n d o w s " " - I l i b \ p c i " " - I . . \ l i b \ p c i " " - I d r i v e r s \ b u s \ v d e v " " - I . . \ d r i v e r s \ b u s \ v d e v " " - I l i b \ a r g p a r s e " " - I . . \ l i b \ a r g p a r s e " " - I l i b \ h a s h " " - I . . \ l i b \ h a s h " " - I l i b \ r c u " " - I . . \ l i b \ r c u " " - I l i b \ b i t r a t e s t a t s " " - I . . \ l i b \ b i t r a t e s t a t s " " - I l i
b \ c r y p t o d e v " " - I . . \ l i b \ c r y p t o d e v " " - I l i b \ s e c u r i t y " " - I . . \ l i b \ s e c u r i t y " " - I l i b \ d m a d e v " " - I . . \ l i b \ d m a d e v " " - I l i b \ f i b " " - I . . \ l i b \ f i b " " - I l i b \ r i b " " - I . . \ l i b \ r i b " " - I l i b \ l p m " " - I . . \ l i b \ l p m " " - I l i b \ i p _ f r a g " " - I . . \ l i b \ i p _ f r a g " " - I l i b \ l a t e n c y s t a t s " " - I . . \ l i b \ l a t e n c y s t a t s " " - I l i b \ p c a p n g " " - I . . \ l i b \ p c a p n g " " - I l i b \ r e o r d e r " " - I . . \ l i b \ r e o r d e r " " - I l i b \ s t a c k " " - I . . \ l i b \ s t a c k " " - I l i b \ t i m e r " " - I . . \ l i b \ t i m e r " " - X c l a n g " " - f c o l o r - d i a g n o s t i c s " " - p i p e " " - D _ F I L E _ O F F S E T _ B I T S = 6 4 " " - W a l l " " - W i n v a l i d - p c h " " - W e x t r a " " - W e r
r o r " " - s t d = c 1 1 " " - O 3 " " - i n c l u d e " " r t e _ c o n f i g . h " " - W c a s t - q u a l " " - W d e p r e c a t e d " " - W f o r m a t " " - W f o r m a t - n o n l i t e r a l " " - W f o r m a t - s e c u r i t y " " - W m i s s i n g - d e c l a r a t i o n s " " - W m i s s i n g - p r o t o t y p e s " " - W n e s t e d - e x t e r n s " " - W o l d - s t y l e - d e f i n i t i o n " " - W p o i n t e r - a r i t h " " - W s i g n - c o m p a r e " " - W s t r i c t - p r o t o t y p e s " " - W u n d e f " " - W w r i t e - s t r i n g s " " - W n o - a d d r e s s - o f - p a c k e d - m e m b e r " " - W n o - m i s s i n g - f i e l d - i n i t i a l i z e r s " " - D _ G N U _ S O U R C E " " - D _ W I N 3 2 _ W I N N T = 0 x 0 A 0 0 " " - D _ C R T _ S E C U R E _ N O _ W A R N I N G S " " - m a r c h = n a t i v e " " - m r t m " " - D A L L O W _ E X P E R I M E N T A L _ A P I " " - f n o -
s t r i c t - a l i a s i n g " " - D A L L O W _ I N T E R N A L _ A P I " - M D - M Q a p p / d p d k - t e s t . e x e . p / t e s t _ t e s t _ l c o r e s . c . o b j - M F " a p p \ d p d k - t e s t . e x e . p \ t e s t _ t e s t _ l c o r e s . c . o b j . d " - o a p p / d p d k - t e s t . e x e . p / t e s t _ t e s t _ l c o r e s . c . o b j " - c " . . / a p p / t e s t / t e s t _ l c o r e s . c
. . / a p p / t e s t / t e s t _ l c o r e s . c : 4 7 : 3 : e r r o r : i m p l i c i t d e c l a r a t i o n o f f u n c t i o n ' s c h e d _ y i e l d ' i s i n v a l i d i n C 9 9 [ - W e r r o r , - W i m p l i c i t - f u n c t i o n - d e c l a r a t i o n ]
s c h e d _ y i e l d ( ) ;
^
. . / a p p / t e s t / t e s t _ l c o r e s . c : 8 9 : 3 : e r r o r : i m p l i c i t d e c l a r a t i o n o f f u n c t i o n ' s c h e d _ y i e l d ' i s i n v a l i d i n C 9 9 [ - W e r r o r , - W i m p l i c i t - f u n c t i o n - d e c l a r a t i o n ]
s c h e d _ y i e l d ( ) ;
^
. . / a p p / t e s t / t e s t _ l c o r e s . c : 2 7 1 : 3 : e r r o r : i m p l i c i t d e c l a r a t i o n o f f u n c t i o n ' s c h e d _ y i e l d ' i s i n v a l i d i n C 9 9 [ - W e r r o r , - W i m p l i c i t - f u n c t i o n - d e c l a r a t i o n ]
s c h e d _ y i e l d ( ) ;
^
3 e r r o r s g e n e r a t e d .
[ 3 0 / 6 9 ] C o m p i l i n g C o b j e c t a p p / d p d k - t e s t . e x e . p / t e s t _ t e s t _ m b u f . c . o b j
[ 3 1 / 6 9 ] C o m p i l i n g C o b j e c t a p p / d p d k - t e s t . e x e . p / t e s t _ t e s t _ r e a s s e m b l y _ p e r f . c . o b j
[ 3 2 / 6 9 ] C o m p i l i n g C o b j e c t a p p / d p d k - t e s t . e x e . p / t e s t _ t e s t _ f i b 6 . c . o b j
[ 3 3 / 6 9 ] C o m p i l i n g C o b j e c t a p p / d p d k - t e s t . e x e . p / t e s t _ t e s t _ r i b . c . o b j
[ 3 4 / 6 9 ] C o m p i l i n g C o b j e c t a p p / d p d k - t e s t . e x e . p / t e s t _ t e s t _ h a s h _ p e r f . c . o b j
n i n j a : b u i l d s t o p p e d : s u b c o m m a n d f a i l e d .
C o u l d n o t r e b u i l d C : \ U s e r s \ b u i l d e r \ j e n k i n s \ w o r k s p a c e \ G e n e r i c - V M - U n i t - T e s t - D P D K \ d p d k \ b u i l d
==== End log output ====
CentOS Stream 8
Kernel: 4.18.0-240.10.1.el8_3.x86_64
Compiler: gcc 8.4.1 20200928
CentOS Stream 9
Kernel: 4.18.0-240.10.1.el8_3.x86_64
Compiler: gcc 11.3.1 20220421
Debian 12 (arm)
Kernel: Container Host Kernel
Compiler: gcc 11
Debian Bullseye
Kernel: 5.4.0-122-generic
Compiler: gcc 10.2.1-6
Fedora 38
Kernel: Depends on container host
Compiler: gcc 13.1.1
Fedora 37
Kernel: Depends on container host system
Compiler: gcc 12.3.1
openSUSE Leap 15
Kernel: 4.18.0-240.10.1.el8_3.x86_64
Compiler: gcc 7.5.0
RHEL8
Kernel: 4.18.0-240.10.1.el8_3.x86_64
Compiler: gcc 8.3.1 20191121 (Red Hat 8.3.1-5)
Ubuntu 22.04
Kernel: 4.18.0-240.10.1.el8_3.x86_64
Compiler: gcc 11.3.0
Ubuntu 20.04
Kernel: 5.4.0-153-generic
Compiler: gcc 9.4.0-1ubuntu1~20.04.1
Windows Server 2019
Kernel: 10.0
Compiler: clang 14.0 and gcc 8.1.0 (MinGW)
To view detailed results, visit:
https://lab.dpdk.org/results/dashboard/patchsets/29462/
UNH-IOL DPDK Community Lab
To manage your email subscriptions, visit:
https://lab.dpdk.org/results/dashboard/preferences/subscriptions/
More information about the test-report
mailing list